Němčany počasí: NOAA reporty

 


NOAA reporty


Report pro 2021 Pros
                   Monthly Climatological Summary for 12 2021

Name: Němčany   City: Němčany   State: Czech Repulic
Elevation: 256 m  Lat: N 49° 10' 12"   Lon: E 016° 54' 59"

                  Temperature (°C), Rain (mm), Wind Speed (m/s)

                                      Heat  Cool        Avg
    Mean                              Deg   Deg         Wind                 Dom
Day Temp  High   Time   Low    Time   Days  Days  Rain  Speed High   Time    Dir
----------------------------------------------------------------------------------
 1   4,2   6,7   23:35   2,0   07:19  13,3   0,0   2,1   1,9   7,8   22:13    JZ
 2   5,8   7,4   11:14   2,7   22:07  11,7   0,0   0,0   1,5   7,8   01:34   ZJZ
 3   1,5   5,9   14:20  -3,0   23:59  16,0   0,0   0,0   1,2   6,5   01:45     Z
 4  -0,1   1,6   16:59  -3,7   01:56  17,6   0,0   0,0   2,3   9,4   10:34    JV
 5   1,0   2,0   13:31   0,3   00:18  16,5   0,0   2,4   1,0   6,1   05:16   JJZ
 6   1,5   3,1   11:17   0,5   23:55  16,0   0,0   4,2   0,8   4,4   17:11   ZJZ
 7  -0,3   3,7   14:06  -2,1   17:58  17,8   0,0   0,3   1,0   5,3   15:02    SV
 8   0,6   4,8   13:32  -2,1   07:48  16,9   0,0   0,0   3,2  10,2   23:55   VSV
 9   0,8   1,8   03:59   0,1   23:35  16,7   0,0  12,9   2,0  11,0   00:31     V
10   0,8   4,9   12:32  -0,9   03:39  16,8   0,0   2,8   2,5  11,4   22:17    JV
11   1,1   3,4   12:36   0,0   07:10  16,4   0,0   0,0   0,9   5,8   00:21     J
12   0,0   5,7   14:08  -5,0   18:25  17,5   0,0   0,0   0,8   6,1   03:22     Z
13   0,5   4,2   12:49  -2,4   00:00  17,0   0,0   0,0   0,3   2,4   11:34   VJV
14   2,2   4,3   13:34   0,5   00:00  15,3   0,0   0,0   0,2   2,4   02:55   SSZ
15   2,9   5,1   13:48   1,4   03:00  14,6   0,0   0,0   0,2   2,4   19:39   VJV
16   5,1   7,5   12:17   2,2   23:43  12,4   0,0   0,3   0,6   4,4   13:11     Z
17   4,7   8,0   12:06   0,6   23:30  12,8   0,0   0,0   2,0  10,2   14:08     Z
18   3,2   5,0   10:38   0,7   00:00  14,3   0,0   0,3   0,9   5,3   10:28   ZJZ
19   5,7   6,8   11:38   4,1   23:58  11,8   0,0   0,6   2,3   8,5   12:30     Z
20   1,6   4,1   00:00  -1,2   06:15  16,0   0,0   0,0   1,9   7,0   07:21     Z
21  -1,0   2,8   12:25  -4,4   06:57  18,6   0,0   0,0   0,7   4,4   13:26    JZ
22  -2,4   3,1   14:22  -6,6   23:30  19,8   0,0   0,0   0,8   4,4   09:32   SSV
23  -3,0  -0,9   14:15  -7,1   01:09  20,5   0,0   0,0   1,8   8,5   22:10   JJZ
24   2,7   7,2   15:49  -2,1   00:00  14,8   0,0   4,8   2,4   7,0   00:25    JZ
25  -0,6   4,1   00:06  -3,6   17:19  18,1   0,0   0,3   4,2  13,9   13:41     V
26  -4,6  -3,5   00:00  -6,8   07:51  22,1   0,0   0,0   3,2  10,6   06:39   VSV
27  -2,3  -0,3   14:30  -4,3   06:59  19,8   0,0   0,0   3,6   8,2   01:07   SSV
28   0,4   1,9   11:24  -0,9   01:40  17,1   0,0   0,0   1,8   8,2   16:40   JJV
29   1,1   2,3   13:03   0,2   00:12  16,4   0,0   4,5   0,9   5,3   02:42   JJZ
30   2,5   4,9   23:14   1,0   00:00  15,0   0,0   2,1   0,1   2,4   22:41   JJV
31   7,2  12,7   14:58   3,9   02:43  10,3   0,0   0,0   0,5   5,3   10:47    JZ
----------------------------------------------------------------------------------
     1,4  12,7    31    -7,1    23   499,9   0,0  37,6   1,5  13,9    25     JJV

Max >=  27,0:  0
Max <=   0,0:  3
Min <=   0,0: 17
Min <= -18,0:  0
Max Rain: 12,9 on day 9
Days of Rain: 9 (>= 0,4 mm)  8 (>= 2,0 mm)  0 (>= 20,0 mm)
Heat Base: 17,5  Cool Base: 17,5  Method: Integration



Poslední aktualizace 22.1.2022 5:50:01

Měšíční a roční statistické protokoly ve fromátu NOAA (National Oceanic and Atmospheric Administration)
Original Author: Ken True webmaster@saratoga-weather.org.
Bodged by beteljuice.