Němčany počasí: NOAA reporty

 


NOAA reporty


Report pro 2021 List
                   Monthly Climatological Summary for 11 2021

Name: Němčany   City: Němčany   State: Czech Repulic
Elevation: 256 m  Lat: N 49° 10' 12"   Lon: E 016° 54' 59"

                  Temperature (°C), Rain (mm), Wind Speed (m/s)

                                      Heat  Cool        Avg
    Mean                              Deg   Deg         Wind                 Dom
Day Temp  High   Time   Low    Time   Days  Days  Rain  Speed High   Time    Dir
----------------------------------------------------------------------------------
 1  11,6  15,9   12:41   7,3   07:07   6,0   0,0   0,6   3,1  10,2   10:15    JV
 2   7,4  10,3   00:00   3,5   23:36  11,5   0,0   8,4   1,5   5,3   06:40    JZ
 3   7,5  11,9   12:40   2,1   03:23  12,0   0,0   6,0   3,5  15,5   18:58   VJV
 4   9,7  12,7   08:29   4,8   23:23   9,0   0,0   8,7   4,3  14,6   09:49   JJZ
 5   5,7   9,8   13:09   1,1   07:24  14,2   0,0   0,0   1,0   6,5   11:53    JZ
 6   4,5  12,7   13:39   0,1   06:38  15,3   0,0   0,0   0,7   6,1   14:22    JZ
 7   5,2  10,1   13:10   0,0   03:11  12,5   0,0   0,0   2,2  10,6   13:23    JZ
 8   7,0  10,2   12:50   3,3   06:06  10,5   0,0   0,0   0,8   6,5   12:50    JZ
 9   6,9  12,8   11:37   2,0   22:07  10,6   0,0   0,0   0,8   7,0   22:53     V
10   7,7  11,8   14:28   5,3   00:08   9,8   0,0   0,0   3,3  10,2   02:49    JV
11   5,9   6,7   01:32   5,4   21:43  11,6   0,0   0,0   1,7   7,8   06:48   JJV
12   5,1   6,2   15:30   1,6   23:54  12,4   0,0   0,0   0,3   3,2   10:55   VJV
13   2,7   4,2   22:58  -0,3   03:26  14,8   0,0   0,6   0,7   8,5   10:10    JV
14   5,2   6,3   11:43   4,1   03:39  12,3   0,0   0,0   0,7   3,7   15:09   VSV
15   5,7   7,9   14:40   4,0   02:32  11,8   0,0   0,3   2,8  11,0   08:15     V
16   7,3  10,5   12:28   4,2   04:32  10,2   0,0   0,0   2,1   9,4   10:36   VJV
17   5,6   6,0   00:58   4,5   00:00  11,9   0,0   0,0   2,0   7,0   07:22   JJV
18   6,8   9,8   14:37   5,2   05:01  10,7   0,0   0,0   1,3   5,8   13:56   ZJZ
19   8,2  10,3   13:30   5,5   01:18   9,3   0,0   0,6   2,3   7,0   12:47   ZJZ
20   8,7  10,2   14:46   5,2   07:02   8,8   0,0   0,0   1,1   4,9   01:52    JZ
21   6,7   8,2   00:00   5,2   23:54  10,8   0,0   0,0   1,7   7,3   09:45    JZ
22   5,7   8,2   11:56   2,8   20:56  11,8   0,0   0,0   1,2   7,3   22:07     V
23   3,3   9,4   14:44  -1,0   04:47  14,2   0,0   0,0   0,7   4,9   13:18     Z
24   3,3   6,4   12:22  -1,2   21:18  14,2   0,0   0,0   0,5   4,1   23:10     J
25   3,0   4,3   18:48   0,6   00:00  14,5   0,0   0,0   2,2   7,3   00:31    JV
26   2,0   3,9   00:00   0,7   23:35  14,9   0,0   6,5   1,0   5,8   10:44     S
27   0,7   2,8   12:32  -2,6   08:07  16,8   0,0   2,1   0,6   4,9   13:26   JJV
28   1,4   2,6   11:57   0,7   18:42  16,1   0,0  10,5   1,1   8,2   07:18   SSV
29   1,3   4,4   14:13  -1,0   23:07  16,2   0,0   0,0   1,2   6,5   00:06   ZJZ
30   0,9   2,9   12:30  -1,0   07:33  16,5   0,0   2,1   3,8  12,6   13:38    JZ
----------------------------------------------------------------------------------
     5,4  15,9     1    -2,6    27   371,2   0,0  46,4   1,7  15,5     3       J

Max >=  27,0:  0
Max <=   0,0:  0
Min <=   0,0:  7
Min <= -18,0:  0
Max Rain: 10,5 on day 28
Days of Rain: 10 (>= 0,4 mm)  7 (>= 2,0 mm)  0 (>= 20,0 mm)
Heat Base: 17,5  Cool Base: 17,5  Method: Integration



Poslední aktualizace 3.12.2021 0:20:01

Měšíční a roční statistické protokoly ve fromátu NOAA (National Oceanic and Atmospheric Administration)
Original Author: Ken True webmaster@saratoga-weather.org.
Bodged by beteljuice.