Němčany počasí: NOAA reporty

 


NOAA reporty


Report pro 2021 Říj
                   Monthly Climatological Summary for 10 2021

Name: Němčany   City: Němčany   State: Czech Repulic
Elevation: 256 m  Lat: N 49° 10' 12"   Lon: E 016° 54' 59"

                  Temperature (°C), Rain (mm), Wind Speed (m/s)

                                      Heat  Cool        Avg
    Mean                              Deg   Deg         Wind                 Dom
Day Temp  High   Time   Low    Time   Days  Days  Rain  Speed High   Time    Dir
----------------------------------------------------------------------------------
 1  11,9  20,1   15:41   4,8   06:13   6,0   0,4   0,0   2,0   7,3   14:21     V
 2  15,3  20,4   15:25  11,9   03:24   2,8   0,6   0,0   3,1  16,0   11:50    JV
 3  16,1  21,5   14:48  11,8   06:41   2,1   0,7   0,0   4,0  10,2   07:34    JV
 4  17,4  23,9   14:55  10,5   07:03   1,7   1,7   0,0   1,6   6,5   13:47     V
 5  19,3  23,9   14:33  14,0   02:23   0,6   2,4   0,0   5,2  14,3   10:07   VJV
 6  13,1  18,4   00:00  10,8   22:34   4,4   0,0  15,3   1,5  12,2   00:08    JV
 7  12,3  14,2   15:42  10,5   01:37   5,2   0,0   0,9   1,4   6,1   23:27     V
 8  10,4  16,3   14:45   7,2   23:58   7,1   0,0   0,3   3,2  11,9   16:19     V
 9   8,3  14,6   15:41   4,1   07:00   9,2   0,0   0,0   3,0  10,6   15:45     V
10   7,4  12,3   14:26   1,9   06:53  10,1   0,0   0,0   1,4   6,5   01:55   VSV
11   8,9  18,4   14:50   3,0   07:31   8,6   0,0   0,0   1,0   7,8   12:36    JZ
12   9,9  15,6   15:53   6,0   06:42   7,6   0,0   0,3   1,1   7,0   16:20   ZJZ
13   7,2  12,0   15:34   3,0   06:30  10,3   0,0   0,0   1,2   7,8   15:45   ZJZ
14   6,9  11,7   14:22   0,3   07:10  10,6   0,0   0,0   1,6   7,8   14:42    JZ
15  10,3  14,2   15:02   7,7   23:57   7,2   0,0   0,3   1,8   8,5   13:33   JJZ
16   9,0  16,5   14:39   3,4   23:58   8,5   0,0   0,3   0,8   4,9   13:34    SV
17   7,4  14,1   13:06   0,7   06:10  10,1   0,0   0,0   0,6   6,1   13:26    JZ
18   8,1  14,7   15:07   3,6   04:27   9,4   0,0   0,6   0,5   7,3   14:52    JZ
19   8,8  15,3   14:36   3,0   05:21   8,7   0,0   0,0   1,4   8,2   11:22    JZ
20  14,2  19,8   15:35  10,6   06:45   3,6   0,3   0,0   1,9   9,4   12:40   JJV
21  12,5  16,8   16:22   7,0   23:07   5,0   0,0   0,6   2,3   9,8   16:16    JZ
22   9,4  14,9   15:30   5,2   23:57   8,0   0,0   0,0   2,2  14,6   13:55    JZ
23   6,2  13,3   13:50   0,4   23:55  11,3   0,0   0,0   1,2   8,5   12:46     Z
24   5,6  15,1   14:45  -2,4   06:45  11,9   0,0   0,0   1,2   8,5   22:38     V
25   8,7  14,5   13:45   3,9   03:50   8,8   0,0   0,0   2,4  11,0   13:01    JV
26   6,4  11,6   13:47   1,3   05:25  11,1   0,0   0,0   0,7   7,3   11:00   JJZ
27   6,7  15,9   14:54  -0,1   07:14  10,8   0,0   0,0   0,7   5,8   14:58    JZ
28   7,9  16,0   14:08   2,0   06:46   9,6   0,0   0,0   1,3   8,5   14:19    JV
29  10,9  16,9   14:29   6,1   00:00   6,6   0,0   0,0   2,7   9,0   13:48   VJV
30  12,4  16,7   14:33   9,3   07:51   5,1   0,0   0,0   5,0  15,1   16:43   VJV
31  12,1  17,3   13:35   7,7   07:10   5,7   0,0   0,0   3,2  17,2   22:20   VJV
----------------------------------------------------------------------------------
    10,4  23,9     4    -2,4    24   227,7   6,1  18,6   2,0  17,2    31      JV

Max >=  27,0:  0
Max <=   0,0:  0
Min <=   0,0:  2
Min <= -18,0:  0
Max Rain: 15,3 on day 6
Days of Rain: 4 (>= 0,4 mm)  1 (>= 2,0 mm)  0 (>= 20,0 mm)
Heat Base: 17,5  Cool Base: 17,5  Method: Integration



Poslední aktualizace 3.12.2021 0:20:01

Měšíční a roční statistické protokoly ve fromátu NOAA (National Oceanic and Atmospheric Administration)
Original Author: Ken True webmaster@saratoga-weather.org.
Bodged by beteljuice.