Němčany počasí: NOAA reporty

 


NOAA reporty


Report pro 2021 Červnc
                   Monthly Climatological Summary for 7 2021

Name: Němčany   City: Němčany   State: Czech Repulic
Elevation: 256 m  Lat: N 49° 10' 12"   Lon: E 016° 54' 59"

                  Temperature (°C), Rain (mm), Wind Speed (m/s)

                                      Heat  Cool        Avg
    Mean                              Deg   Deg         Wind                 Dom
Day Temp  High   Time   Low    Time   Days  Days  Rain  Speed High   Time    Dir
----------------------------------------------------------------------------------
 1  18,2  24,2   16:42  14,9   05:42   0,9   1,6   1,2   2,2  11,0   09:51   ZJZ
 2  17,4  20,7   17:17  14,3   03:43   1,0   0,9   0,9   1,6   6,5   11:05   ZJZ
 3  19,5  25,0   18:17  14,6   23:58   0,7   2,8   0,3   1,2   7,0   12:40   ZSZ
 4  19,5  27,5   15:50  10,5   04:47   1,8   3,8   0,0   1,1   5,8   11:31   JJZ
 5  19,9  26,5   15:36  12,2   04:48   1,4   3,8   0,0   1,8   8,5   13:29   ZJZ
 6  23,2  32,3   17:23  12,9   04:44   1,0   6,8   0,0   1,6   8,5   15:40   JJV
 7  23,7  29,5   15:31  16,9   03:22   0,0   6,2   0,0   2,6   9,0   13:49    JZ
 8  23,6  31,6   16:23  17,2   05:32   0,0   6,1  36,9   3,1   9,8   09:14    SV
 9  21,2  25,2   17:32  16,5   23:57   0,0   3,7   5,6   2,7  12,2   17:40   ZJZ
10  20,1  26,9   16:11  12,0   05:25   1,1   3,8   0,0   1,9   7,3   23:05    SV
11  20,6  25,7   13:16  15,4   05:09   0,3   3,4   0,0   1,9   7,8   05:19   VSV
12  21,3  27,7   18:13  16,7   06:19   0,1   3,9   5,4   1,4  11,0   01:14     J
13  25,3  32,3   16:20  18,1   05:21   0,0   7,8   0,0   3,7   9,8   17:05     V
14  21,0  24,7   19:22  17,9   23:59   0,0   3,5   8,1   1,8   9,8   06:51    SV
15  21,1  28,3   15:44  14,8   05:30   0,5   4,0   0,0   1,2   6,1   14:55     J
16  22,5  30,1   14:46  13,8   05:05   0,7   5,7   0,0   1,1   7,8   17:11   VSV
17  23,6  29,0   15:03  18,0   04:51   0,0   6,1   0,0   2,2  11,0   10:18     V
18  24,1  29,0   15:09  19,9   22:37   0,0   6,6   0,0   2,4  11,0   13:52     V
19  22,4  28,4   15:19  16,5   23:56   0,1   5,0   0,0   1,9   9,4   17:45     V
20  18,1  24,0   14:25  12,5   05:25   1,3   1,9   0,0   1,2   6,1   13:47   ZSZ
21  18,4  25,6   16:15  10,3   05:32   1,9   2,9   0,0   1,1   6,5   15:28     Z
22  20,2  26,9   16:28  13,8   05:27   0,8   3,5   0,0   1,6   6,5   10:09   SSV
23  20,7  28,6   16:57  13,5   05:57   1,0   4,2   0,0   1,3   8,5   15:32    SV
24  22,4  30,3   15:21  12,6   02:52   1,2   6,1   0,0   2,0   8,2   11:58   VJV
25  21,7  28,5   17:09  17,5   23:40   0,0   4,2  27,3   2,4  15,5   21:43     V
26  23,1  30,2   16:28  17,4   06:13   0,0   5,6   0,3   1,8   7,3   11:56     J
27  24,7  31,4   16:34  19,2   05:33   0,0   7,2   0,0   1,6   8,5   00:18    JZ
28  24,0  32,2   15:08  18,5   01:30   0,0   6,5   9,3   1,9   7,3   18:10    JZ
29  22,7  29,7   16:33  16,1   05:57   0,1   5,3   0,0   1,4   9,0   12:33    JZ
30  23,3  30,7   17:26  15,1   05:33   0,3   6,2   0,0   1,7   9,4   14:31    JZ
31  22,5  28,7   17:36  17,0   02:13   0,0   5,1   0,0   1,7   7,3   16:10   ZJZ
----------------------------------------------------------------------------------
    21,6  32,3     6    10,3    21    16,2 144,2  95,3   1,8  15,5    25     JJV

Max >=  27,0: 20
Max <=   0,0:  0
Min <=   0,0:  0
Min <= -18,0:  0
Max Rain: 36,9 on day 8
Days of Rain: 8 (>= 0,4 mm)  6 (>= 2,0 mm)  2 (>= 20,0 mm)
Heat Base: 17,5  Cool Base: 17,5  Method: Integration



Poslední aktualizace 19.10.2021 2:20:01

Měšíční a roční statistické protokoly ve fromátu NOAA (National Oceanic and Atmospheric Administration)
Original Author: Ken True webmaster@saratoga-weather.org.
Bodged by beteljuice.