Němčany počasí: NOAA reporty

 


NOAA reporty


Report pro 2021 Květ
                   Monthly Climatological Summary for 5 2021

Name: Němčany   City: Němčany   State: Czech Repulic
Elevation: 256 m  Lat: N 49° 10' 12"   Lon: E 016° 54' 59"

                  Temperature (°C), Rain (mm), Wind Speed (m/s)

                                      Heat  Cool        Avg
    Mean                              Deg   Deg         Wind                 Dom
Day Temp  High   Time   Low    Time   Days  Days  Rain  Speed High   Time    Dir
----------------------------------------------------------------------------------
 1  13,6  19,5   16:27   9,6   05:23   4,1   0,2   1,8   3,8  12,6   23:04   VSV
 2  10,7  13,7   17:56   6,6   23:56   6,8   0,0   2,4   4,6  16,3   11:20   ZJZ
 3   8,5  14,8   15:32   1,8   23:58   9,0   0,0   0,0   2,5  12,2   10:20   ZJZ
 4  11,6  20,4   15:05   0,5   03:39   6,4   0,5   0,0   3,4  13,1   14:17     J
 5  12,2  18,1   11:30   5,9   23:59   5,3   0,0   1,8   2,5  13,1   12:48    JZ
 6   9,2  15,4   16:13   1,4   06:08   8,3   0,0   0,0   3,8  11,9   15:59     J
 7  10,8  16,3   14:46   4,0   23:38   6,7   0,0   0,0   3,0  13,4   16:43    JZ
 8   9,0  16,8   15:34   0,4   05:18   8,5   0,0   0,0   1,8   9,0   15:19   JJZ
 9  15,7  23,5   16:35   7,3   05:57   3,3   1,4   0,0   3,2  11,4   18:08   VJV
10  19,8  26,6   15:59  13,9   05:27   0,9   3,2   0,0   3,5  11,0   07:39   VJV
11  22,7  29,4   16:09  14,3   01:34   0,2   5,4   0,0   5,0  16,0   13:43   VJV
12  18,3  22,6   10:32  13,4   05:35   0,8   1,5   0,0   2,9  10,6   11:53   JJZ
13  13,2  14,8   13:24  10,7   23:22   4,3   0,0  31,5   1,4   7,3   18:16   JJZ
14  11,7  16,3   19:01   9,3   23:59   5,8   0,0   7,2   2,3   7,8   12:33    JZ
15  12,9  19,6   14:39   5,5   05:03   4,8   0,2   0,6   1,4   8,2   14:53   JJV
16  14,7  19,9   16:28  10,9   00:00   3,1   0,3  13,5   2,2   9,4   10:48   JJZ
17  13,0  14,6   11:37  10,0   23:21   4,5   0,0   3,0   1,1   6,5   13:15    JZ
18  13,1  20,0   17:22   8,2   23:58   4,6   0,2   0,9   2,5  11,4   12:20   ZJZ
19  11,9  17,9   13:41   6,3   02:50   5,6   0,0   0,6   0,9   7,8   18:03     V
20  13,7  19,7   14:07   7,0   23:57   4,0   0,2   0,0   1,7  10,2   12:06    JZ
21  12,9  19,8   15:03   4,3   03:46   5,0   0,4   0,3   1,6   9,0   10:45     J
22  12,5  17,6   16:27   9,6   02:28   5,0   0,0   4,5   2,4   9,8   15:33   JJZ
23  11,4  15,5   19:06   6,1   23:58   6,1   0,0   0,3   1,3   8,5   16:43    JZ
24  11,0  17,7   12:48   3,9   03:09   6,5   0,0   0,6   2,8  12,6   13:08    JV
25  12,1  14,2   15:41   6,1   23:56   5,4   0,0   3,9   2,6  10,2   09:35   JJZ
26  12,6  20,3   15:17   2,5   04:55   5,4   0,5   0,0   2,7  13,1   15:37     J
27  14,5  17,8   12:35  10,0   23:59   3,0   0,0   0,0   1,8   7,8   13:51    JZ
28  12,7  18,7   13:58   4,5   05:02   4,8   0,1   0,0   1,6   8,2   14:06   ZJZ
29  13,0  18,9   15:19   8,1   05:14   4,5   0,0   0,0   1,4   8,5   15:05    SV
30  12,9  18,2   15:46   7,6   04:27   4,6   0,0   0,0   1,7   9,4   11:11   VSV
31  14,2  20,6   15:34   7,5   05:46   3,7   0,4   0,0   1,4   8,2   10:22   VSV
----------------------------------------------------------------------------------
    13,1  29,4    11     0,4     8   151,0  14,5  72,9   2,4  16,3     2       J

Max >=  27,0:  1
Max <=   0,0:  0
Min <=   0,0:  0
Min <= -18,0:  0
Max Rain: 31,5 on day 13
Days of Rain: 13 (>= 0,4 mm)  7 (>= 2,0 mm)  1 (>= 20,0 mm)
Heat Base: 17,5  Cool Base: 17,5  Method: Integration



Poslední aktualizace 19.10.2021 1:40:01

Měšíční a roční statistické protokoly ve fromátu NOAA (National Oceanic and Atmospheric Administration)
Original Author: Ken True webmaster@saratoga-weather.org.
Bodged by beteljuice.