Němčany počasí: NOAA reporty

 


NOAA reporty


Report pro 2021 Dub
                   Monthly Climatological Summary for 4 2021

Name: Němčany   City: Němčany   State: Czech Repulic
Elevation: 256 m  Lat: N 49° 10' 12"   Lon: E 016° 54' 59"

                  Temperature (°C), Rain (mm), Wind Speed (m/s)

                                      Heat  Cool        Avg
    Mean                              Deg   Deg         Wind                 Dom
Day Temp  High   Time   Low    Time   Days  Days  Rain  Speed High   Time    Dir
----------------------------------------------------------------------------------
 1  15,3  26,0   15:36   6,3   06:28   4,0   1,8   0,0   1,6  10,2   19:32    JZ
 2  10,9  13,4   14:39   7,2   23:59   6,6   0,0   0,0   1,9   7,3   13:13   VSV
 3   6,9  12,5   14:48   3,5   22:56  10,6   0,0   0,0   2,4  12,6   13:10   ZJZ
 4   5,0   9,8   17:49  -1,5   23:52  12,5   0,0   0,0   1,0   5,8   09:45    SV
 5   6,6  17,2   14:46  -3,1   06:44  10,9   0,0   0,0   4,4  16,7   13:40   JJZ
 6   2,2   7,3   12:24  -2,8   22:22  15,3   0,0   0,3   3,3  12,6   17:20   ZJZ
 7   0,9   7,8   13:46  -4,4   05:17  16,6   0,0   0,0   2,3  11,4   13:53   ZJZ
 8   3,3   9,9   16:58  -3,0   23:58  14,2   0,0   0,0   3,2  17,2   13:01   ZJZ
 9   5,9  15,0   15:48  -5,8   05:55  11,6   0,0   0,0   3,1  12,2   11:01   JJV
10  11,7  19,8   15:54   1,0   06:07   6,0   0,2   0,0   3,1   9,4   10:45    JV
11  12,5  17,7   15:30   6,6   06:15   5,1   0,0   0,0   3,9  13,1   09:51   VJV
12  10,1  19,4   13:37   2,1   23:58   7,5   0,1   9,3   2,0   9,4   16:28     J
13   3,0   4,6   13:53   1,2   01:27  14,5   0,0   9,9   1,7   7,8   18:25   JJV
14   5,5   9,8   15:30   2,4   01:31  12,0   0,0   1,5   2,8  12,2   09:24   ZJZ
15   4,0   6,3   11:50   0,3   04:55  13,5   0,0   0,0   2,1   9,4   13:19   ZJZ
16   4,7   7,6   12:39   1,4   00:27  12,8   0,0   0,0   1,8   6,5   14:05   ZJZ
17   5,8   7,8   15:15   4,3   04:08  11,7   0,0   0,0   0,7   4,4   17:39    SZ
18   7,7  11,5   14:50   5,0   00:03   9,8   0,0   0,0   1,3   7,3   15:45   VSV
19   8,6  12,4   16:53   5,0   23:54   8,9   0,0   0,6   1,6   8,5   13:15   VSV
20  11,2  17,4   16:20   4,6   00:13   6,3   0,0   0,0   1,9   9,8   12:49    SV
21   9,6  17,7   16:47   1,9   05:03   7,9   0,0   2,1   1,4   7,8   14:07   JJZ
22   9,8  14,1   14:22   5,1   23:58   7,7   0,0   1,5   1,9   9,4   10:05     Z
23   7,4  14,6   16:22   0,1   05:16  10,1   0,0   0,0   2,2   9,8   14:10   ZJZ
24   8,4  17,2   17:16  -0,7   06:15   9,1   0,0   0,0   1,7   9,4   14:51   JJZ
25   9,0  14,2   14:09   3,2   23:59   8,5   0,0   0,0   2,2  10,2   14:13     S
26   7,0  14,6   16:06  -2,2   06:15  10,5   0,0   0,0   1,5   8,5   22:05     V
27   8,7  16,1   17:55   1,6   05:03   8,8   0,0   0,0   3,1  10,6   11:31    SV
28  11,9  18,5   15:56   3,8   06:24   5,7   0,1   0,0   3,4  10,6   10:31     V
29  13,7  20,8   15:47   6,2   01:39   4,3   0,4   2,7   2,0   8,2   13:44   JJV
30  15,1  21,4   17:18  10,9   06:16   3,1   0,7   0,0   1,5   7,0   12:24     J
----------------------------------------------------------------------------------
     8,1  26,0     1    -5,8     9   286,1   3,3  27,9   2,2  17,2     8       J

Max >=  27,0:  0
Max <=   0,0:  0
Min <=   0,0:  8
Min <= -18,0:  0
Max Rain: 9,9 on day 13
Days of Rain: 7 (>= 0,4 mm)  4 (>= 2,0 mm)  0 (>= 20,0 mm)
Heat Base: 17,5  Cool Base: 17,5  Method: Integration



Poslední aktualizace 20.9.2021 12:50:01

Měšíční a roční statistické protokoly ve fromátu NOAA (National Oceanic and Atmospheric Administration)
Original Author: Ken True webmaster@saratoga-weather.org.
Bodged by beteljuice.