Němčany počasí: NOAA reporty

 


NOAA reporty


Report pro 2021 Led
                   Monthly Climatological Summary for 1 2021

Name: Němčany   City: Němčany   State: Czech Repulic
Elevation: 256 m  Lat: N 49° 10' 12"   Lon: E 016° 54' 59"

                  Temperature (°C), Rain (mm), Wind Speed (m/s)

                                      Heat  Cool        Avg
    Mean                              Deg   Deg         Wind                 Dom
Day Temp  High   Time   Low    Time   Days  Days  Rain  Speed High   Time    Dir
----------------------------------------------------------------------------------
 1  -0,5   0,9   21:43  -2,3   00:00  18,1   0,0   0,3   0,9   5,8   23:47    SV
 2   3,1   8,2   13:57   0,9   00:00  14,4   0,0   0,0   2,0   6,1   06:36   SSV
 3   5,5   6,8   14:09   3,7   00:18  12,0   0,0   4,8   2,9   8,5   03:34     V
 4   5,1   5,6   13:33   4,1   23:52  12,4   0,0   1,5   1,5   7,3   23:15   SSV
 5   3,1   4,2   00:31   2,0   23:54  14,4   0,0   3,3   1,5   8,2   00:21   VSV
 6   1,6   2,3   01:50   0,8   20:38  16,0   0,0   7,2   1,2   4,9   07:18     S
 7   0,9   1,9   14:12   0,0   08:18  16,6   0,0   0,9   1,3   4,9   11:56   JJZ
 8   0,9   3,7   14:28  -0,4   07:52  16,6   0,0   3,0   0,9   5,8   13:32   JJZ
 9   0,8   4,0   12:05  -0,7   20:06  16,6   0,0   1,2   0,6   3,7   11:10   JJZ
10  -0,4   4,0   13:46  -3,4   06:36  17,9   0,0   0,0   0,6   3,7   13:10    SZ
11  -2,5   2,7   13:40  -6,3   07:56  20,1   0,0   0,0   0,4   3,2   12:21   JJZ
12  -2,2   1,7   23:03  -4,9   04:53  19,8   0,0   5,0   3,0   6,5   03:54     J
13   0,0   2,5   13:14  -4,0   07:32  17,5   0,0   0,0   1,9   7,8   12:21   JJZ
14  -0,1   3,6   12:25  -2,9   05:32  17,7   0,0   1,2   1,8   9,0   15:23    JZ
15  -1,4   1,3   10:30  -5,1   23:10  19,0   0,0   0,0   1,0   6,5   11:15    SV
16  -2,8   0,5   13:34  -5,1   00:00  20,5   0,0   0,0   2,4   8,2   14:25   ZJZ
17  -5,0  -0,8   12:22 -10,2   22:47  22,6   0,0   0,0   1,8   7,0   06:20   SSV
18  -6,6  -3,7   23:40 -10,0   00:00  24,2   0,0   0,0   0,4   4,4   09:05   SSZ
19   0,9   3,2   13:41  -3,7   00:00  16,6   0,0   0,9   2,1  12,2   18:35   JJZ
20   3,9   8,6   15:34  -1,7   07:46  13,6   0,0   0,3   1,4   6,5   21:58   JJV
21   4,6   8,8   11:56   0,9   20:19  12,9   0,0   0,0   1,6   7,0   02:08    JV
22   7,3  11,6   14:38   2,1   00:00  10,2   0,0   0,0   1,8  10,6   23:47     V
23   6,3   8,9   02:29   1,4   22:44  11,2   0,0   0,0   5,0  18,0   06:52    JV
24   1,5   3,8   15:05  -0,3   21:56  16,0   0,0   3,9   1,4   6,5   11:53   JJZ
25   1,8   4,1   12:45   0,4   00:27  15,8   0,0   0,0   1,1   7,8   11:30   ZJZ
26   0,5   4,3   13:35  -1,1   22:37  17,1   0,0   0,0   1,5   8,2   12:42    JZ
27   0,2   3,7   13:40  -3,1   23:51  17,4   0,0   0,6   0,8   7,3   04:36   JJZ
28   0,0   2,9   15:36  -3,6   02:06  17,5   0,0   0,3   1,0   5,3   15:34   JJV
29   2,0   4,1   22:28   0,7   06:30  15,6   0,0   7,8   0,6   5,8   17:19     J
30   2,7   7,5   10:33  -0,9   22:24  14,9   0,0   1,2   2,4   8,5   10:32   JJZ
31  -1,8   1,7   15:18  -5,2   22:52  19,2   0,0   0,0   2,5   8,2   09:32    SV
----------------------------------------------------------------------------------
     0,9  11,6    22   -10,2    17   514,4   0,0  43,4   1,6  18,0    23     JJV

Max >=  27,0:  0
Max <=   0,0:  2
Min <=   0,0: 21
Min <= -18,0:  0
Max Rain: 7,8 on day 29
Days of Rain: 14 (>= 0,4 mm)  7 (>= 2,0 mm)  0 (>= 20,0 mm)
Heat Base: 17,5  Cool Base: 17,5  Method: Integration



Poslední aktualizace 10.4.2021 17:20:01

Měšíční a roční statistické protokoly ve fromátu NOAA (National Oceanic and Atmospheric Administration)
Original Author: Ken True webmaster@saratoga-weather.org.
Bodged by beteljuice.