Němčany počasí: NOAA reporty

 


NOAA reporty


Report pro 2020 Pros
                   Monthly Climatological Summary for 12 2020

Name: Němčany   City: Němčany   State: Czech Repulic
Elevation: 256 m  Lat: N 49° 10' 12"   Lon: E 016° 54' 59"

                  Temperature (°C), Rain (mm), Wind Speed (m/s)

                                      Heat  Cool        Avg
    Mean                              Deg   Deg         Wind                 Dom
Day Temp  High   Time   Low    Time   Days  Days  Rain  Speed High   Time    Dir
----------------------------------------------------------------------------------
 1  -0,9   2,8   14:30  -4,3   23:53  18,4   0,0   0,0   1,5   6,5   11:32   VJV
 2  -2,2   0,9   13:52  -5,3   03:33  19,8   0,0   0,0   1,3   5,3   20:17   SSV
 3   0,4   2,5   23:59  -0,5   06:28  17,1   0,0   0,0   1,4   7,0   22:54   VJV
 4   3,9   5,7   23:58   2,5   00:00  13,7   0,0   6,0   5,3  17,5   14:29   VJV
 5   8,3  11,3   13:55   5,7   00:00   9,2   0,0   0,0   4,4  13,9   02:16   VJV
 6   9,8  12,1   14:47   7,5   02:17   7,7   0,0   0,0   5,4  16,0   13:18   VJV
 7   7,8  10,3   00:00   5,9   23:26   9,8   0,0   1,2   5,7  13,1   00:41   VJV
 8   5,2   5,9   00:00   4,7   13:27  12,3   0,0   0,0   3,6  11,0   04:18   VJV
 9   3,1   6,5   11:22   0,9   22:22  14,4   0,0   0,0   3,6  10,6   19:32     S
10   0,0   1,0   00:47  -0,5   07:19  17,5   0,0   0,0   2,9   9,8   04:06   VSV
11   2,1   3,6   12:39  -0,2   00:00  15,4   0,0   2,1   2,3   9,4   16:20   VJV
12   2,4   2,8   13:36   1,8   03:28  15,1   0,0   1,8   2,5   8,5   06:14   VJV
13   2,8   3,7   13:21   2,0   05:30  14,7   0,0   0,0   0,3   3,7   13:46     V
14   3,6   8,0   12:54   1,4   17:51  13,9   0,0   0,0   0,5   4,1   20:15    JV
15   2,4   3,5   03:05   1,7   22:34  15,1   0,0   0,3   2,9   8,2   05:37   VJV
16   2,8   3,6   12:04   1,8   00:00  14,7   0,0   0,0   0,6   4,4   03:23   VJV
17   3,1   3,5   10:53   2,3   23:16  14,5   0,0   0,0   1,5   4,9   16:50     J
18   2,6   3,2   12:10   2,0   20:23  15,0   0,0   0,3   0,8   4,4   23:07     J
19   2,8   3,2   11:55   2,2   00:00  14,8   0,0   0,9   1,6   6,1   11:15    JV
20   2,9   3,3   13:59   2,3   04:16  14,7   0,0   1,8   1,5   5,8   10:00   VJV
21   3,1   3,3   03:14   2,9   08:34  14,4   0,0   1,8   0,7   4,4   22:27   JJV
22   4,3   5,7   21:03   3,2   00:03  13,2   0,0   2,1   2,5   7,0   12:18     J
23   7,5   9,6   16:03   5,4   00:03  10,0   0,0   3,0   0,2   4,1   17:28     V
24   6,7   8,1   00:43   3,7   21:49  10,8   0,0  10,2   1,0   4,9   00:48   JJZ
25   2,9   4,8   12:44   0,3   07:49  14,6   0,0   0,0   0,6   4,4   00:54    JZ
26   0,2   2,0   13:14  -2,8   20:09  17,4   0,0   0,0   1,0   5,3   11:29   ZJZ
27  -0,8   2,8   13:58  -4,9   03:09  18,4   0,0   0,0   2,2  10,6   14:13   VJV
28   3,4   7,0   20:47   1,3   00:32  14,1   0,0   3,0   5,8  16,3   19:15   VJV
29   4,4   8,9   12:07   1,8   17:54  13,3   0,0   9,3   1,8  12,2   00:17   JJV
30   3,3   5,1   13:05  -0,6   23:56  14,3   0,0   0,0   0,3   3,2   08:41   JJZ
31  -0,5   6,1   14:28  -2,9   20:59  18,1   0,0   0,0   1,3   6,5   20:39     S
----------------------------------------------------------------------------------
     3,1  12,1     6    -5,3     2   446,4   0,0  43,8   2,2  17,5     4     VJV

Max >=  27,0:  0
Max <=   0,0:  0
Min <=   0,0:  9
Min <= -18,0:  0
Max Rain: 10,2 on day 24
Days of Rain: 12 (>= 0,4 mm)  7 (>= 2,0 mm)  0 (>= 20,0 mm)
Heat Base: 17,5  Cool Base: 17,5  Method: Integration



Poslední aktualizace 20.9.2021 12:20:01

Měšíční a roční statistické protokoly ve fromátu NOAA (National Oceanic and Atmospheric Administration)
Original Author: Ken True webmaster@saratoga-weather.org.
Bodged by beteljuice.