Němčany počasí: NOAA reporty

 


NOAA reporty


Report pro 2020 Říj
                   Monthly Climatological Summary for 10 2020

Name: Němčany   City: Němčany   State: Czech Repulic
Elevation: 256 m  Lat: N 49° 10' 12"   Lon: E 016° 54' 59"

                  Temperature (°C), Rain (mm), Wind Speed (m/s)

                                      Heat  Cool        Avg
    Mean                              Deg   Deg         Wind                 Dom
Day Temp  High   Time   Low    Time   Days  Days  Rain  Speed High   Time    Dir
----------------------------------------------------------------------------------
 1  13,8  17,7   15:11  11,8   04:16   3,7   0,0   0,3   0,8   4,4   15:28   JJV
 2  14,9  20,3   14:05   9,1   05:02   2,9   0,3   0,0   2,9  13,4   23:38   VJV
 3  19,7  25,0   15:55  16,1   06:24   0,3   2,5   6,9   7,0  16,7   15:15   VJV
 4  17,5  21,2   15:36  14,2   23:56   0,8   0,7   4,8   6,0  17,2   05:45   VJV
 5  14,0  18,4   10:09   9,1   23:25   3,5   0,0   0,6   3,0  10,2   09:57   VJV
 6  12,9  20,1   14:52   5,9   07:11   4,9   0,3   0,0   1,3   6,5   13:29   JJV
 7  13,4  17,5   13:19  11,0   07:17   4,1   0,0   0,0   1,7   9,0   15:31   ZJZ
 8  12,5  19,1   15:22   8,0   21:28   5,2   0,2   0,0   1,4   7,8   12:11   ZJZ
 9  12,4  20,3   15:15   6,9   02:23   5,4   0,3   0,0   0,6   4,4   12:05     J
10  12,7  20,3   16:21   8,5   07:20   5,1   0,3   7,5   1,0  13,1   17:34   JJZ
11  10,4  14,5   11:50   8,0   23:00   7,1   0,0   9,3   1,2   6,1   12:05   VJV
12   7,1   8,7   15:12   5,4   07:11  10,4   0,0  16,2   1,5   7,0   00:57     J
13   6,5   7,4   11:56   5,0   23:28  10,9   0,0  18,0   2,0  10,2   20:15   JJZ
14   6,2   7,2   23:49   4,0   01:38  11,3   0,0  10,8   3,8   9,4   03:12    JZ
15   9,6  13,8   11:42   0,0   22:39   7,9   0,0   0,0   1,5   7,0   00:28     J
16   7,3   8,3   01:18   6,7   21:41  10,3   0,0   5,7   2,2   6,5   15:36    JV
17   7,7  10,0   15:11   6,1   23:57   9,8   0,0   2,1   1,1   5,3   13:51   JJZ
18   7,9  12,0   14:43   4,7   02:40   9,7   0,0   0,0   1,1   7,0   11:41    JZ
19   8,1  13,9   13:22   4,2   23:54   9,4   0,0   0,0   0,8   5,3   14:15     J
20   9,7  15,9   13:55   2,9   07:27   7,9   0,0   0,0   2,7  10,6   14:37   VJV
21  10,7  15,2   15:07   7,1   23:23   6,9   0,0   0,0   2,3   8,2   14:32   VJV
22  10,0  17,2   15:07   4,3   07:26   7,5   0,0   0,0   1,1   6,5   13:31   JJZ
23   9,3  14,3   14:15   5,4   02:32   8,2   0,0   0,0   0,4   4,1   15:56   JJZ
24  11,6  17,7   15:46   9,4   03:56   5,9   0,0   1,5   1,4   4,4   06:38     J
25  10,9  12,6   14:28   0,0   05:56   6,6   0,0   0,0   0,9   3,7   11:27    SV
26  12,9  15,8   14:41  11,0   23:49   4,6   0,0   0,0   3,0   9,4   09:05   VJV
27  10,4  11,4   09:59   9,1   22:06   7,2   0,0   0,3   0,7   4,4   14:41   JJZ
28  10,0  15,5   14:17   7,0   23:07   7,5   0,0   0,0   0,8   5,8   12:14   JJZ
29   7,8  12,1   13:46   3,7   23:28   9,8   0,0   3,6   1,1   8,5   14:48    JZ
30   7,9  12,4   23:41   3,6   04:46   9,6   0,0   6,3   0,9   6,1   23:26    JZ
31  12,4  15,7   12:57   7,7   23:11   5,1   0,0   0,0   2,0   8,2   03:29   ZJZ
----------------------------------------------------------------------------------
    10,9  25,0     3     0,0    15   209,5   4,6  93,9   1,9  17,2     4     JJV

Max >=  27,0:  0
Max <=   0,0:  0
Min <=   0,0:  2
Min <= -18,0:  0
Max Rain: 18,0 on day 13
Days of Rain: 13 (>= 0,4 mm)  11 (>= 2,0 mm)  0 (>= 20,0 mm)
Heat Base: 17,5  Cool Base: 17,5  Method: Integration



Poslední aktualizace 23.6.2021 5:10:01

Měšíční a roční statistické protokoly ve fromátu NOAA (National Oceanic and Atmospheric Administration)
Original Author: Ken True webmaster@saratoga-weather.org.
Bodged by beteljuice.