Němčany počasí: NOAA reporty

 


NOAA reporty


Report pro 2020 Zář
                   Monthly Climatological Summary for 9 2020

Name: Němčany   City: Němčany   State: Czech Repulic
Elevation: 256 m  Lat: N 49° 10' 12"   Lon: E 016° 54' 59"

                  Temperature (°C), Rain (mm), Wind Speed (m/s)

                                      Heat  Cool        Avg
    Mean                              Deg   Deg         Wind                 Dom
Day Temp  High   Time   Low    Time   Days  Days  Rain  Speed High   Time    Dir
----------------------------------------------------------------------------------
 1  14,0  15,6   00:00  12,3   23:52   3,5   0,0  23,4   2,4   9,8   11:41     J
 2  14,7  22,3   15:31   8,5   06:47   3,5   0,8   0,0   1,2   7,3   16:08     J
 3  16,0  23,8   17:05   9,6   06:31   3,0   1,5   0,0   1,1   6,5   12:05   JJZ
 4  16,3  25,7   15:53   8,4   03:40   3,3   2,1   0,0   1,0   5,8   15:14     J
 5  20,8  28,3   16:19  13,1   06:05   1,1   4,5   0,0   1,7  11,4   13:05   JJV
 6  16,9  20,4   00:00  14,2   23:39   0,8   0,2  17,7   1,4   5,3   00:57   VSV
 7  16,1  21,1   14:28  11,3   23:54   2,3   0,8   1,5   1,1   5,8   11:52   VSV
 8  15,1  23,3   15:42   7,7   06:26   3,8   1,4   0,0   1,2   6,5   14:51     J
 9  17,0  25,8   15:38   9,2   05:52   3,0   2,5   0,0   1,1   7,0   14:48     J
10  16,7  23,5   14:16  10,7   06:30   2,4   1,6   0,0   1,2   6,1   15:15   VSV
11  16,7  23,1   15:36  12,8   01:26   2,0   1,2   0,0   1,6   6,1   04:15    SV
12  19,3  27,8   16:12  12,7   05:55   1,5   3,3   0,0   1,4   7,8   13:56   JJV
13  20,0  29,7   15:58  12,8   06:29   1,4   3,9   0,0   0,7   5,3   14:12   JJZ
14  21,2  30,7   16:10  14,0   05:33   0,9   4,6   0,0   1,0   4,4   09:24    SV
15  22,0  30,5   15:32  15,3   05:21   0,3   4,8   0,0   1,5   6,5   14:51     V
16  21,5  28,8   13:58  14,7   06:42   0,6   4,7   0,0   1,7   9,0   12:49     J
17  17,5  23,1   11:20  10,0   23:24   1,2   1,2   0,0   2,1   9,0   12:05   VSV
18  13,7  20,8   15:30   7,5   05:20   4,3   0,5   0,0   2,8  10,6   14:29   VSV
19  14,5  23,0   13:59   6,3   05:33   4,3   1,3   0,0   1,4   6,5   09:05   VSV
20  16,3  24,7   14:58  10,0   06:42   3,1   1,9   0,0   2,1   6,5   04:30   VSV
21  17,8  26,1   15:07  11,3   06:06   2,3   2,6   0,0   2,9   9,4   14:32   VSV
22  20,7  27,1   14:21  12,7   04:33   0,6   3,7   0,0   2,9  11,4   12:43   VJV
23  19,1  25,5   15:23  13,3   06:51   0,7   2,3   0,0   2,3   8,5   14:38   VJV
24  19,6  25,7   15:18  15,6   05:54   0,5   2,6   0,0   1,9   7,8   14:54   JJV
25  16,4  18,6   01:29  13,6   21:12   1,3   0,1   5,7   2,8  11,9   04:40   VJV
26   9,9  13,7   00:00   6,3   23:20   7,6   0,0  14,4   2,8  10,2   11:18    JZ
27   8,9  16,5   16:38   3,9   06:48   8,6   0,0   0,0   1,3   5,3   10:05     J
28   9,6  11,4   15:05   6,5   00:36   7,9   0,0   9,0   2,6   8,2   08:58     S
29  11,9  14,5   12:16  10,2   06:56   5,6   0,0   0,3   1,9   7,3   12:05    JZ
30  13,8  18,3   14:05  11,7   03:20   3,7   0,0   0,0   2,2   9,0   13:36    JZ
----------------------------------------------------------------------------------
    16,5  30,7    14     3,9    27    85,1  54,1  72,0   1,8  11,9    25      JV

Max >=  27,0:  7
Max <=   0,0:  0
Min <=   0,0:  0
Min <= -18,0:  0
Max Rain: 23,4 on day 1
Days of Rain: 6 (>= 0,4 mm)  5 (>= 2,0 mm)  1 (>= 20,0 mm)
Heat Base: 17,5  Cool Base: 17,5  Method: Integration



Poslední aktualizace 23.10.2020 12:40:01

Měšíční a roční statistické protokoly ve fromátu NOAA (National Oceanic and Atmospheric Administration)
Original Author: Ken True webmaster@saratoga-weather.org.
Bodged by beteljuice.