Němčany počasí: NOAA reporty

 


NOAA reporty


Report pro 2020 Srp
                   Monthly Climatological Summary for 8 2020

Name: Němčany   City: Němčany   State: Czech Repulic
Elevation: 256 m  Lat: N 49° 10' 12"   Lon: E 016° 54' 59"

                  Temperature (°C), Rain (mm), Wind Speed (m/s)

                                      Heat  Cool        Avg
    Mean                              Deg   Deg         Wind                 Dom
Day Temp  High   Time   Low    Time   Days  Days  Rain  Speed High   Time    Dir
----------------------------------------------------------------------------------
 1  21,8  29,7   16:30  11,6   05:48   0,8   5,1   0,0   1,7   5,8   15:52    SV
 2  21,3  27,8   13:28  12,8   05:02   0,8   4,6   0,0   1,7   7,3   23:11     V
 3  18,9  21,0   16:18  17,1   11:06   0,0   1,4   8,4   1,7   5,8   01:02   VSV
 4  16,4  18,4   14:49  14,5   23:08   1,4   0,1  16,8   2,4   9,0   05:26     V
 5  17,7  23,5   16:13  14,5   00:00   1,2   1,4   0,0   2,2   8,5   11:40   VSV
 6  20,9  26,7   16:28  16,0   02:23   0,3   3,8   0,0   2,8   8,5   08:03   VSV
 7  24,6  33,7   17:58  16,5   05:22   0,1   7,6   0,0   2,0   7,8   12:46    SV
 8  25,2  33,7   15:54  17,0   05:09   0,0   7,8   0,0   1,5   6,5   16:59   SSV
 9  25,7  33,0   15:42  18,9   05:09   0,0   8,2   0,0   2,0   9,0   14:47    SV
10  24,9  32,8   15:17  17,5   05:33   0,0   7,5   0,0   2,1   9,4   13:41    SV
11  24,5  31,8   14:50  18,7   23:34   0,0   7,0   0,0   1,3   7,8   15:55   VSV
12  24,4  32,6   17:12  17,4   01:38   0,0   6,9   0,0   2,0   8,2   09:39   VSV
13  24,5  32,0   16:45  17,2   05:36   0,0   7,0   0,0   1,7   6,5   06:14     V
14  21,7  29,5   14:12  16,7   06:06   0,1   4,3   0,6   1,6  12,2   16:35    JV
15  20,8  26,7   14:39  17,7   05:40   0,0   3,3  15,9   0,7   5,3   16:43   SSZ
16  22,3  30,5   17:06  15,0   05:25   0,3   5,1   0,0   1,4   7,0   10:25   VSV
17  20,6  25,9   15:04  16,0   04:40   0,3   3,3   0,0   1,7   6,1   05:57   VSV
18  19,4  24,7   16:17  16,6   05:27   0,1   2,0   5,7   0,8   5,3   10:53   JJZ
19  19,9  26,4   15:38  15,1   23:52   0,3   2,7   0,3   1,5   8,2   16:34    SV
20  20,6  29,3   16:06  12,5   05:41   1,3   4,4   0,0   1,0   6,5   15:05     J
21  23,1  31,5   16:22   0,0   00:01   0,6   6,3   0,0   1,5   7,3   16:49   VJV
22  23,7  33,3   15:44  16,9   04:45   0,1   6,3   3,3   1,2   7,0   18:28    JV
23  21,9  28,0   14:34  17,6   07:09   0,0   4,4   1,2   1,6   9,0   12:39   ZJZ
24  20,0  27,0   14:51  13,6   06:11   0,8   3,2   0,0   1,2   8,2   14:05   JJZ
25  18,9  26,7   16:37  12,1   05:40   1,7   3,1   0,0   1,2  10,6   14:39    JZ
26  21,2  30,0   15:12  13,6   00:56   1,0   4,7   0,0   3,2  16,0   13:27   JJZ
27  19,7  25,0   15:12  12,3   23:47   0,5   2,8   0,0   2,5  11,0   00:51   ZJZ
28  19,7  28,5   15:14   9,1   05:27   2,4   4,6   0,0   2,5   9,8   22:10    JV
29  21,1  26,0   16:28  17,6   23:46   0,0   3,6   1,2   1,6   8,2   00:00   VSV
30  21,1  29,3   15:34  16,6   05:43   0,1   3,7   8,4   3,2  11,4   15:38   VJV
31  17,1  21,3   14:41  14,0   06:23   1,1   0,6   0,0   2,7  13,4   10:21    JZ
----------------------------------------------------------------------------------
    21,4  33,7     7     0,0    21    15,3 136,8  61,8   1,8  16,0    26       V

Max >=  27,0: 19
Max <=   0,0:  0
Min <=   0,0:  1
Min <= -18,0:  0
Max Rain: 16,8 on day 4
Days of Rain: 9 (>= 0,4 mm)  6 (>= 2,0 mm)  0 (>= 20,0 mm)
Heat Base: 17,5  Cool Base: 17,5  Method: Integration



Poslední aktualizace 23.10.2020 12:30:02

Měšíční a roční statistické protokoly ve fromátu NOAA (National Oceanic and Atmospheric Administration)
Original Author: Ken True webmaster@saratoga-weather.org.
Bodged by beteljuice.