Němčany počasí: NOAA reporty

 


NOAA reporty


Report pro 2020 Červnc
                   Monthly Climatological Summary for 7 2020

Name: Němčany   City: Němčany   State: Czech Repulic
Elevation: 256 m  Lat: N 49° 10' 12"   Lon: E 016° 54' 59"

                  Temperature (°C), Rain (mm), Wind Speed (m/s)

                                      Heat  Cool        Avg
    Mean                              Deg   Deg         Wind                 Dom
Day Temp  High   Time   Low    Time   Days  Days  Rain  Speed High   Time    Dir
----------------------------------------------------------------------------------
 1  22,3  30,4   17:16  12,4   04:51   1,0   5,8   0,0   1,6   7,8   11:10     J
 2  22,0  30,5   14:27  16,2   23:54   0,1   4,6   0,0   1,5   8,2   17:05   JJZ
 3  19,1  26,0   16:15  13,8   03:09   1,0   2,6   1,5   1,3   9,0   16:56   ZJZ
 4  19,7  27,8   16:16  10,7   05:02   1,8   4,0   0,0   0,9   5,3   16:26   JJZ
 5  21,4  30,2   15:45  11,5   05:06   1,4   5,4   0,0   1,6   7,3   15:48   JJZ
 6  21,5  28,9   13:09  15,0   05:22   0,3   4,3   0,0   2,3  14,3   16:26    JZ
 7  16,8  21,4   18:05   9,8   23:56   1,5   0,9   0,0   1,9   7,8   08:25     Z
 8  16,2  25,9   14:32   8,5   01:52   2,9   1,7   2,7   1,5   9,0   13:25     J
 9  19,4  26,4   17:23  14,2   01:27   1,0   3,0   0,0   1,2   7,3   14:23     J
10  24,3  32,7   15:37  13,5   05:20   0,7   7,5   0,0   2,3  12,2   22:18    JV
11  15,6  20,6   00:00  11,0   23:56   2,4   0,5  15,3   2,1  13,9   00:39   VSV
12  15,4  23,8   15:47   7,5   05:43   3,5   1,4   0,3   1,1   7,3   15:55   VSV
13  16,1  22,7   16:49   8,3   04:39   2,8   1,5   0,0   1,5   6,1   14:05    SV
14  17,3  25,1   17:30   8,1   04:40   2,8   2,6   0,0   1,6   6,5   13:52     V
15  18,7  26,7   16:33   9,9   04:52   2,0   3,1   0,0   2,0   9,4   11:50     J
16  17,0  20,9   12:25  14,0   23:42   1,1   0,6  14,2   1,3   5,8   13:05   JJZ
17  16,4  22,0   17:12   9,7   05:17   2,4   1,3   0,3   1,2   7,0   15:22   VSV
18  16,3  19,4   17:27  13,5   02:47   1,5   0,3  14,1   1,5   6,1   08:39     V
19  19,8  26,9   16:38  14,2   03:09   0,8   3,1   0,0   0,7   5,8   13:50   VSV
20  20,0  28,3   13:30  14,3   05:30   0,6   3,1  16,2   1,2  11,9   16:02   JJV
21  19,6  25,6   17:33  15,9   04:55   0,2   2,3   8,7   1,8   7,3   02:45    SV
22  20,6  27,4   16:17  14,6   04:16   0,6   3,7   0,0   1,6   6,5   08:57    SV
23  20,8  28,8   16:27  13,6   05:18   0,9   4,2   0,0   1,9   6,1   01:15   SSV
24  20,0  28,4   14:18  14,3   04:28   0,8   3,3   0,6   1,9   7,8   13:59    JV
25  20,2  28,3   15:05  13,9   04:40   0,9   3,6   0,0   1,1   7,8   15:53    SV
26  20,4  28,0   12:35  13,5   05:10   0,9   3,8   0,0   1,3  12,2   16:20     J
27  21,4  29,7   14:46  13,5   05:35   1,0   4,9   0,0   1,2   6,1   17:30     J
28  24,0  34,0   16:32  14,9   05:20   0,6   7,0   0,0   2,0  13,4   19:56     J
29  23,3  30,3   16:33  16,3   23:59   0,0   5,9   0,0   1,7   9,0   12:43   ZJZ
30  22,4  31,4   17:06  12,2   05:14   1,2   6,0   0,0   1,2   6,1   11:45    SZ
31  23,0  30,9   15:18  14,6   06:06   0,6   6,0   0,0   1,6   7,0   15:05   SSZ
----------------------------------------------------------------------------------
    19,7  34,0    28     7,5    12    39,3 108,0  73,9   1,5  14,3     6     JJV

Max >=  27,0: 17
Max <=   0,0:  0
Min <=   0,0:  0
Min <= -18,0:  0
Max Rain: 16,2 on day 20
Days of Rain: 8 (>= 0,4 mm)  6 (>= 2,0 mm)  0 (>= 20,0 mm)
Heat Base: 17,5  Cool Base: 17,5  Method: Integration



Poslední aktualizace 5.8.2020 7:30:02

Měšíční a roční statistické protokoly ve fromátu NOAA (National Oceanic and Atmospheric Administration)
Original Author: Ken True webmaster@saratoga-weather.org.
Bodged by beteljuice.