Němčany počasí: NOAA reporty

 


NOAA reporty


Report pro 2020 Červ
                   Monthly Climatological Summary for 6 2020

Name: Němčany   City: Němčany   State: Czech Repulic
Elevation: 256 m  Lat: N 49° 10' 12"   Lon: E 016° 54' 59"

                  Temperature (°C), Rain (mm), Wind Speed (m/s)

                                      Heat  Cool        Avg
    Mean                              Deg   Deg         Wind                 Dom
Day Temp  High   Time   Low    Time   Days  Days  Rain  Speed High   Time    Dir
----------------------------------------------------------------------------------
 1  16,8  23,5   17:07   7,5   05:34   2,8   2,1   0,3   1,8   9,8   13:46   VSV
 2  15,4  22,0   14:48   7,4   05:41   3,2   1,1   7,2   2,1  11,4   13:13   JJZ
 3  17,0  23,3   13:51  10,5   05:11   2,3   1,8   0,3   1,6   7,3   10:50    SV
 4  18,6  25,0   14:44  10,6   02:27   1,8   2,9   0,0   2,5   7,8   13:28     V
 5  15,7  18,5   00:00  12,0   23:17   1,9   0,0   6,6   1,7   7,0   15:17   JJZ
 6  18,4  25,1   18:26  10,3   05:30   1,6   2,6   0,3   2,5  10,2   10:18   JJV
 7  20,5  28,1   17:24  14,5   03:36   0,7   3,7   1,2   2,4   8,5   01:27     V
 8  14,7  16,7   00:00  13,3   05:37   2,8   0,0   0,0   1,4   7,0   00:11     V
 9  16,3  20,5   14:06  13,1   00:28   1,8   0,6   0,0   4,2  12,2   12:40   VSV
10  15,8  17,8   17:36  14,2   03:53   1,7   0,0   6,6   2,5   7,8   07:48   VSV
11  19,5  24,4   19:06  14,6   01:41   0,8   2,7   0,3   1,0   5,3   15:06   JJV
12  21,2  27,3   14:10  14,8   03:51   0,5   4,3   0,0   1,8   8,5   14:46    SV
13  21,8  30,3   15:57  16,1   04:46   0,2   4,5  11,7   2,1  16,7   17:59    SV
14  20,7  25,9   13:14  16,9   04:36   0,1   3,1   0,4   2,0   9,4   08:59    SV
15  20,0  24,9   16:25  14,7   23:46   0,3   2,8   0,0   2,2   8,5   13:12   VSV
16  17,9  24,8   11:48  11,1   05:04   1,8   2,2   0,0   1,9   9,8   12:51    SV
17  19,3  24,4   17:17  15,4   01:36   0,4   2,1   0,0   1,9   8,2   12:32     V
18  17,4  19,5   16:35  16,3   03:56   0,4   0,3  27,2   1,6   8,2   10:54    JZ
19  16,4  18,6   16:55  14,9   23:30   1,1   0,1  10,4   1,8   7,3   12:47    JZ
20  15,5  16,8   11:18  14,2   04:06   2,0   0,0  15,7   2,0  11,4   14:05    JZ
21  16,1  18,6   16:26  13,7   02:50   1,5   0,1  17,5   1,4   6,1   00:38    JZ
22  19,1  25,0   18:47  14,3   23:04   0,7   2,3   0,0   1,6   8,2   11:35    JZ
23  18,5  24,3   15:05  12,9   02:10   1,4   2,4   0,0   1,4   8,5   13:55     V
24  15,5  21,7   11:39   9,1   05:20   2,5   0,6   1,7   1,2   7,8   10:47   SSV
25  18,5  26,6   16:39  11,1   04:13   1,8   2,9   0,0   1,6   8,5   15:39   VSV
26  19,5  26,3   15:44  15,2   07:20   0,5   2,5  25,4   2,2  10,6   15:15   VJV
27  21,5  29,2   17:58  13,2   04:52   0,9   5,0   0,0   1,5   7,0   14:24   JJZ
28  23,7  30,9   16:48  16,7   03:14   0,0   6,3   0,0   1,5   6,1   14:51     J
29  18,5  20,1   19:05  13,2   23:56   0,3   1,2   7,1   1,3   7,3   06:34   JJZ
30  19,1  27,0   16:20  10,8   04:21   1,8   3,5   0,3   1,9   9,8   13:43   JJZ
----------------------------------------------------------------------------------
    18,3  30,9    28     7,4     2    39,6  63,7 140,2   1,9  16,7    13     VJV

Max >=  27,0:  6
Max <=   0,0:  0
Min <=   0,0:  0
Min <= -18,0:  0
Max Rain: 27,2 on day 18
Days of Rain: 13 (>= 0,4 mm)  10 (>= 2,0 mm)  2 (>= 20,0 mm)
Heat Base: 17,5  Cool Base: 17,5  Method: Integration



Poslední aktualizace 21.9.2020 21:30:01

Měšíční a roční statistické protokoly ve fromátu NOAA (National Oceanic and Atmospheric Administration)
Original Author: Ken True webmaster@saratoga-weather.org.
Bodged by beteljuice.