Němčany počasí: NOAA reporty

 


NOAA reporty


Report pro 2020 Květ
                   Monthly Climatological Summary for 5 2020

Name: Němčany   City: Němčany   State: Czech Repulic
Elevation: 256 m  Lat: N 49° 10' 12"   Lon: E 016° 54' 59"

                  Temperature (°C), Rain (mm), Wind Speed (m/s)

                                      Heat  Cool        Avg
    Mean                              Deg   Deg         Wind                 Dom
Day Temp  High   Time   Low    Time   Days  Days  Rain  Speed High   Time    Dir
----------------------------------------------------------------------------------
 1  14,4  20,1   15:17   8,9   22:09   3,5   0,4   2,4   1,7   9,0   05:57    JZ
 2  12,8  18,7   16:47   8,2   05:34   4,8   0,0   5,4   2,4  12,6   13:27   ZJZ
 3  10,6  17,4   15:42   4,8   03:28   6,9   0,0   0,9   2,5  12,6   16:08   ZJZ
 4  11,4  19,7   16:41   1,6   05:52   6,3   0,2   0,0   1,1   6,1   11:45     J
 5  12,0  16,5   12:59   6,1   22:29   5,5   0,0   4,2   2,2   9,4   15:38   ZJZ
 6   9,9  16,6   16:22   4,1   05:11   7,6   0,0   0,0   3,1  11,0   11:31   ZJZ
 7  12,5  20,1   16:43   3,2   05:43   5,5   0,5   0,0   2,3   9,8   10:48     Z
 8  13,3  23,2   17:25   1,8   05:05   5,6   1,4   0,0   1,3   5,8   11:37   JJZ
 9  17,8  27,3   17:06   8,3   02:46   2,9   3,2   0,0   1,5   5,8   14:25   VSV
10  19,3  25,5   12:54  13,5   23:58   0,8   2,5   0,9   2,2   7,8   13:23     V
11  16,0  23,0   16:20   7,9   23:59   3,0   1,5   8,8   2,7  11,9   19:28    JV
12   8,5  13,7   18:20   3,0   23:52   9,0   0,0   0,6   2,2  10,6   07:42    SZ
13   7,7  12,6   13:55   1,2   05:04   9,8   0,0   8,7   2,0   8,5   08:49     V
14  10,9  15,3   14:57   8,3   00:00   6,6   0,0   2,7   2,4   8,2   15:02   VSV
15   9,3  12,1   16:57   5,8   23:55   8,2   0,0   8,1   2,4  10,2   11:45   VSV
16  11,1  19,7   17:21   2,6   03:57   6,7   0,3   0,3   1,3   8,2   12:16     J
17  14,0  23,2   17:03   5,7   01:30   4,8   1,3   0,0   1,4   9,4   16:49    JZ
18  15,6  24,8   16:16   4,9   05:22   4,2   2,3   0,0   1,5   6,5   13:36   JJZ
19  18,6  26,4   15:05   8,2   04:43   2,4   3,5   0,0   1,6   7,0   22:36     J
20  17,0  22,6   15:46  10,2   23:32   1,7   1,2   0,0   2,2   9,0   11:27   VSV
21  13,8  19,7   14:41   5,4   05:41   4,0   0,4   0,0   2,3   8,5   14:51    SV
22  14,1  22,1   15:54   3,0   05:34   4,3   0,9   0,0   1,4   7,0   14:35     V
23  14,0  16,4   16:36  12,0   05:52   3,5   0,0  23,7   1,5   7,0   23:17   VJV
24  13,8  18,8   13:01   9,8   23:20   3,8   0,1   1,5   2,3  12,2   15:18   ZJZ
25  13,2  18,1   13:48   9,2   03:47   4,3   0,0   0,0   2,2   8,5   11:44   ZJZ
26  12,5  18,1   15:33   9,0   23:24   5,0   0,0  15,1   1,4  11,0   16:38   VJV
27  14,5  22,1   15:27   6,1   03:23   4,1   1,1   0,3   1,3   7,0   12:57    SV
28  12,6  18,7   12:45   5,9   05:23   5,0   0,1   0,6   1,3   7,3   16:46     J
29  13,3  18,4   13:41   6,4   23:53   4,2   0,0   0,0   1,6   7,8   16:44     V
30  13,3  19,8   16:54   6,1   00:21   4,3   0,1   0,0   2,0   9,0   13:44   VSV
31  12,4  14,6   17:34  10,2   07:58   5,1   0,0   0,9   1,5   7,3   10:10   JJZ
----------------------------------------------------------------------------------
    13,2  27,3     9     1,2    13   153,4  21,0  85,1   1,9  12,6     2     JJV

Max >=  27,0:  1
Max <=   0,0:  0
Min <=   0,0:  0
Min <= -18,0:  0
Max Rain: 23,7 on day 23
Days of Rain: 15 (>= 0,4 mm)  9 (>= 2,0 mm)  1 (>= 20,0 mm)
Heat Base: 17,5  Cool Base: 17,5  Method: Integration



Poslední aktualizace 9.7.2020 23:10:02

Měšíční a roční statistické protokoly ve fromátu NOAA (National Oceanic and Atmospheric Administration)
Original Author: Ken True webmaster@saratoga-weather.org.
Bodged by beteljuice.