Němčany počasí: NOAA reporty

 


NOAA reporty


Report pro 2020 Dub
                   Monthly Climatological Summary for 4 2020

Name: Němčany   City: Němčany   State: Czech Repulic
Elevation: 256 m  Lat: N 49° 10' 12"   Lon: E 016° 54' 59"

                  Temperature (°C), Rain (mm), Wind Speed (m/s)

                                      Heat  Cool        Avg
    Mean                              Deg   Deg         Wind                 Dom
Day Temp  High   Time   Low    Time   Days  Days  Rain  Speed High   Time    Dir
----------------------------------------------------------------------------------
 1   1,3   9,7   16:32  -7,4   06:20  16,2   0,0   0,0   1,5   7,8   13:54   JJZ
 2   4,2  13,5   16:30  -5,7   06:44  13,3   0,0   0,0   1,6   8,2   13:41     J
 3   6,0  14,7   12:36  -2,5   06:42  11,5   0,0   0,0   1,4   9,8   13:11   ZJZ
 4   6,9  15,2   15:11  -0,7   01:56  10,6   0,0   0,0   1,7   6,5   16:21   SSV
 5  10,1  18,4   16:25   2,3   06:13   7,5   0,1   0,0   3,4  10,2   09:23   SSV
 6  12,0  20,4   15:50   1,5   06:21   5,9   0,5   0,0   3,3  13,4   15:49   VJV
 7  12,8  21,5   17:01   3,7   05:00   5,4   0,7   0,0   2,2   8,2   11:41    JV
 8  11,5  22,5   15:37   2,3   06:10   7,1   1,1   0,0   1,7   8,5   14:20   VJV
 9  13,2  24,7   17:22   2,9   03:26   5,9   1,6   0,0   1,4   8,5   17:41    JZ
10  14,0  20,7   15:29   6,3   06:15   4,1   0,5   0,0   1,9   7,8   10:38   SSZ
11  11,8  19,1   15:43   2,0   05:36   5,9   0,2   0,0   2,3   8,5   12:34    SV
12  12,9  22,9   15:07   2,4   05:17   5,9   1,3   0,0   1,6   8,5   12:23     J
13  11,8  21,7   13:46   6,1   06:21   6,2   0,5   5,4   2,5  16,0   16:18    JZ
14   5,6  11,2   15:34   0,2   06:35  11,9   0,0   0,0   2,4  11,4   12:46     Z
15   7,2  16,5   15:54  -1,5   03:49  10,2   0,0   0,0   2,1   7,0   10:09    JZ
16  11,6  22,8   16:45   0,1   06:08   7,0   1,2   0,0   1,4   7,8   14:08   JJZ
17  14,4  25,0   15:14   4,4   06:23   4,8   1,8   0,0   1,8   7,3   18:49    SV
18  14,4  22,6   15:20   7,1   04:49   4,1   1,0   0,0   2,2   8,5   09:13     S
19  10,8  13,7   14:27   6,0   23:57   6,7   0,0   2,7   2,4  10,6   14:31    SV
20   9,7  16,5   16:18   2,3   04:42   7,8   0,0   0,0   4,1  11,0   12:29   SSV
21  11,2  17,8   15:01   4,8   05:50   6,3   0,0   0,0   4,4  13,9   15:34    SV
22  12,0  19,1   15:38   4,4   05:49   5,7   0,2   0,0   3,0   9,0   14:47    SV
23  13,4  22,0   16:54   5,6   05:15   5,1   1,0   0,0   2,2   8,2   05:57   SSV
24  12,8  22,4   16:14   2,3   05:37   5,7   1,1   0,0   1,8   9,4   16:53   JJZ
25  12,1  17,1   16:34   3,8   23:58   5,4   0,0   0,0   2,6  16,3   11:01     Z
26   9,6  19,0   17:09   1,3   04:41   8,0   0,1   0,0   1,1   5,8   10:41     J
27  12,2  22,0   16:40   2,2   03:06   6,2   0,9   0,0   1,5   7,3   15:10     J
28  15,9  24,7   17:00   6,4   05:57   3,6   1,9   0,0   1,7   8,5   13:35     J
29  14,9  19,9   15:24   9,4   05:32   2,8   0,2   0,0   1,7   8,2   13:33   ZJZ
30  16,0  23,0   16:06  10,5   06:32   2,7   1,3   0,0   1,6   9,0   15:04     J
----------------------------------------------------------------------------------
    11,1  25,0    17    -7,4     1   209,5  17,2   8,1   2,1  16,3    25     VSV

Max >=  27,0:  0
Max <=   0,0:  0
Min <=   0,0:  5
Min <= -18,0:  0
Max Rain: 5,4 on day 13
Days of Rain: 2 (>= 0,4 mm)  2 (>= 2,0 mm)  0 (>= 20,0 mm)
Heat Base: 17,5  Cool Base: 17,5  Method: Integration



Poslední aktualizace 9.7.2020 22:40:02

Měšíční a roční statistické protokoly ve fromátu NOAA (National Oceanic and Atmospheric Administration)
Original Author: Ken True webmaster@saratoga-weather.org.
Bodged by beteljuice.