Němčany počasí: NOAA reporty

 


NOAA reporty


Report pro 2020 Ún
                   Monthly Climatological Summary for 2 2020

Name: Němčany   City: Němčany   State: Czech Repulic
Elevation: 256 m  Lat: N 49° 10' 12"   Lon: E 016° 54' 59"

                  Temperature (°C), Rain (mm), Wind Speed (m/s)

                                      Heat  Cool        Avg
    Mean                              Deg   Deg         Wind                 Dom
Day Temp  High   Time   Low    Time   Days  Days  Rain  Speed High   Time    Dir
----------------------------------------------------------------------------------
 1   9,7  15,8   14:59   3,8   07:13   7,8   0,0   0,3   2,2   9,8   13:05    JZ
 2   9,0  12,6   13:21   5,5   07:43   8,5   0,0   5,7   2,8  10,6   09:42    JZ
 3   8,2  10,8   00:27   5,9   22:49   9,3   0,0   6,6   2,8  10,6   05:35    JZ
 4   5,5   9,1   09:15   3,5   22:30  12,0   0,0   8,7   4,4  16,7   10:04   ZJZ
 5   2,8   5,1   13:50  -1,4   23:24  14,7   0,0   0,3   3,3  12,2   10:24   JJZ
 6   0,9   4,0   13:00  -3,0   04:35  16,6   0,0   0,0   1,5   7,8   16:12    JZ
 7   4,5   8,5   13:15   1,2   23:57  13,0   0,0   0,0   1,6   7,3   00:56     Z
 8   1,9   7,8   14:47  -3,5   06:19  15,6   0,0   0,0   1,6   5,3   10:17   VJV
 9   2,2   7,3   15:36  -2,6   03:56  15,3   0,0   0,0   2,4  11,0   23:22   JJV
10   6,2  12,0   15:22   1,4   23:18  11,3   0,0   4,2   4,8  20,0   17:58   JJZ
11   4,8   8,8   12:38   1,1   19:25  12,7   0,0   0,9   4,7  19,6   15:25   ZJZ
12   2,9   7,1   14:24   0,2   05:11  14,6   0,0   0,3   3,2  12,6   13:41    JZ
13   3,8   8,8   13:50  -1,3   03:15  13,7   0,0   0,0   3,1  12,6   19:58   JJV
14   6,2  10,3   13:39   3,1   07:23  11,3   0,0   0,0   2,0   9,8   14:27    JZ
15   6,4  11,6   14:56   1,9   07:42  11,1   0,0   0,0   1,4   7,0   20:27    JV
16   7,6  12,2   12:56   3,6   07:00   9,9   0,0   0,0   3,0  10,2   21:05    JV
17   8,1  12,0   15:02   4,8   06:08   9,4   0,0   0,0   2,4   8,5   11:33     J
18   7,3  12,1   12:25   2,6   23:57  10,2   0,0   0,6   3,1  15,1   11:05   ZJZ
19   4,6   9,3   13:49   1,2   02:53  12,9   0,0   0,3   3,0  12,6   12:19    JZ
20   5,3  11,0   14:47   1,2   05:04  12,2   0,0   0,3   1,8   9,0   13:48   JJZ
21   4,6   8,9   14:47  -1,2   23:50  12,9   0,0   1,2   3,2  16,7   11:05   ZJZ
22   5,1  12,9   15:40  -2,6   03:13  12,4   0,0   0,0   2,5  11,4   14:26   JJZ
23  10,7  14,0   22:58   7,8   00:00   6,8   0,0   2,7   4,9  21,2   23:48    JZ
24   7,4  10,5   15:08   4,5   07:30  10,1   0,0   0,3   4,2  19,2   01:03   ZJZ
25   8,7  12,4   14:12   5,0   05:46   8,8   0,0   0,3   2,2   8,5   14:19    JZ
26   5,5   7,6   12:34   1,7   22:54  12,0   0,0   1,5   2,9  11,0   13:12    JZ
27   4,2   8,6   14:47   0,4   02:40  13,3   0,0   0,0   3,4  10,6   10:11     J
28   2,9   7,2   12:20  -1,8   23:54  14,6   0,0   6,9   2,7  11,0   11:12   ZJZ
29   4,1   8,1   21:56  -1,8   00:00  13,4   0,0   0,0   2,6  10,6   10:36   VJV
----------------------------------------------------------------------------------
     5,6  15,8     1    -3,5     8   346,4   0,0  41,1   2,9  21,2    23     JJZ

Max >=  27,0:  0
Max <=   0,0:  0
Min <=   0,0:  9
Min <= -18,0:  0
Max Rain: 8,7 on day 4
Days of Rain: 10 (>= 0,4 mm)  6 (>= 2,0 mm)  0 (>= 20,0 mm)
Heat Base: 17,5  Cool Base: 17,5  Method: Integration



Poslední aktualizace 9.7.2020 21:50:01

Měšíční a roční statistické protokoly ve fromátu NOAA (National Oceanic and Atmospheric Administration)
Original Author: Ken True webmaster@saratoga-weather.org.
Bodged by beteljuice.