Němčany počasí: NOAA reporty

 


NOAA reporty


Report pro 2020 Led
                   Monthly Climatological Summary for 1 2020

Name: Němčany   City: Němčany   State: Czech Repulic
Elevation: 256 m  Lat: N 49° 10' 12"   Lon: E 016° 54' 59"

                  Temperature (°C), Rain (mm), Wind Speed (m/s)

                                      Heat  Cool        Avg
    Mean                              Deg   Deg         Wind                 Dom
Day Temp  High   Time   Low    Time   Days  Days  Rain  Speed High   Time    Dir
----------------------------------------------------------------------------------
 1   0,0   6,3   13:22  -4,5   23:54  17,5   0,0   0,0   0,6   4,4   12:19   JJZ
 2  -3,9   1,5   15:03  -6,6   22:26  21,4   0,0   0,0   1,0   6,1   13:06   SSV
 3  -3,1  -1,4   21:50  -6,3   05:16  20,6   0,0   0,0   1,9   4,9   13:17     J
 4   1,5   4,8   13:35  -1,6   00:14  16,0   0,0   1,5   2,2  12,6   23:23   ZJZ
 5   1,6   5,1   13:33  -5,0   23:43  16,0   0,0   0,0   2,9  11,4   02:35   ZJZ
 6  -3,0   3,9   14:39  -6,7   06:12  20,5   0,0   0,0   0,6   4,4   12:29   JJZ
 7  -2,9   0,4   21:25  -6,8   07:06  20,4   0,0   0,0   0,5   3,7   13:05   JJV
 8   2,2   6,1   14:39  -1,4   06:20  15,3   0,0   2,4   0,9   5,8   14:33     J
 9   2,1   3,4   12:25   0,8   23:21  15,4   0,0   0,3   0,9   4,9   12:10     J
10   0,6   2,0   11:18  -0,3   03:23  16,9   0,0   0,0   2,1   5,8   11:15   JJZ
11   2,3   7,7   13:21  -1,1   07:22  15,2   0,0   0,3   0,9   5,8   13:05    JZ
12   2,5   7,0   14:57  -1,8   08:05  15,0   0,0   0,0   1,2   6,5   12:54     J
13   0,3   2,8   14:56  -2,3   03:21  17,2   0,0   0,0   0,5   5,3   22:30   JJZ
14  -0,7   0,5   00:00  -1,3   08:06  18,2   0,0   0,0   2,8   6,5   21:28     J
15   0,2   2,2   19:40  -1,1   05:47  17,3   0,0   0,0   2,5   7,8   02:08   JJV
16   0,5   2,9   14:42  -2,1   22:28  17,0   0,0   0,0   0,8   4,4   23:04     J
17   0,1   4,3   11:47  -2,1   01:27  17,4   0,0   0,3   2,2  10,6   14:16   JJV
18  -0,4   0,1   00:00  -0,7   08:09  17,9   0,0   0,0   1,3   4,9   07:44     J
19   1,4   3,0   13:34  -0,9   03:21  16,1   0,0   9,3   0,5   2,9   10:25     J
20   2,6   6,1   14:34   0,1   07:41  14,9   0,0   0,0   0,9   6,1   13:10    SV
21   1,1   2,5   11:42   0,0   05:11  16,4   0,0   0,0   1,1   4,4   14:31   ZJZ
22  -0,7   1,7   14:48  -2,6   09:48  18,2   0,0   0,0   1,9   7,3   09:47   JJZ
23   0,3   7,5   13:48  -4,3   07:49  17,2   0,0   0,0   0,6   4,1   02:20     J
24  -1,4  -0,6   22:40  -4,1   04:07  18,9   0,0   0,0   2,0   9,0   09:14     J
25  -0,6  -0,2   23:47  -0,8   05:49  18,1   0,0   0,0   1,1   4,9   09:20   JJZ
26  -0,6  -0,2   00:00  -1,0   11:17  18,1   0,0   0,0   2,0   4,1   04:48     J
27  -0,8  -0,4   11:40  -1,2   18:53  18,3   0,0   0,0   1,7   4,9   08:32     J
28   0,8   2,2   19:12  -0,8   00:00  16,7   0,0   1,2   2,4   6,5   13:59     J
29   1,7   6,1   14:27  -1,8   07:58  15,8   0,0   0,6   2,0   8,2   01:48    JZ
30   3,3   6,4   14:49   0,8   23:46  14,2   0,0   0,0   2,1   7,8   12:44   JJZ
31   6,7  11,9   14:05   0,3   00:37  10,8   0,0   1,2   1,7   8,2   15:24    JZ
----------------------------------------------------------------------------------
     0,4  11,9    31    -6,8     7   528,9   0,0  17,1   1,5  12,6     4     JJZ

Max >=  27,0:  0
Max <=   0,0:  5
Min <=   0,0: 27
Min <= -18,0:  0
Max Rain: 9,3 on day 19
Days of Rain: 6 (>= 0,4 mm)  2 (>= 2,0 mm)  0 (>= 20,0 mm)
Heat Base: 17,5  Cool Base: 17,5  Method: Integration



Poslední aktualizace 25.9.2020 12:50:02

Měšíční a roční statistické protokoly ve fromátu NOAA (National Oceanic and Atmospheric Administration)
Original Author: Ken True webmaster@saratoga-weather.org.
Bodged by beteljuice.