Němčany počasí: NOAA reporty

 


NOAA reporty


Report pro 2019 Pros
                   Monthly Climatological Summary for 12 2019

Name: Němčany   City: Němčany   State: Czech Repulic
Elevation: 256 m  Lat: N 49° 10' 12"   Lon: E 016° 54' 59"

                  Temperature (°C), Rain (mm), Wind Speed (m/s)

                                      Heat  Cool        Avg
    Mean                              Deg   Deg         Wind                 Dom
Day Temp  High   Time   Low    Time   Days  Days  Rain  Speed High   Time    Dir
----------------------------------------------------------------------------------
 1   0,0   4,7   12:24  -4,8   06:30  17,5   0,0   0,0   2,0   8,2   21:11     V
 2   1,7   4,5   13:35  -0,4   22:27  15,8   0,0   0,3   1,9   7,8   02:06     J
 3   1,1   6,4   12:54  -3,6   21:08  16,4   0,0   0,0   1,2   7,0   11:25   ZJZ
 4  -1,0   4,9   13:05  -4,6   07:22  18,5   0,0   0,0   1,0   7,8   23:36    JV
 5  -0,4   0,3   12:21  -1,9   00:00  17,9   0,0   0,0   3,3   9,8   04:38   JJV
 6  -0,4   0,2   13:52  -0,9   02:52  17,9   0,0   0,0   4,6   8,5   01:17     J
 7   1,4   3,6   21:25  -0,7   03:49  16,1   0,0   0,9   3,2   9,0   02:06   JJZ
 8   5,1  10,8   13:10   1,8   23:27  12,4   0,0   0,0   1,7   9,0   12:10     J
 9   3,0   4,3   14:05   1,4   23:31  14,5   0,0   0,9   2,0   6,1   02:52     J
10   2,9   7,3   12:36  -3,1   23:29  14,6   0,0   0,0   1,8  10,2   12:47   ZJZ
11  -1,9   4,7   14:22  -6,6   06:55  19,4   0,0   0,0   0,8   5,8   23:31     V
12   0,0   1,6   12:48  -2,6   01:29  17,5   0,0   0,3   0,6   4,9   12:54   JJV
13   1,7   2,6   17:51   0,8   00:47  15,7   0,0   3,0   3,0  11,9   09:43    JV
14   3,5   6,1   15:20   1,2   07:38  14,0   0,0   1,5   1,9   9,0   12:24   JJZ
15   4,7   7,7   12:00   1,8   05:22  12,8   0,0   2,1   1,6   7,0   12:41     J
16   4,8   9,3   13:44   1,0   05:21  12,7   0,0   0,0   0,9   6,1   20:06   SSV
17   4,1   6,7   13:58   1,8   05:13  13,4   0,0   0,3   1,2   6,1   04:28   ZSZ
18   6,5  13,4   14:20   2,4   21:24  11,0   0,0   0,0   0,7   7,0   03:20     Z
19   7,1  12,4   13:54   2,1   03:04  10,4   0,0   0,3   4,2  13,4   23:11   VSV
20   9,8  12,3   13:39   7,4   02:33   7,7   0,0   0,0   6,9  14,6   04:05   VJV
21   8,5  10,9   02:37   6,1   08:23   9,0   0,0  28,2   2,5   9,4   00:26    SV
22   4,4   7,1   00:00   1,7   08:19  13,1   0,0   2,1   0,8   4,1   03:33   JJV
23   6,3   7,5   14:35   4,2   00:00  11,2   0,0   4,5   2,2  12,2   16:48   ZJZ
24   5,9   9,7   12:18   3,0   19:11  11,6   0,0   2,7   1,5   8,5   00:19    JZ
25   5,1   8,2   14:29   2,6   04:58  12,4   0,0   2,4   1,7   9,8   19:31   ZJZ
26   4,5   7,0   11:32   2,7   17:18  13,0   0,0   0,0   1,6  10,2   12:51   ZJZ
27   3,7   6,4   12:16   1,8   07:53  13,8   0,0   0,0   1,7   7,0   23:33   ZJZ
28   1,8   3,2   00:28   0,7   07:42  15,7   0,0   0,0   2,8   9,0   10:48    JZ
29   0,2   2,8   13:57  -4,6   23:59  17,3   0,0   0,0   1,7   7,8   00:48   VJV
30  -1,9   1,8   14:54  -6,0   02:07  19,4   0,0   0,0   1,2   4,4   11:20     J
31   1,4   5,9   14:53  -2,3   07:34  16,1   0,0   0,0   1,6  12,2   17:51   ZJZ
----------------------------------------------------------------------------------
     3,0  13,4    18    -6,6    11   448,8   0,0  49,5   2,1  14,6    20       J

Max >=  27,0:  0
Max <=   0,0:  0
Min <=   0,0: 13
Min <= -18,0:  0
Max Rain: 28,2 on day 21
Days of Rain: 10 (>= 0,4 mm)  7 (>= 2,0 mm)  1 (>= 20,0 mm)
Heat Base: 17,5  Cool Base: 17,5  Method: Integration



Poslední aktualizace 10.7.2020 0:10:01

Měšíční a roční statistické protokoly ve fromátu NOAA (National Oceanic and Atmospheric Administration)
Original Author: Ken True webmaster@saratoga-weather.org.
Bodged by beteljuice.