Němčany počasí: NOAA reporty

 


NOAA reporty


Report pro 2019 List
                   Monthly Climatological Summary for 11 2019

Name: Němčany   City: Němčany   State: Czech Repulic
Elevation: 256 m  Lat: N 49° 10' 12"   Lon: E 016° 54' 59"

                  Temperature (°C), Rain (mm), Wind Speed (m/s)

                                      Heat  Cool        Avg
    Mean                              Deg   Deg         Wind                 Dom
Day Temp  High   Time   Low    Time   Days  Days  Rain  Speed High   Time    Dir
----------------------------------------------------------------------------------
 1   4,7  10,0   13:17  -1,5   06:40  12,8   0,0   0,0   2,7  10,6   12:19   VJV
 2   7,3   8,6   23:57   6,1   06:25  10,2   0,0   0,0   2,5   9,4   03:22    JV
 3  13,8  19,1   14:09   8,6   00:00   3,8   0,1   3,9   4,5  13,9   18:29   VJV
 4  12,3  15,5   14:50   8,9   22:41   5,2   0,0   0,0   2,7  13,9   00:21     J
 5   8,7  10,9   15:12   5,7   04:45   8,8   0,0   8,1   0,6   3,2   11:27   JJZ
 6   9,5  13,7   13:50   6,9   07:08   8,0   0,0   0,3   1,5   7,3   13:25     J
 7   8,6  12,8   13:37   4,9   06:50   8,9   0,0   0,3   0,9   5,3   16:06   VJV
 8  10,4  14,0   14:31   7,5   01:19   7,1   0,0   0,0   3,5  11,9   08:20   VJV
 9   8,0  10,7   00:00   2,2   23:51   9,5   0,0   3,0   2,7   7,8   12:35     J
10   4,9   8,3   13:22   0,5   05:17  12,6   0,0   0,0   1,0   5,8   14:03    JV
11   5,2   7,8   19:35   1,2   06:37  12,3   0,0   0,0   2,1  11,4   22:33   VJV
12   7,3   8,2   07:56   6,0   23:55  10,2   0,0  12,0   1,8   9,8   03:28   JJV
13   4,9   6,0   00:00   2,3   23:58  14,7   0,0   7,6   1,4   8,5   14:11    JZ
14   3,5   7,7   13:28   1,0   01:48  14,1   0,0   0,0   1,8   7,3   13:42   SSV
15   8,9  11,3   14:16   2,7   00:07   8,6   0,0   0,0   3,5  11,4   21:46   VJV
16  11,7  12,7   12:05  10,2   20:27   5,8   0,0   0,0   4,5  15,5   07:00   VJV
17  13,0  17,0   13:55   9,0   07:17   4,5   0,0   0,0   4,0  10,2   10:19     V
18  10,4  13,4   00:00   4,0   23:45   7,1   0,0   3,3   3,0  10,2   10:31   VJV
19   9,0  12,7   14:48   4,1   00:36   8,5   0,0   0,0   3,4  14,3   19:13   VJV
20   9,5  11,1   14:21   7,0   07:38   8,0   0,0   2,1   2,8   7,8   01:41   SSV
21   9,2  10,6   20:43   8,0   00:11   8,3   0,0   1,2   4,2  10,6   18:59    SV
22  10,0  11,0   03:58   8,4   23:36   7,5   0,0   0,0   4,1  11,9   22:49   VJV
23   8,3  10,8   13:54   6,8   07:21   9,2   0,0   0,0   5,6  16,3   18:25   VJV
24   8,5  11,6   13:26   6,3   07:16   9,0   0,0   0,0   3,2  13,4   00:08   VJV
25   7,8  12,5   12:30   3,0   06:06   9,7   0,0   0,0   1,4   6,1   11:06   VJV
26   6,1   7,3   00:00   5,4   08:53  11,4   0,0   0,9   1,6   5,8   08:16     J
27   7,5   8,8   09:45   5,9   23:11  10,0   0,0   1,5   2,5  12,2   09:43    JV
28   7,0   9,4   15:05   4,3   02:52  10,5   0,0   0,0   1,5   6,1   12:49   JJZ
29   7,2  10,7   14:05   3,1   21:29  10,3   0,0   0,6   2,2   8,5   15:10    JZ
30   2,1   7,2   12:55  -3,1   23:43  15,4   0,0   0,0   1,5   7,8   02:18   ZJZ
----------------------------------------------------------------------------------
     8,2  19,1     3    -3,1    30   282,0   0,1  44,8   2,6  16,3    23     VJV

Max >=  27,0:  0
Max <=   0,0:  0
Min <=   0,0:  2
Min <= -18,0:  0
Max Rain: 12,0 on day 12
Days of Rain: 11 (>= 0,4 mm)  7 (>= 2,0 mm)  0 (>= 20,0 mm)
Heat Base: 17,5  Cool Base: 17,5  Method: Integration



Poslední aktualizace 21.9.2020 21:40:01

Měšíční a roční statistické protokoly ve fromátu NOAA (National Oceanic and Atmospheric Administration)
Original Author: Ken True webmaster@saratoga-weather.org.
Bodged by beteljuice.