Němčany počasí: NOAA reporty

 


NOAA reporty


Report pro 2019 Říj
                   Monthly Climatological Summary for 10 2019

Name: Němčany   City: Němčany   State: Czech Repulic
Elevation: 256 m  Lat: N 49° 10' 12"   Lon: E 016° 54' 59"

                  Temperature (°C), Rain (mm), Wind Speed (m/s)

                                      Heat  Cool        Avg
    Mean                              Deg   Deg         Wind                 Dom
Day Temp  High   Time   Low    Time   Days  Days  Rain  Speed High   Time    Dir
----------------------------------------------------------------------------------
 1  15,8  24,1   15:31   6,1   07:01   3,5   1,7   0,0   2,6  10,2   13:03   JJV
 2  14,8  17,8   00:00  10,0   23:56   2,7   0,0   6,6   2,1   6,5   15:39   JJZ
 3   9,6  13,2   14:22   5,5   06:40   7,9   0,0   0,0   2,2   9,0   11:36    JZ
 4  10,3  14,7   16:45   6,7   01:51   7,2   0,0   0,0   0,8   4,4   12:44    JV
 5  10,3  14,1   13:52   8,1   23:16   7,2   0,0  11,4   1,9   9,0   14:19   JJZ
 6   8,1  12,6   12:31   3,7   23:51   9,4   0,0   0,0   2,0   7,8   11:56    SV
 7   6,1  13,2   15:13   0,8   23:55  11,4   0,0   0,0   1,8   7,0   05:10   SSV
 8   6,7  12,2   16:45  -0,5   05:24  10,8   0,0   0,6   2,0   8,5   15:58    JV
 9  11,3  12,9   15:54   8,9   23:58   6,3   0,0  17,5   1,2   6,1   01:01     J
10  10,9  15,5   13:24   7,0   23:45   6,6   0,0   0,6   2,7   9,8   15:04    JZ
11  11,1  18,3   15:14   4,8   07:17   6,4   0,0   0,0   1,9   8,2   13:21     J
12  11,9  18,2   15:35   8,1   23:58   5,6   0,0   0,0   2,1   7,8   16:06   JJZ
13  12,7  21,1   15:04   6,1   07:30   5,3   0,5   0,0   1,1   6,1   12:11     J
14  15,8  23,4   15:40   8,7   07:31   3,0   1,3   0,0   1,5   9,0   23:53    JV
15  18,8  22,7   14:25  15,1   07:55   0,4   1,6   0,0   3,5  10,2   01:01   VJV
16  13,2  17,7   15:43   6,3   23:55   4,3   0,0   0,6   2,2   7,8   12:11   JJZ
17  11,9  20,8   15:28   5,1   03:56   6,1   0,4   0,0   0,9   5,3   11:55     J
18  11,9  15,9   15:01   9,2   04:08   5,6   0,0   0,0   0,8   4,4   07:00   JJV
19  12,6  17,9   14:57   9,7   23:40   4,9   0,0   0,0   1,2   5,8   15:08     V
20  14,8  22,6   15:22   7,6   07:03   3,5   0,8   0,0   1,7   7,3   13:13   VJV
21  15,7  23,8   14:39   9,7   06:55   3,2   1,3   0,0   0,8   4,4   00:44     J
22  15,9  24,3   15:10  10,3   07:41   2,9   1,4   0,0   1,0   4,4   10:33     S
23  15,9  23,6   15:09  11,3   06:17   2,4   0,9   0,0   2,4   7,8   12:49    SV
24  19,2  25,3   14:39  13,0   06:07   0,6   2,3   0,0   2,5   7,3   20:27   VJV
25  13,0  20,1   15:02   8,5   23:52   4,7   0,2   0,0   0,8   4,1   12:54   VJV
26  12,0  21,5   13:52   6,1   07:29   6,0   0,6   0,0   0,8   7,3   14:11     J
27  10,4  19,9   15:21   6,3   02:48   7,5   0,1   0,0   0,6   3,7   12:23   JJZ
28   8,4  12,8   12:55   2,4   23:59   9,1   0,0   4,5   1,0   5,3   00:39   VSV
29   6,5  10,8   12:35   2,2   00:43  11,0   0,0   0,0   1,4   5,3   11:28    SV
30   4,7  10,3   14:13   1,0   23:20  12,8   0,0   0,0   2,6   9,4   09:39    SV
31   3,1   8,8   14:08   0,4   23:59  14,4   0,0   0,0   2,3   7,0   05:44    SV
----------------------------------------------------------------------------------
    11,7  25,3    24    -0,5     8   192,7  13,1  41,8   1,7  10,2     1      JV

Max >=  27,0:  0
Max <=   0,0:  0
Min <=   0,0:  1
Min <= -18,0:  0
Max Rain: 17,5 on day 9
Days of Rain: 7 (>= 0,4 mm)  4 (>= 2,0 mm)  0 (>= 20,0 mm)
Heat Base: 17,5  Cool Base: 17,5  Method: Integration



Poslední aktualizace 24.11.2020 10:30:01

Měšíční a roční statistické protokoly ve fromátu NOAA (National Oceanic and Atmospheric Administration)
Original Author: Ken True webmaster@saratoga-weather.org.
Bodged by beteljuice.