Němčany počasí: NOAA reporty

 


NOAA reporty


Report pro 2019 Srp
                   Monthly Climatological Summary for 8 2019

Name: Němčany   City: Němčany   State: Czech Repulic
Elevation: 256 m  Lat: N 49° 10' 12"   Lon: E 016° 54' 59"

                  Temperature (°C), Rain (mm), Wind Speed (m/s)

                                      Heat  Cool        Avg
    Mean                              Deg   Deg         Wind                 Dom
Day Temp  High   Time   Low    Time   Days  Days  Rain  Speed High   Time    Dir
----------------------------------------------------------------------------------
 1  23,4  29,9   16:07  18,0   04:57   0,0   5,9   0,0   1,2   7,8   12:43   ZSZ
 2  21,5  27,6   13:26  16,4   06:09   0,1   4,1   0,0   1,8   8,2   19:55    SV
 3  17,1  24,0   13:35  13,0   05:38   1,2   0,8   8,4   1,2   7,0   14:11   JJZ
 4  19,4  26,8   16:11  12,4   06:09   1,2   3,1   0,0   1,0   7,0   14:43   JJZ
 5  19,9  28,4   16:24  11,3   05:35   1,5   3,9   0,0   1,8   9,0   16:13   JJZ
 6  21,9  29,0   15:22  14,3   05:33   0,5   4,9   0,3   2,3   8,2   12:55   JJZ
 7  23,0  30,6   15:18  16,5   05:26   0,1   5,6  22,3   1,9   7,3   13:43   JJZ
 8  21,4  27,5   16:12  16,3   05:56   0,1   4,0   0,3   1,5   5,3   13:24   JJZ
 9  22,3  30,6   16:40  13,7   06:00   0,6   5,4   0,0   1,2   5,8   14:46   JJZ
10  23,4  32,1   16:36  18,3   23:37   0,0   5,9   8,2   1,5   5,8   03:51    JZ
11  21,9  29,1   17:03  16,2   06:09   0,1   4,5   0,0   0,9   4,1   18:49    JV
12  22,7  31,3   15:00  17,8   23:57   0,0   5,3   4,8   2,2  15,5   23:33   JJV
13  20,0  24,5   14:09  16,5   05:39   0,2   2,7   7,2   1,2   9,4   00:41   ZJZ
14  19,6  24,9   16:18  15,2   06:37   0,5   2,5   0,0   1,6   7,8   19:34     J
15  18,5  25,7   15:57   9,6   05:36   1,9   3,0   0,0   1,1   7,3   15:12   JJZ
16  18,9  23,6   11:38  13,9   23:55   0,4   1,7   3,9   1,1   9,8   14:44    JZ
17  18,4  25,6   14:22  10,9   05:52   1,9   2,8   0,0   1,0   7,0   14:53     J
18  24,2  31,9   17:28  17,7   01:56   0,0   6,7   0,0   2,4   8,5   13:22   JJV
19  25,1  31,7   17:21  20,2   06:36   0,0   7,6   0,0   1,3   5,8   02:07     V
20  24,0  30,3   15:11  19,9   05:10   0,0   6,5   0,0   2,0   8,2   10:59    SV
21  18,6  21,9   00:00  13,8   23:55   0,5   1,5   0,3   2,2  11,9   01:47    SZ
22  18,4  23,7   17:29  13,5   00:55   1,0   1,9   0,0   3,1   9,8   09:08   VSV
23  21,0  28,3   16:20  14,4   06:25   0,6   4,2   0,0   1,9   6,1   09:32    SV
24  23,4  31,4   14:54  17,2   05:56   0,0   5,9   0,0   2,3   7,3   17:48    SV
25  22,5  29,5   16:28  18,0   04:45   0,0   5,0   0,9   1,6   5,3   10:57    SV
26  23,1  31,2   15:10  18,2   04:54   0,0   5,6  13,5   2,1   8,2   17:58    SV
27  22,8  30,5   16:18  18,0   04:09   0,0   5,3   0,3   2,2   6,5   15:25    SV
28  24,5  31,3   15:01  17,9   06:06   0,0   7,0   0,0   1,6   6,5   13:28    JV
29  25,1  32,1   15:03  19,2   04:30   0,0   7,6   0,0   1,7   6,5   15:27    JV
30  24,4  30,2   16:08  18,2   06:30   0,0   6,9   0,0   1,9   7,3   13:46    SV
31  24,4  32,5   15:58  17,5   06:14   0,0   6,9   0,0   1,5   5,8   16:46     V
----------------------------------------------------------------------------------
    21,8  32,5    31     9,6    15    12,4 144,7  70,4   1,7  15,5    12      JV

Max >=  27,0: 22
Max <=   0,0:  0
Min <=   0,0:  0
Min <= -18,0:  0
Max Rain: 22,3 on day 7
Days of Rain: 8 (>= 0,4 mm)  7 (>= 2,0 mm)  1 (>= 20,0 mm)
Heat Base: 17,5  Cool Base: 17,5  Method: Integration



Poslední aktualizace 28.11.2020 2:50:01

Měšíční a roční statistické protokoly ve fromátu NOAA (National Oceanic and Atmospheric Administration)
Original Author: Ken True webmaster@saratoga-weather.org.
Bodged by beteljuice.