Němčany počasí: NOAA reporty

 


NOAA reporty


Report pro 2019 Červnc
                   Monthly Climatological Summary for 7 2019

Name: Němčany   City: Němčany   State: Czech Repulic
Elevation: 256 m  Lat: N 49° 10' 12"   Lon: E 016° 54' 59"

                  Temperature (°C), Rain (mm), Wind Speed (m/s)

                                      Heat  Cool        Avg
    Mean                              Deg   Deg         Wind                 Dom
Day Temp  High   Time   Low    Time   Days  Days  Rain  Speed High   Time    Dir
----------------------------------------------------------------------------------
 1  23,6  35,1   14:46  16,2   05:16   0,1   6,2   7,3   2,0  13,1   16:11     J
 2  22,0  28,6   17:35  16,5   23:36   0,1   4,5   0,0   1,0   5,3   16:45   VSV
 3  19,6  25,8   17:29  12,7   04:09   1,0   3,1   0,0   1,8   6,5   14:24   SSV
 4  19,4  27,2   17:09   9,5   05:29   1,8   3,7   0,0   1,5   6,5   14:09     S
 5  19,2  27,2   17:25  10,6   04:30   1,9   3,6   0,0   1,9   9,8   14:06     Z
 6  21,8  32,6   16:31  10,6   05:03   1,6   6,0   0,0   1,8   9,0   15:39   JJZ
 7  20,7  26,7   15:31  12,6   23:34   0,6   3,7   0,3   2,0  10,6   08:46   ZJZ
 8  17,5  23,8   17:07  10,7   05:52   1,9   2,0   0,0   2,0  10,6   11:40     Z
 9  16,9  23,0   15:24  11,3   00:17   2,0   1,4   0,0   1,5   8,2   15:24   ZJZ
10  17,3  22,2   14:33  10,7   23:57   1,6   1,4   0,0   1,9  11,0   11:20   ZJZ
11  17,7  26,7   15:32   6,7   05:22   3,0   3,2   0,0   1,2   8,5   14:59     Z
12  15,9  21,5   17:41  11,2   02:52   2,1   0,6   2,4   0,9   4,4   08:19     J
13  16,2  20,5   16:05  13,2   02:57   1,7   0,4   2,1   0,9   7,3   16:08    JZ
14  18,6  24,3   13:06  13,7   05:59   1,2   2,3   0,6   1,3   7,8   14:09   VSV
15  16,1  23,6   11:33   8,9   05:16   2,5   1,2   2,1   0,9  10,2   13:05     S
16  17,7  25,3   16:45   9,5   04:17   2,4   2,6   0,0   1,7   9,4   14:58     Z
17  18,7  27,0   16:33   8,4   05:44   2,2   3,4   0,0   1,4   7,3   13:35     Z
18  20,1  29,2   16:58  12,0   05:11   1,1   3,8   0,0   1,5   6,1   15:54   JJV
19  20,7  29,1   17:23  12,6   05:28   1,2   4,4   0,0   1,7  12,2   18:11     J
20  23,7  32,4   16:39  15,9   04:15   0,2   6,4   0,0   1,4   6,5   13:58    JV
21  22,1  29,8   11:37  17,3   03:07   0,0   4,6   8,3   1,5  16,0   12:08   JJZ
22  21,4  29,6   16:59  14,8   04:31   0,5   4,4   3,6   0,8   5,8   11:55   JJV
23  24,6  31,1   17:52  19,0   00:00   0,0   7,1   0,0   1,7   8,5   15:20   SSZ
24  24,7  32,3   17:46  15,0   06:06   0,2   7,4   0,0   1,7   7,0   15:16    SV
25  26,0  34,6   16:40  17,6   05:54   0,0   8,5   0,0   1,8   6,1   14:46   VSV
26  26,3  34,9   16:46  17,5   05:07   0,0   8,8   0,0   1,8   8,5   18:37    SV
27  20,5  23,0   10:05  18,1   23:32   0,0   3,0  17,6   1,6   8,2   07:48   VSV
28  22,2  28,5   15:29  17,6   00:50   0,0   4,7   0,3   2,5   7,3   14:21    SV
29  24,6  32,0   16:39  18,9   05:42   0,0   7,1   0,0   1,8   7,0   17:12   JJZ
30  22,8  28,1   11:14  18,7   04:14   0,0   5,3   9,1   1,6   8,2   11:18     J
31  23,4  30,6   14:54  18,8   05:37   0,0   5,9   0,0   1,3   8,2   15:07    JZ
----------------------------------------------------------------------------------
    20,7  35,1     1     6,7    11    30,9 130,7  53,7   1,6  16,0    21      JZ

Max >=  27,0: 19
Max <=   0,0:  0
Min <=   0,0:  0
Min <= -18,0:  0
Max Rain: 17,6 on day 27
Days of Rain: 9 (>= 0,4 mm)  8 (>= 2,0 mm)  0 (>= 20,0 mm)
Heat Base: 17,5  Cool Base: 17,5  Method: Integration



Poslední aktualizace 21.9.2020 21:20:02

Měšíční a roční statistické protokoly ve fromátu NOAA (National Oceanic and Atmospheric Administration)
Original Author: Ken True webmaster@saratoga-weather.org.
Bodged by beteljuice.