Němčany počasí: NOAA reporty

 


NOAA reporty


Report pro 2019 Červ
                   Monthly Climatological Summary for 6 2019

Name: Němčany   City: Němčany   State: Czech Repulic
Elevation: 256 m  Lat: N 49° 10' 12"   Lon: E 016° 54' 59"

                  Temperature (°C), Rain (mm), Wind Speed (m/s)

                                      Heat  Cool        Avg
    Mean                              Deg   Deg         Wind                 Dom
Day Temp  High   Time   Low    Time   Days  Days  Rain  Speed High   Time    Dir
----------------------------------------------------------------------------------
 1  19,1  26,3   16:40  10,2   05:13   1,8   3,5   0,0   1,3   7,8   15:47   VSV
 2  21,2  28,6   16:46  12,8   04:37   0,9   4,7   0,0   1,3   7,3   12:41    SV
 3  21,8  30,0   15:51  13,4   04:37   0,9   5,2   0,0   1,2   6,5   07:58   VSV
 4  22,1  30,1   15:47  13,4   05:24   0,7   5,2   0,0   1,0   5,3   16:30   JJZ
 5  21,6  30,7   15:19  13,9   04:46   0,6   4,8   0,0   1,7   9,4   17:42   VSV
 6  20,3  24,6   14:22  16,1   05:12   0,1   2,9   0,0   2,5   9,8   03:31   VJV
 7  20,3  26,5   17:36  15,5   05:22   0,4   3,2  30,5   1,1   4,9   02:52     V
 8  19,3  24,9   17:23  13,4   23:59   0,3   2,2   0,0   1,7   8,2   09:17     Z
 9  19,9  27,2   16:12  11,6   01:57   1,4   3,8   0,0   2,6  10,2   10:44    SV
10  23,9  30,4   15:22  15,9   04:47   0,1   6,6   0,0   3,1   8,5   14:12   VJV
11  26,4  31,5   15:23  21,9   22:57   0,0   8,9   0,0   3,6  10,2   17:44   VJV
12  25,9  30,8   15:58  21,1   05:35   0,0   8,4   0,0   3,6  12,2   13:51   VJV
13  24,8  31,6   16:30  18,3   23:15   0,0   7,3  23,8   2,6  10,2   18:53    JV
14  24,1  30,6   16:34  17,7   00:47   0,0   6,6   0,0   2,3   7,3   01:32    SV
15  25,9  33,1   16:13  17,6   04:35   0,0   8,4   0,0   2,1  11,4   23:26   VJV
16  21,8  25,4   10:06  18,3   05:30   0,0   4,3   5,7   2,2  10,6   11:49     V
17  20,7  25,8   15:42  16,6   04:33   0,1   3,3   0,0   2,0   8,2   14:28   VSV
18  22,0  28,0   17:50  15,3   04:46   0,3   4,8   0,0   2,2   6,5   09:17   SSV
19  22,7  30,2   14:26  16,0   04:42   0,2   5,4  49,2   2,3  16,0   21:13   VJV
20  20,6  29,7   16:04  16,4   04:59   0,1   3,2   0,0   1,1  15,1   17:11     J
21  22,2  28,9   15:52  16,1   04:23   0,2   4,9   0,0   1,4   7,0   13:17   ZJZ
22  20,6  26,6   15:35  17,9   04:51   0,0   3,1   0,0   3,2  11,0   13:55    SV
23  21,0  26,0   14:07  17,4   06:48   0,0   3,5  26,3   2,7  11,4   12:54   VSV
24  22,2  27,9   16:53  16,8   05:23   0,1   4,8   0,0   3,1  12,2   13:20   VSV
25  24,8  32,0   14:48  17,0   04:56   0,0   7,3   0,0   2,0   6,5   16:08   VSV
26  26,6  34,0   17:34  18,0   05:06   0,0   9,1   0,0   1,7   7,0   12:29     J
27  25,5  31,6   13:08  16,1   23:59   0,0   8,0   0,0   1,6   9,8   11:42   ZJZ
28  19,7  26,3   16:24  11,1   05:11   1,3   3,5   0,0   1,6   7,3   08:15   VSV
29  20,6  29,4   16:22  10,3   04:47   1,7   4,8   0,0   1,0   7,3   11:13   JJZ
30  24,3  33,4   17:18  12,5   04:57   1,1   7,9   0,0   1,9   9,0   15:38    JV
----------------------------------------------------------------------------------
    22,4  34,0    26    10,2     1    12,3 159,6 135,5   2,1  16,0    19       V

Max >=  27,0: 21
Max <=   0,0:  0
Min <=   0,0:  0
Min <= -18,0:  0
Max Rain: 49,2 on day 19
Days of Rain: 5 (>= 0,4 mm)  5 (>= 2,0 mm)  4 (>= 20,0 mm)
Heat Base: 17,5  Cool Base: 17,5  Method: Integration



Poslední aktualizace 21.9.2020 21:00:02

Měšíční a roční statistické protokoly ve fromátu NOAA (National Oceanic and Atmospheric Administration)
Original Author: Ken True webmaster@saratoga-weather.org.
Bodged by beteljuice.