Němčany počasí: NOAA reporty

 


NOAA reporty


Report pro 2019 Květ
                   Monthly Climatological Summary for 5 2019

Name: Němčany   City: Němčany   State: Czech Repulic
Elevation: 256 m  Lat: N 49° 10' 12"   Lon: E 016° 54' 59"

                  Temperature (°C), Rain (mm), Wind Speed (m/s)

                                      Heat  Cool        Avg
    Mean                              Deg   Deg         Wind                 Dom
Day Temp  High   Time   Low    Time   Days  Days  Rain  Speed High   Time    Dir
----------------------------------------------------------------------------------
 1  15,0  21,4   14:21  10,5   05:40   3,1   0,6   0,0   3,2  10,6   16:45   ZJZ
 2  14,5  22,0   16:29   7,6   05:24   4,0   0,9   0,0   2,0   9,4   12:35    JZ
 3  11,3  15,5   18:06   7,0   02:32   6,2   0,0   0,9   1,3   7,8   15:42   ZJZ
 4  10,6  16,3   15:43   4,8   05:39   6,9   0,0   0,3   2,0   8,5   14:13     J
 5   7,2   9,5   15:14   3,8   05:39  10,3   0,0   3,9   2,9  11,0   10:41   VJV
 6   8,6  12,5   12:58   4,7   04:15   8,9   0,0   1,2   2,7   9,8   11:05   JJZ
 7   7,9  14,3   12:24   0,6   04:51   9,6   0,0   0,0   1,1   9,0   12:38     J
 8  11,0  17,8   14:52   0,3   05:12   6,5   0,0   0,0   3,4  13,4   23:04   VJV
 9  11,7  15,1   18:24   7,9   23:59   5,8   0,0   4,8   2,9  12,6   00:00    JV
10  12,3  20,1   16:51   4,9   03:25   5,4   0,2   0,0   2,0  13,1   14:59   ZJZ
11  13,1  20,6   17:53   3,7   05:52   4,8   0,4   0,6   1,7   9,4   13:06     J
12  11,5  15,1   10:37   8,4   23:42   6,0   0,0   6,0   1,7   7,3   15:40   JJV
13   9,3  13,4   13:20   4,0   23:33   8,2   0,0   0,0   2,8   9,4   15:14   VJV
14   6,5  10,1   11:42   2,0   04:56  11,0   0,0   2,1   2,3  10,6   13:04   VJV
15   8,1  10,6   13:26   6,3   01:50   9,4   0,0   6,0   2,2   7,0   02:36    JV
16  10,5  13,9   14:28   7,6   00:00   7,0   0,0   3,0   0,8   4,9   13:47   VJV
17  13,6  19,3   15:22   8,8   03:01   4,1   0,2   0,0   2,0  10,2   15:38    JV
18  15,4  22,5   16:15   7,0   04:18   3,4   1,3   0,0   2,3   8,2   10:55   VJV
19  15,7  23,5   12:20   8,9   02:30   2,9   1,1   6,8   1,7   8,5   15:15    SV
20  15,6  19,6   18:32  12,4   23:32   2,2   0,3  10,6   3,1  10,2   13:50     V
21  14,7  19,8   13:29   9,2   05:17   2,9   0,2   0,0   1,9   7,0   18:51     J
22  13,5  15,0   12:45  12,4   19:29   4,0   0,0  11,4   3,2  10,6   21:03    JZ
23  12,8  15,2   17:25  11,1   23:23   4,7   0,0   2,1   2,2   8,2   01:28   ZJZ
24  16,1  23,2   16:51   7,9   05:46   3,0   1,6   0,0   1,2   4,9   12:56    SV
25  15,7  24,5   14:31   6,3   05:06   3,3   1,6   0,0   0,9   4,9   12:21   JJZ
26  18,1  24,9   15:40  11,0   01:27   2,0   2,6   0,0   1,3   7,8   15:20     J
27  17,9  24,8   14:31  11,3   03:45   1,8   2,2   6,0   2,0   9,4   18:28   JJV
28  15,5  16,9   13:45  13,5   23:37   2,0   0,0  31,4   1,4   6,5   02:23   JJV
29  14,0  16,8   15:27  12,1   04:29   3,5   0,0   0,3   1,9   8,2   14:24   VJV
30  13,6  16,9   15:58  11,0   23:58   3,9   0,0   0,0   2,7   9,4   06:56     V
31  17,1  24,6   17:45  10,1   03:53   2,5   2,1   0,0   1,4   8,2   13:44    SV
----------------------------------------------------------------------------------
    12,9  24,9    26     0,3     8   159,3  15,3  97,4   2,1  13,4     8     JJV

Max >=  27,0:  0
Max <=   0,0:  0
Min <=   0,0:  0
Min <= -18,0:  0
Max Rain: 31,4 on day 28
Days of Rain: 15 (>= 0,4 mm)  12 (>= 2,0 mm)  1 (>= 20,0 mm)
Heat Base: 17,5  Cool Base: 17,5  Method: Integration



Poslední aktualizace 21.9.2020 20:30:02

Měšíční a roční statistické protokoly ve fromátu NOAA (National Oceanic and Atmospheric Administration)
Original Author: Ken True webmaster@saratoga-weather.org.
Bodged by beteljuice.