Němčany počasí: NOAA reporty

 


NOAA reporty


Report pro 2019 Dub
                   Monthly Climatological Summary for 4 2019

Name: Němčany   City: Němčany   State: Czech Repulic
Elevation: 256 m  Lat: N 49° 10' 12"   Lon: E 016° 54' 59"

                  Temperature (°C), Rain (mm), Wind Speed (m/s)

                                      Heat  Cool        Avg
    Mean                              Deg   Deg         Wind                 Dom
Day Temp  High   Time   Low    Time   Days  Days  Rain  Speed High   Time    Dir
----------------------------------------------------------------------------------
 1   9,3  14,3   15:12   4,5   06:47   8,2   0,0   0,0   5,7  16,3   13:36   VSV
 2  11,0  18,7   16:46   2,9   04:48   6,6   0,1   0,0   3,8  10,2   21:23     V
 3  13,7  17,6   13:56  10,1   01:03   3,8   0,0   0,0   6,3  13,9   09:06   VJV
 4  14,5  18,6   14:31  10,4   06:53   3,0   0,0   0,0   6,7  16,7   09:35   VJV
 5  14,7  21,0   13:26   9,3   06:16   3,3   0,6   0,0   3,3  11,0   13:39   VJV
 6  10,5  13,9   15:59   4,5   23:58   7,0   0,0   4,2   1,4   7,0   01:17   VSV
 7  10,0  18,5   16:36   2,9   02:16   7,5   0,0   0,0   2,9   8,2   08:13   SSV
 8  13,2  20,5   15:36   6,4   06:20   4,8   0,5   0,0   2,8   9,4   17:33   SSV
 9  12,9  19,5   13:58   5,1   06:37   4,9   0,3   0,0   3,4  11,0   17:10   VSV
10   8,7  11,2   12:29   6,1   23:51   8,8   0,0   0,0   5,6  13,4   16:52   VSV
11   7,0  10,7   14:23   4,9   06:46  10,5   0,0   0,0   5,3  14,6   11:47     V
12   6,2  10,1   12:53   3,5   06:38  11,3   0,0   0,0   4,6  15,1   12:27     V
13   4,5   6,0   14:24   3,3   07:15  13,0   0,0   0,9   2,6   9,0   11:24   VJV
14   8,6  15,5   16:18   3,7   00:00   8,9   0,0   0,0   3,4  11,9   10:46   VSV
15   9,9  15,3   16:17   5,2   23:56   7,6   0,0   0,0   3,6  12,6   11:27    SV
16   9,5  18,0   16:06   0,5   06:07   8,0   0,0   0,0   2,2   7,0   15:05   SSV
17  10,4  17,3   15:34   2,3   02:54   7,1   0,0   0,0   4,5  14,3   12:13    SV
18  13,5  21,8   16:53   4,4   05:50   4,8   0,8   0,0   2,8  10,2   09:34   SSV
19  15,2  23,1   15:07   8,3   06:06   3,7   1,4   0,0   3,2   9,8   15:55   SSV
20  15,0  23,6   16:46   2,8   06:28   4,3   1,7   0,0   2,0   7,8   14:13    SV
21  14,9  22,0   15:48   5,0   06:32   3,6   1,0   0,0   2,6   9,0   13:48    SV
22  12,9  19,2   15:18   5,2   05:05   4,8   0,2   0,0   3,6  11,9   13:46    SV
23  11,0  14,7   11:05   8,5   04:38   6,5   0,0   6,9   4,8  13,1   12:56     V
24  15,1  20,6   14:54  10,6   05:00   2,9   0,6   0,0   6,2  14,3   08:34   VJV
25  19,8  26,1   15:28  13,9   05:56   0,8   3,0   0,0   3,8  10,2   01:24   VJV
26  18,7  26,4   14:14   9,5   05:59   1,7   2,9   0,0   2,7  10,2   22:12   JJV
27  12,4  16,4   15:01   8,1   21:48   5,1   0,0   0,0   2,7   8,5   02:18   ZJZ
28  11,1  16,6   13:28   5,2   03:28   6,4   0,0   0,0   2,3  11,4   13:14   ZJZ
29  10,5  13,1   13:50   8,1   06:24   7,0   0,0   4,2   1,8   6,5   13:44     Z
30  13,0  18,7   15:56   9,0   02:52   4,6   0,1   6,9   2,2   9,0   14:19    JV
----------------------------------------------------------------------------------
    11,9  26,4    26     0,5    16   180,5  13,2  23,1   3,6  16,7     4       V

Max >=  27,0:  0
Max <=   0,0:  0
Min <=   0,0:  0
Min <= -18,0:  0
Max Rain: 6,9 on day 23
Days of Rain: 5 (>= 0,4 mm)  4 (>= 2,0 mm)  0 (>= 20,0 mm)
Heat Base: 17,5  Cool Base: 17,5  Method: Integration



Poslední aktualizace 9.7.2020 21:50:01

Měšíční a roční statistické protokoly ve fromátu NOAA (National Oceanic and Atmospheric Administration)
Original Author: Ken True webmaster@saratoga-weather.org.
Bodged by beteljuice.