Němčany počasí: NOAA reporty

 


NOAA reporty


Report pro 2019 Led
                   Monthly Climatological Summary for 1 2019

Name: Němčany   City: Němčany   State: Czech Repulic
Elevation: 256 m  Lat: N 49° 10' 12"   Lon: E 016° 54' 59"

                  Temperature (°C), Rain (mm), Wind Speed (m/s)

                                      Heat  Cool        Avg
    Mean                              Deg   Deg         Wind                 Dom
Day Temp  High   Time   Low    Time   Days  Days  Rain  Speed High   Time    Dir
----------------------------------------------------------------------------------
 1   3,3   6,5   15:53  -2,0   00:00  14,2   0,0   0,9   1,4  11,0   21:08   ZJZ
 2   2,2   4,7   00:00  -1,8   23:55  15,3   0,0   0,0   4,2  16,7   02:13     Z
 3  -2,0   0,9   14:22  -4,7   23:57  19,5   0,0   0,0   1,8  11,4   05:34     Z
 4  -2,5   0,0   23:38  -5,4   02:12  20,0   0,0   0,0   1,0   5,8   13:05    JZ
 5   2,2   4,9   14:43   0,0   00:00  15,3   0,0   3,0   0,8   5,8   18:39   ZJZ
 6   1,1   2,9   11:35  -1,1   23:52  16,4   0,0   0,0   1,8   9,8   14:05   ZJZ
 7  -2,3  -1,1   00:00  -3,5   08:05  19,8   0,0   0,0   0,6   6,1   00:13   JJV
 8   0,5   2,8   18:26  -3,0   00:09  17,0   0,0   8,8   1,4   6,1   07:09   JJZ
 9   1,4   2,7   11:44  -0,2   22:33  16,1   0,0   0,6   0,3   5,3   03:05   ZJZ
10   1,0   2,5   12:33  -0,1   00:00  16,5   0,0   0,9   0,3   7,3   11:10   ZJZ
11  -0,6   2,7   11:41  -2,0   15:55  18,1   0,0   0,0   1,9   8,2   13:11   ZJZ
12   2,0   3,4   17:56  -1,2   00:00  15,5   0,0   0,9   1,4   7,0   07:49    JZ
13   3,2   5,2   12:49   2,0   07:24  14,3   0,0   3,3   1,6   9,0   19:54    JZ
14   2,6   5,3   11:24  -1,6   23:08  14,9   0,0   0,6   3,2  16,3   10:45     Z
15   1,6   4,7   23:56  -2,0   00:27  15,9   0,0   0,0   3,9  20,4   12:12   ZJZ
16   4,4   6,9   13:43   0,9   23:40  13,1   0,0   0,0   2,3  11,0   00:36     Z
17   3,8   9,2   14:15  -1,5   03:59  13,7   0,0   0,0   0,9   8,5   14:05    JZ
18   1,7   6,0   00:00  -6,0   23:47  15,8   0,0   0,0   1,7   9,8   03:31     Z
19  -3,5   0,7   13:21  -7,8   05:34  21,0   0,0   0,0   1,9   6,5   23:44   SSV
20  -1,4   1,0   13:56  -4,1   23:49  18,9   0,0   0,0   1,8   7,0   00:18   SSV
21  -4,3   0,0   14:37  -7,3   07:53  21,8   0,0   0,0   1,3   9,4   10:52    SV
22  -7,1  -4,4   14:14 -10,3   04:52  24,6   0,0   0,0   0,5   4,4   01:22    SV
23  -5,7  -3,5   20:57  -7,9   08:30  23,2   0,0   0,0   3,2  10,6   23:47   VSV
24  -4,0  -3,4   13:12  -4,5   07:03  21,5   0,0   0,0   2,3   9,4   01:20     V
25  -3,1  -0,4   13:32  -4,8   19:24  20,6   0,0   0,0   0,4   7,0   11:18     Z
26  -1,4   1,3   23:22  -4,6   05:57  18,9   0,0   0,0   0,9   5,8   12:53   JJZ
27   1,5   3,9   10:09   0,2   05:53  16,0   0,0   1,5   1,3  11,4   12:51   JJV
28  -0,6   2,5   15:41  -8,2   23:39  18,1   0,0  13,3   0,3   4,9   11:30   JJZ
29  -2,7   5,0   14:29 -10,3   23:41  20,2   0,0   0,0   0,4   9,8   12:28    JZ
30  -6,3  -1,6   15:34 -11,4   01:22  23,8   0,0   0,0   2,4   8,5   16:59     S
31  -1,9   1,5   12:05  -5,7   00:22  19,4   0,0   0,0   0,3   6,1   23:19    JV
----------------------------------------------------------------------------------
    -0,5   9,2    17   -11,4    30   559,4   0,0  33,8   1,5  20,4    15     ZJZ

Max >=  27,0:  0
Max <=   0,0:  8
Min <=   0,0: 28
Min <= -18,0:  0
Max Rain: 13,3 on day 28
Days of Rain: 10 (>= 0,4 mm)  4 (>= 2,0 mm)  0 (>= 20,0 mm)
Heat Base: 17,5  Cool Base: 17,5  Method: Integration



Poslední aktualizace 9.7.2020 23:20:01

Měšíční a roční statistické protokoly ve fromátu NOAA (National Oceanic and Atmospheric Administration)
Original Author: Ken True webmaster@saratoga-weather.org.
Bodged by beteljuice.