Němčany počasí: NOAA reporty

 


NOAA reporty


Report pro 2018 Pros
                   Monthly Climatological Summary for 12 2018

Name: Němčany   City: Němčany   State: Czech Repulic
Elevation: 256 m  Lat: N 49° 10' 12"   Lon: E 016° 54' 59"

                  Temperature (°C), Rain (mm), Wind Speed (m/s)

                                      Heat  Cool        Avg
    Mean                              Deg   Deg         Wind                 Dom
Day Temp  High   Time   Low    Time   Days  Days  Rain  Speed High   Time    Dir
----------------------------------------------------------------------------------
 1  -2,7  -1,6   23:59  -3,9   00:02  20,2   0,0   0,0   0,4   4,9   11:44   JJZ
 2  -0,8   0,3   23:29  -1,6   00:00  18,3   0,0   0,0   1,6   7,8   10:08     J
 3   2,0   4,0   23:00   0,2   00:37  15,5   0,0   6,3   1,2   6,1   22:08   JJZ
 4   4,8  10,0   12:57  -0,6   23:17  12,7   0,0   1,5   0,7   8,2   14:05    JZ
 5   0,4   6,1   11:21  -3,8   23:29  17,1   0,0   0,0   0,3   4,4   11:34   JJZ
 6  -0,1   2,8   13:46  -4,4   06:47  17,6   0,0   0,6   1,0   7,0   02:18    SV
 7   3,0   5,2   14:24   0,9   00:00  14,5   0,0   0,6   0,6   7,0   17:42   JJZ
 8   5,1   8,9   13:37   3,4   07:17  12,4   0,0   1,5   0,9   7,3   13:25    JZ
 9   6,0   9,6   12:51   3,2   01:24  11,5   0,0   0,6   1,7  10,6   13:30    JZ
10   3,7   6,8   11:05  -0,8   23:24  13,8   0,0   0,6   2,3  13,1   11:45     Z
11   1,7   3,2   13:45   0,0   01:46  15,8   0,0   1,5   0,9   7,3   15:07   ZJZ
12   0,5   2,5   12:05  -1,6   23:21  17,0   0,0   0,0   0,0   3,2   01:44   SSV
13  -1,0   0,6   14:22  -3,9   23:30  18,5   0,0   0,0   1,8   9,0   10:56   VSV
14  -1,4   1,4   13:56  -5,1   01:17  18,9   0,0   0,0   1,8   7,8   05:13   VSV
15  -0,4   0,6   11:53  -0,9   23:27  17,9   0,0   0,0   1,8  10,6   09:50     V
16  -1,2  -0,3   10:40  -1,6   06:12  18,7   0,0   0,0   0,5   5,8   14:09   JJV
17  -0,8   0,4   15:08  -1,7   02:21  18,3   0,0   0,0   0,2   3,7   06:29    JZ
18   1,0   2,9   14:17  -0,6   02:33  16,5   0,0   0,0   0,0   3,7   17:41     S
19   0,6   2,6   11:28  -1,6   05:14  16,9   0,0   0,0   2,3   9,8   23:21   VJV
20  -2,0  -0,6   00:00  -2,7   08:18  19,5   0,0   0,0   2,1  11,0   02:31     J
21  -0,3   1,5   14:12  -2,2   00:00  17,8   0,0   0,6   3,0   8,2   17:19   JJZ
22   5,0   9,1   14:06   1,3   00:00  12,5   0,0   2,4   1,6  13,1   15:26   ZJZ
23   5,6   8,9   12:32   3,5   06:31  11,9   0,0   2,7   0,4   6,1   13:57   ZJZ
24   3,6   5,7   00:06   0,9   22:41  13,9   0,0   7,2   1,7  11,4   16:39     Z
25   2,3   4,5   14:08   0,3   06:48  15,2   0,0   0,0   1,7   9,4   00:09   ZJZ
26   3,6   5,1   13:12   2,6   21:24  13,9   0,0   0,3   0,9   6,5   01:16   ZJZ
27   5,1  10,0   13:46   2,7   00:00  12,4   0,0   0,0   0,0   3,7   13:16   JJZ
28   5,1   8,7   13:07   3,2   00:06  12,4   0,0   1,2   1,0  11,4   14:49     Z
29   5,0   6,2   13:40   3,0   23:58  12,5   0,0   0,0   1,5   7,0   00:35   ZJZ
30   3,8   6,3   15:09   1,2   05:42  13,7   0,0   0,6   1,6   7,3   15:29   ZJZ
31   3,4   8,5   13:19  -2,0   23:41  14,1   0,0   0,0   1,0   7,3   04:26     Z
----------------------------------------------------------------------------------
     2,0  10,0     4    -5,1    14   481,9   0,0  28,2   1,2  13,1    10      JZ

Max >=  27,0:  0
Max <=   0,0:  3
Min <=   0,0: 18
Min <= -18,0:  0
Max Rain: 7,2 on day 24
Days of Rain: 14 (>= 0,4 mm)  4 (>= 2,0 mm)  0 (>= 20,0 mm)
Heat Base: 17,5  Cool Base: 17,5  Method: Integration



Poslední aktualizace 8.7.2020 13:40:02

Měšíční a roční statistické protokoly ve fromátu NOAA (National Oceanic and Atmospheric Administration)
Original Author: Ken True webmaster@saratoga-weather.org.
Bodged by beteljuice.