Němčany počasí: NOAA reporty

 


NOAA reporty


Report pro 2018 List
                   Monthly Climatological Summary for 11 2018

Name: Němčany   City: Němčany   State: Czech Repulic
Elevation: 256 m  Lat: N 49° 10' 12"   Lon: E 016° 54' 59"

                  Temperature (°C), Rain (mm), Wind Speed (m/s)

                                      Heat  Cool        Avg
    Mean                              Deg   Deg         Wind                 Dom
Day Temp  High   Time   Low    Time   Days  Days  Rain  Speed High   Time    Dir
----------------------------------------------------------------------------------
 1  14,3  16,7   13:08  12,1   06:53   3,2   0,0   0,3   4,6  13,9   09:48   VJV
 2  13,8  19,8   14:14   6,9   06:25   4,0   0,3   5,1   1,7   7,3   00:33    SV
 3  11,6  12,9   00:00  10,2   20:33   5,9   0,0   3,3   3,5  10,6   20:41    SV
 4  11,5  18,2   15:06   7,5   22:58   6,0   0,0   0,0   2,8   9,0   12:02    SV
 5  12,8  18,3   15:06   6,7   00:50   4,7   0,0   0,0   3,4  13,4   19:32   VJV
 6  13,6  18,0   14:22   8,9   05:58   3,9   0,0   0,0   4,6  11,9   12:05   VJV
 7  12,5  16,7   12:34  10,2   06:32   5,0   0,0   0,0   2,5  10,6   09:32   VJV
 8  10,1  11,5   00:00   7,0   05:36   7,4   0,0   0,0   0,2   4,1   00:06    JV
 9  11,5  14,8   11:46   8,9   07:05   6,0   0,0   0,0   2,1   7,0   11:56     V
10  10,2  12,5   11:16   8,5   03:17   7,3   0,0   0,0   2,5   8,5   19:26    JV
11   8,3  10,7   00:00   3,5   21:24   9,2   0,0   0,0   1,5   7,0   01:31   JJV
12   9,3  14,8   13:46   2,9   07:21   8,2   0,0   0,0   1,4   6,5   14:51     V
13   8,6  12,2   12:46   4,4   07:16   8,9   0,0   0,0   0,9   4,9   18:07    JZ
14   5,9  13,7   13:12   1,0   23:33  11,6   0,0   0,3   0,6   5,8   12:43     Z
15   5,2  11,5   14:18   0,5   03:02  12,3   0,0   0,0   1,6   8,2   12:05    SV
16   4,5   9,2   14:15   2,0   22:26  13,0   0,0   0,0   2,8   9,4   09:48   VSV
17   2,3   5,9   12:38  -0,9   06:55  15,2   0,0   0,0   4,0  12,2   02:28   VSV
18   0,7   2,8   11:10  -1,5   06:29  16,9   0,0   0,0   3,5   9,4   01:39     V
19   0,9   2,7   14:05  -0,3   04:09  16,6   0,0   0,0   5,2  15,5   10:16   VSV
20   1,0   1,9   12:08   0,2   08:17  16,6   0,0   0,0   4,8  12,2   11:59    SV
21   1,6   2,4   12:19   0,9   00:00  15,9   0,0   2,1   4,2  11,9   13:47   VSV
22   1,8   2,4   15:49   1,2   01:56  15,7   0,0   0,3   3,0   7,8   02:19   VSV
23   4,7   6,0   18:17   2,4   00:00  12,8   0,0   0,0   3,0   9,0   22:12     V
24   5,5   6,1   13:20   5,0   09:05  12,0   0,0   0,6   2,2  10,2   03:32    JV
25   5,6   6,2   12:17   5,1   06:14  11,9   0,0   0,0   1,4   8,5   22:21   VSV
26   5,3   6,4   11:05   2,4   23:53  12,2   0,0   0,3   6,6  16,0   10:05     V
27   0,4   2,4   00:00  -0,4   16:09  17,2   0,0   0,0   4,2  11,0   12:53   VJV
28  -0,2   4,6   12:54  -4,0   23:54  17,7   0,0   0,0   1,5   9,0   12:08     V
29  -1,9   2,5   13:50  -7,8   07:34  19,4   0,0   0,0   2,7  11,9   20:58   VJV
30  -1,5   1,7   12:21  -3,8   23:23  19,0   0,0   0,0   3,9  11,0   08:05   VJV
----------------------------------------------------------------------------------
     6,3  19,8     2    -7,8    29   335,7   0,3  12,3   2,9  16,0    26       V

Max >=  27,0:  0
Max <=   0,0:  0
Min <=   0,0:  7
Min <= -18,0:  0
Max Rain: 5,1 on day 2
Days of Rain: 4 (>= 0,4 mm)  3 (>= 2,0 mm)  0 (>= 20,0 mm)
Heat Base: 17,5  Cool Base: 17,5  Method: Integration



Poslední aktualizace 8.7.2020 13:20:01

Měšíční a roční statistické protokoly ve fromátu NOAA (National Oceanic and Atmospheric Administration)
Original Author: Ken True webmaster@saratoga-weather.org.
Bodged by beteljuice.