Němčany počasí: NOAA reporty

 


NOAA reporty


Report pro 2018 Říj
                   Monthly Climatological Summary for 10 2018

Name: Němčany   City: Němčany   State: Czech Repulic
Elevation: 256 m  Lat: N 49° 10' 12"   Lon: E 016° 54' 59"

                  Temperature (°C), Rain (mm), Wind Speed (m/s)

                                      Heat  Cool        Avg
    Mean                              Deg   Deg         Wind                 Dom
Day Temp  High   Time   Low    Time   Days  Days  Rain  Speed High   Time    Dir
----------------------------------------------------------------------------------
 1   9,8  16,7   14:38   2,7   06:38   7,7   0,0   0,6   1,9   9,0   11:49   JJZ
 2   9,2  11,9   14:37   7,0   21:12   8,3   0,0   1,5   1,8  11,4   13:48     Z
 3  11,1  17,2   14:57   7,4   22:25   6,4   0,0   3,0   2,6  13,1   15:01   ZJZ
 4  10,4  18,8   15:20   4,7   07:13   7,1   0,1   0,0   1,1   6,1   11:41   JJZ
 5  12,0  20,1   16:07   4,2   05:42   5,8   0,3   0,0   2,6   8,5   12:16    JV
 6  16,4  22,5   15:20  11,4   06:47   2,2   1,0   0,0   3,8  10,6   15:07    JV
 7  16,3  20,0   14:22  14,6   06:25   1,4   0,3   0,0   1,4   8,2   00:54   VJV
 8  13,9  19,7   15:10   9,8   22:55   3,8   0,3   0,0   2,7   8,5   01:13   VSV
 9  14,3  24,2   16:08   7,0   07:23   4,6   1,4   0,0   1,2   8,2   09:13     S
10  15,6  24,3   14:59  10,2   06:24   3,5   1,5   0,0   1,7   7,3   15:19     V
11  15,4  23,9   15:08   8,1   05:21   3,8   1,8   0,0   1,9   8,5   15:36    JV
12  16,7  23,6   15:17   9,3   23:55   2,3   1,6   0,0   2,1   9,0   14:06    JV
13  14,6  23,0   13:59   8,7   01:16   4,2   1,3   0,0   1,8   7,8   13:49   VJV
14  14,5  23,0   14:52   7,5   05:50   4,3   1,3   0,0   2,4  10,2   11:49    JV
15  16,6  21,8   14:25  11,8   07:15   1,8   0,8   0,0   3,0   9,4   12:48   VJV
16  16,3  21,9   14:06  11,8   07:46   2,2   1,0   0,0   2,2   9,8   12:59   VJV
17  14,6  21,8   14:40   9,5   07:22   3,7   0,8   0,9   1,2   7,0   14:44    JV
18  14,0  20,4   15:31   9,4   23:58   3,8   0,2   0,3   3,1   7,8   07:22   SSV
19  12,7  19,8   14:35   7,9   07:48   5,1   0,3   0,0   1,9   7,0   15:26   VSV
20  10,6  17,3   14:06   6,0   06:57   6,9   0,0   0,3   1,2   8,2   16:34   JJZ
21   7,8  11,6   13:26   2,0   02:23   9,7   0,0   0,0   1,8   9,8   13:51   VJV
22   8,5  18,0   15:26   0,1   07:42   9,0   0,0   0,0   0,8   4,1   12:16     J
23  10,3  12,4   17:18   6,3   07:54   7,2   0,0   0,0   3,4  13,1   19:21   ZJZ
24   9,2  12,2   01:56   1,9   23:54   8,3   0,0   4,2   4,4  16,7   02:29     Z
25   9,9  14,8   14:33   1,9   00:00   7,6   0,0   0,0   2,2  13,1   13:35   ZJZ
26  10,9  14,9   15:25   7,7   23:43   6,6   0,0   0,0   1,6   7,0   15:05   JJZ
27   8,5  10,4   12:35   6,8   07:55   9,0   0,0   5,4   0,6   5,8   11:15    JZ
28   6,7   8,4   12:46   5,5   04:31  11,2   0,0   2,1   5,6  13,4   08:35   VSV
29  13,5  19,7   13:02   7,3   00:05   4,7   0,7   0,6   6,0  15,5   23:38   VSV
30  16,9  19,0   00:25  10,1   23:59   1,1   0,5   0,6   6,5  19,2   00:16   JJV
31  11,8  18,3   15:21   3,8   06:12   5,7   0,0   0,0   2,5  11,9   22:14   VJV
----------------------------------------------------------------------------------
    12,5  24,3    10     0,1    22   169,0  15,2  19,5   2,5  19,2    30     VJV

Max >=  27,0:  0
Max <=   0,0:  0
Min <=   0,0:  0
Min <= -18,0:  0
Max Rain: 5,4 on day 27
Days of Rain: 9 (>= 0,4 mm)  4 (>= 2,0 mm)  0 (>= 20,0 mm)
Heat Base: 17,5  Cool Base: 17,5  Method: Integration



Poslední aktualizace 9.7.2020 23:20:01

Měšíční a roční statistické protokoly ve fromátu NOAA (National Oceanic and Atmospheric Administration)
Original Author: Ken True webmaster@saratoga-weather.org.
Bodged by beteljuice.