Němčany počasí: NOAA reporty

 


NOAA reporty


Report pro 2018 Zář
                   Monthly Climatological Summary for 9 2018

Name: Němčany   City: Němčany   State: Czech Repulic
Elevation: 256 m  Lat: N 49° 10' 12"   Lon: E 016° 54' 59"

                  Temperature (°C), Rain (mm), Wind Speed (m/s)

                                      Heat  Cool        Avg
    Mean                              Deg   Deg         Wind                 Dom
Day Temp  High   Time   Low    Time   Days  Days  Rain  Speed High   Time    Dir
----------------------------------------------------------------------------------
 1  18,7  22,5   15:42  16,0   07:36   0,1   1,3  23,4   2,3   8,5   15:26   VSV
 2  19,9  24,5   16:59  17,0   02:59   0,1   2,5   1,2   3,3  10,2   17:06   VSV
 3  20,2  24,7   16:44  16,7   05:55   0,1   2,8  15,9   2,6   7,8   00:38    SV
 4  19,7  24,5   14:43  16,6   06:12   0,1   2,4   0,0   1,3   8,2   17:20     V
 5  20,5  26,7   15:04  15,3   03:47   0,4   3,4   0,0   1,7   7,8   11:55   VSV
 6  19,6  26,3   14:51  13,4   06:39   0,9   2,9   0,0   1,6   7,8   10:53    SV
 7  19,6  26,8   14:43  11,6   06:36   1,6   3,7   0,0   1,4   7,0   15:10    JZ
 8  20,6  26,1   15:15  16,4   23:55   0,1   3,2   0,0   1,6   9,0   13:50   ZSZ
 9  19,2  26,5   15:58  12,3   05:09   1,4   3,1   0,0   1,2   5,8   22:52    SV
10  19,8  27,5   15:11  12,2   05:04   1,3   3,6   0,0   1,2   7,8   13:16    JZ
11  20,4  28,6   15:53  15,3   01:38   0,7   3,5   0,0   1,1   9,0   13:56    JZ
12  20,4  29,8   15:43  11,3   06:32   1,5   4,4   0,0   1,4   7,8   15:46   JJZ
13  21,7  29,5   15:12  15,4   05:42   0,5   4,7   0,0   1,4   7,0   07:33   VSV
14  18,0  19,9   14:31  16,5   23:48   0,1   0,6  12,3   1,2   7,0   10:10     V
15  18,1  24,2   14:30  13,1   06:38   1,2   1,8   0,3   0,9   4,9   13:25    JZ
16  17,5  24,9   15:44  10,6   06:34   2,0   1,9   0,0   1,5   4,4   13:30    SV
17  18,7  26,3   15:26  12,5   05:58   1,4   2,6   0,0   2,2   9,8   03:10   SSV
18  20,5  28,1   14:59  13,8   03:30   1,1   4,1   0,0   2,0   9,8   16:13   JJV
19  18,8  26,1   15:20  11,8   06:50   1,5   2,8   0,0   1,2   7,0   12:27   JJZ
20  19,7  28,6   17:03  12,8   06:48   1,4   3,6   0,0   0,7   4,9   12:16   JJZ
21  20,7  27,7   15:39  12,2   06:31   1,3   4,5   0,0   2,3  10,6   12:24   JJV
22  16,3  20,8   00:00  12,9   07:52   1,9   0,6   6,9   2,0  10,2   02:15     Z
23  14,2  17,2   14:55  11,9   06:36   3,3   0,0   3,0   3,2  18,4   21:34     J
24  11,3  15,5   01:41   7,2   23:12   6,2   0,0   1,8   3,6  14,6   03:06     Z
25   7,9  13,4   12:37   2,5   23:57   9,6   0,0   0,0   1,3   7,0   11:52     Z
26   7,8  15,9   16:20   0,2   06:39   9,7   0,0   0,0   1,6   9,0   12:57   JJZ
27  11,6  20,7   16:50   6,2   08:15   6,3   0,4   0,0   1,5   5,8   14:08    JZ
28  14,0  22,4   15:35   6,4   06:06   4,4   0,9   0,0   1,8   7,0   23:33   JJZ
29  11,1  16,7   15:19   5,9   23:12   6,4   0,0   0,0   2,1   9,0   14:44   VSV
30   9,2  17,5   15:04   2,0   06:47   8,3   0,0   0,0   1,7   8,5   13:48   JJV
----------------------------------------------------------------------------------
    17,2  29,8    12     0,2    26    74,9  65,3  64,8   1,8  18,4    23     JJV

Max >=  27,0:  7
Max <=   0,0:  0
Min <=   0,0:  0
Min <= -18,0:  0
Max Rain: 23,4 on day 1
Days of Rain: 7 (>= 0,4 mm)  5 (>= 2,0 mm)  1 (>= 20,0 mm)
Heat Base: 17,5  Cool Base: 17,5  Method: Integration



Poslední aktualizace 10.7.2020 0:10:01

Měšíční a roční statistické protokoly ve fromátu NOAA (National Oceanic and Atmospheric Administration)
Original Author: Ken True webmaster@saratoga-weather.org.
Bodged by beteljuice.