Němčany počasí: NOAA reporty

 


NOAA reporty


Report pro 2018 Srp
                   Monthly Climatological Summary for 8 2018

Name: Němčany   City: Němčany   State: Czech Repulic
Elevation: 256 m  Lat: N 49° 10' 12"   Lon: E 016° 54' 59"

                  Temperature (°C), Rain (mm), Wind Speed (m/s)

                                      Heat  Cool        Avg
    Mean                              Deg   Deg         Wind                 Dom
Day Temp  High   Time   Low    Time   Days  Days  Rain  Speed High   Time    Dir
----------------------------------------------------------------------------------
 1  26,5  33,7   15:18  20,6   03:50   0,0   9,0   0,0   2,2   8,2   10:58   VSV
 2  27,5  35,3   16:10  20,3   03:54   0,0  10,0   0,0   2,0   9,8   14:15   VSV
 3  28,0  34,3   14:54  22,3   05:34   0,0  10,5   0,0   3,6  11,0   13:59    SV
 4  27,1  34,7   15:24  18,3   06:13   0,0   9,6   0,0   2,0   6,5   13:26    JZ
 5  26,1  31,6   11:17  20,1   05:49   0,0   8,6   0,0   1,6   8,2   13:14   VSV
 6  24,9  32,0   16:28  19,2   05:17   0,0   7,4   0,0   2,1   7,3   08:45    SV
 7  25,9  33,9   16:06  16,4   05:51   0,1   8,4   0,0   3,0  10,6   14:40    SV
 8  27,8  34,7   16:51  21,5   23:18   0,0  10,3   0,3   3,4  13,1   12:42   JJV
 9  27,9  35,6   15:37  19,6   05:50   0,0  10,4   0,0   3,3  11,9   13:19    JV
10  26,2  31,9   12:47  18,9   23:59   0,0   8,7   0,6   2,2   9,4   11:05    JZ
11  21,5  27,8   17:15  17,2   04:21   0,0   4,0   1,5   1,4   9,8   15:08   JJZ
12  22,4  29,7   16:41  14,3   05:34   0,6   5,5   0,0   1,8   7,0   14:59    JV
13  26,2  33,7   16:21  19,0   05:17   0,0   8,7   0,0   2,5   8,5   13:30   JJV
14  24,7  30,3   15:12  19,8   05:50   0,0   7,2   0,0   2,1   9,0   15:33   ZJZ
15  22,9  28,6   15:33  17,9   02:43   0,0   5,4   0,0   1,8   8,2   15:35     Z
16  22,3  29,5   16:52  13,5   06:13   0,7   5,4   0,0   2,2   8,2   13:06    SV
17  24,1  32,1   15:13  15,6   05:42   0,1   6,7   0,0   2,0   6,5   11:13     V
18  24,7  34,1   16:22  14,7   05:54   0,4   7,6   0,0   1,7   7,8   16:41    SV
19  26,3  33,7   13:33  18,6   05:11   0,0   8,8   0,0   2,0   6,1   00:56    SV
20  26,2  34,4   14:26  17,6   06:18   0,0   8,7   0,0   1,4   9,0   11:35    JZ
21  24,9  31,4   15:45  18,5   05:42   0,0   7,4   0,0   2,4   8,2   19:35   VSV
22  24,8  33,2   14:53  17,2   05:35   0,0   7,3   0,0   2,2   7,3   10:45    SV
23  26,9  34,3   15:12  19,4   05:16   0,0   9,4   0,0   2,9  11,0   12:33   JJV
24  23,5  28,4   12:19  18,9   23:59   0,0   6,0   3,9   2,9  12,2   13:48   JJZ
25  19,3  22,0   13:19  15,4   23:51   0,1   1,8   2,1   2,2   8,2   12:46    JZ
26  15,2  20,1   16:24  10,9   23:57   2,7   0,3   4,5   1,8   8,5   15:26   VSV
27  16,2  24,7   16:44   7,0   06:15   3,3   2,0   0,0   1,4   7,0   16:13   JJZ
28  20,7  28,1   16:22  14,3   06:51   0,8   4,0   0,0   1,4   7,8   14:40   VSV
29  20,8  29,3   15:46  13,4   06:32   0,9   4,2   0,0   2,4   7,3   12:28    SV
30  20,8  27,9   14:22  14,6   05:28   0,5   3,8   0,0   2,6   9,8   16:23    JZ
31  19,6  25,7   14:22  13,4   06:52   0,9   3,0   0,3   1,4   7,0   13:01   VSV
----------------------------------------------------------------------------------
    23,9  35,6     9     7,0    27    11,1 210,1  13,2   2,2  13,1     8     VJV

Max >=  27,0: 27
Max <=   0,0:  0
Min <=   0,0:  0
Min <= -18,0:  0
Max Rain: 4,5 on day 26
Days of Rain: 5 (>= 0,4 mm)  3 (>= 2,0 mm)  0 (>= 20,0 mm)
Heat Base: 17,5  Cool Base: 17,5  Method: Integration



Poslední aktualizace 8.7.2020 13:20:01

Měšíční a roční statistické protokoly ve fromátu NOAA (National Oceanic and Atmospheric Administration)
Original Author: Ken True webmaster@saratoga-weather.org.
Bodged by beteljuice.