Němčany počasí: NOAA reporty

 


NOAA reporty


Report pro 2018 Červ
                   Monthly Climatological Summary for 6 2018

Name: Němčany   City: Němčany   State: Czech Repulic
Elevation: 256 m  Lat: N 49° 10' 12"   Lon: E 016° 54' 59"

                  Temperature (°C), Rain (mm), Wind Speed (m/s)

                                      Heat  Cool        Avg
    Mean                              Deg   Deg         Wind                 Dom
Day Temp  High   Time   Low    Time   Days  Days  Rain  Speed High   Time    Dir
----------------------------------------------------------------------------------
 1  22,0  29,9   14:53  15,7   01:34   0,3   4,8   0,0   2,3  11,0   15:43    JZ
 2  22,2  28,6   13:54  15,4   01:40   0,4   5,2   0,6   1,9   9,0   22:14   ZJZ
 3  18,7  25,0   11:31  14,5   04:06   0,6   1,8  16,8   1,1   6,5   13:36    JV
 4  21,1  30,0   16:08  13,5   05:09   0,8   4,3   0,0   1,2   5,8   16:32    SV
 5  21,8  28,3   13:15  16,4   05:21   0,1   4,4   0,0   1,5   6,1   15:40   SSV
 6  20,6  25,6   14:40  16,1   05:05   0,2   3,3   0,0   3,6   9,8   13:50   VSV
 7  20,9  27,9   17:32  13,8   05:32   0,8   4,2   0,0   1,8   6,1   07:14     V
 8  22,3  29,1   16:16  16,7   02:19   0,0   4,8   1,5   1,8   6,5   16:19     V
 9  23,2  29,1   12:30  18,0   04:57   0,0   5,7   0,0   2,1   7,8   12:51   VJV
10  22,7  30,6   13:53  16,3   05:38   0,1   5,3   0,0   1,3   8,2   15:44   JJZ
11  23,6  31,2   17:04  14,6   05:15   0,3   6,4   0,0   1,4   9,8   14:32     Z
12  21,6  26,3   16:36  17,4   05:23   0,0   4,1   7,2   2,8  13,1   03:20    SV
13  18,6  23,1   11:54  16,3   05:22   0,4   1,5   1,5   2,5  10,2   12:48     V
14  18,5  23,9   16:28  15,1   23:56   0,8   1,8   0,0   2,1   9,8   14:34    JV
15  19,8  25,9   15:40  15,0   00:06   0,7   2,9   0,0   1,9   9,4   14:58   VSV
16  21,1  26,7   12:43  15,8   01:52   0,3   3,8   0,0   2,0   9,8   12:29   VSV
17  22,0  28,3   13:25  16,8   01:05   0,1   4,6   0,0   1,0   5,8   11:24    SV
18  20,8  27,0   11:58  14,1   05:29   0,4   3,7   1,2   1,4  11,4   14:47   SSV
19  21,2  28,9   15:45  11,6   05:12   1,2   4,9   0,0   1,2   7,0   17:58   ZJZ
20  22,7  31,3   17:08  13,3   04:13   0,9   6,1   0,0   1,3   6,5   10:21   VSV
21  23,7  32,9   16:24  15,2   03:18   0,4   6,7   0,9   2,9  11,0   13:41    JZ
22  15,1  19,3   13:23  11,7   23:56   2,5   0,1   0,0   2,3   9,4   09:49     Z
23  13,8  19,9   15:58   7,3   04:42   3,9   0,2   0,0   2,4   9,4   14:14     Z
24  15,5  20,1   14:55  12,2   04:38   2,3   0,3   0,6   2,2   9,0   11:58     Z
25  16,1  22,1   16:23  11,1   04:06   2,4   1,0   1,2   0,9   4,4   15:05    SZ
26  16,5  21,6   10:05  10,6   04:56   2,0   0,9   0,3   1,4   9,4   14:15   VSV
27  17,2  24,2   16:07  10,1   05:31   2,0   1,7   2,7   3,2  13,4   15:20   VSV
28  18,1  23,0   15:09  15,0   00:24   0,8   1,4  10,8   2,6  11,9   15:00   VJV
29  23,7  30,0   14:13  17,4   23:57   0,0   6,2   0,0   2,8  15,5   11:47   VJV
30  17,4  21,6   14:48   9,5   23:57   1,2   1,0   0,0   2,7  11,4   09:00     V
----------------------------------------------------------------------------------
    20,1  32,9    21     7,3    23    25,9 103,1  45,3   2,0  15,5    29       V

Max >=  27,0: 15
Max <=   0,0:  0
Min <=   0,0:  0
Min <= -18,0:  0
Max Rain: 16,8 on day 3
Days of Rain: 11 (>= 0,4 mm)  4 (>= 2,0 mm)  0 (>= 20,0 mm)
Heat Base: 17,5  Cool Base: 17,5  Method: Integration



Poslední aktualizace 21.9.2020 21:00:02

Měšíční a roční statistické protokoly ve fromátu NOAA (National Oceanic and Atmospheric Administration)
Original Author: Ken True webmaster@saratoga-weather.org.
Bodged by beteljuice.