Němčany počasí: NOAA reporty

 


NOAA reporty


Report pro 2018 Květ
                   Monthly Climatological Summary for 5 2018

Name: Němčany   City: Němčany   State: Czech Repulic
Elevation: 256 m  Lat: N 49° 10' 12"   Lon: E 016° 54' 59"

                  Temperature (°C), Rain (mm), Wind Speed (m/s)

                                      Heat  Cool        Avg
    Mean                              Deg   Deg         Wind                 Dom
Day Temp  High   Time   Low    Time   Days  Days  Rain  Speed High   Time    Dir
----------------------------------------------------------------------------------
 1  17,0  23,2   16:26   9,8   06:06   2,0   1,5   0,0   1,8   6,5   00:20   JJZ
 2  19,7  28,0   16:26  13,7   07:40   1,0   3,3   0,0   3,4  10,2   23:56    SV
 3  21,1  28,8   16:58  14,0   04:19   0,6   4,2   1,5   2,0   8,5   01:36   JJZ
 4  17,3  21,7   14:11  14,4   02:29   1,1   0,9   0,0   5,1  12,6   16:29   VSV
 5  16,9  22,1   16:09  13,1   23:58   1,7   1,1   0,0   4,5  13,1   12:21     V
 6  16,5  22,5   16:06  10,6   04:26   2,4   1,4   0,0   3,4  11,0   11:26     V
 7  17,5  24,3   16:06  10,4   06:10   2,1   2,1   0,0   3,4  13,4   10:49   VSV
 8  17,0  24,0   14:27  11,6   05:10   2,0   1,6   0,0   3,5  13,4   12:29    SV
 9  17,9  23,6   13:03  13,5   05:09   1,2   1,6   0,6   2,8   9,0   13:11    SV
10  18,8  26,2   16:07  12,1   05:47   1,4   2,8   0,9   2,1   7,3   15:53     V
11  18,6  26,2   16:22  14,5   02:45   1,1   2,3   5,4   1,5   5,8   21:28     V
12  19,1  27,0   16:12  12,7   04:10   1,2   2,8   0,0   2,2   9,0   16:19   VSV
13  19,7  26,7   16:28  12,7   05:03   1,1   3,3   0,0   2,4   7,8   15:11    SV
14  18,5  24,7   15:22  13,7   05:29   1,1   2,1   0,0   3,4  10,6   19:17    SV
15  12,4  14,6   00:09  11,0   07:35   5,2   0,0  14,1   1,2   8,5   00:04    SV
16  13,5  18,8   15:43  11,0   02:52   4,0   0,1   1,8   1,0   6,1   16:38   JJZ
17  13,0  16,6   17:59   9,7   05:09   4,5   0,0   9,6   2,2  10,2   16:56   ZJZ
18  17,2  23,2   16:44  12,5   03:52   1,9   1,6   0,0   1,9   8,2   12:51     Z
19  15,5  22,2   15:15   9,3   05:37   2,9   0,9   0,0   1,9   7,3   15:05   VSV
20  16,5  23,5   16:06   9,3   05:33   2,7   1,7   0,0   2,7   9,8   10:09    SV
21  17,2  24,2   16:38  11,3   04:45   2,2   1,9   0,0   2,6   9,0   09:55    SV
22  18,3  25,5   14:41  10,8   03:31   1,9   2,7   0,0   2,3   7,3   11:22   VJV
23  20,9  27,6   15:12  13,6   00:06   0,7   4,1   0,0   2,2   8,5   19:36     V
24  20,8  26,2   14:26  15,3   05:16   0,3   3,5   0,0   3,4  10,6   13:57   VSV
25  19,7  25,0   17:15  13,1   23:58   0,4   2,6   0,0   2,0   8,2   06:59    JV
----------------------------------------------------------------------------------
    17,6  28,8     3     9,3    19    46,7  50,1  33,9   2,6  13,4     7     VSV

Max >=  27,0:  4
Max <=   0,0:  0
Min <=   0,0:  0
Min <= -18,0:  0
Max Rain: 14,1 on day 15
Days of Rain: 7 (>= 0,4 mm)  3 (>= 2,0 mm)  0 (>= 20,0 mm)
Heat Base: 17,5  Cool Base: 17,5  Method: Integration



Poslední aktualizace 9.7.2020 22:20:01

Měšíční a roční statistické protokoly ve fromátu NOAA (National Oceanic and Atmospheric Administration)
Original Author: Ken True webmaster@saratoga-weather.org.
Bodged by beteljuice.