Němčany počasí: NOAA reporty

 


NOAA reporty


Report pro 2018 Dub
                   Monthly Climatological Summary for 4 2018

Name: Němčany   City: Němčany   State: Czech Repulic
Elevation: 256 m  Lat: N 49° 10' 12"   Lon: E 016° 54' 59"

                  Temperature (°C), Rain (mm), Wind Speed (m/s)

                                      Heat  Cool        Avg
    Mean                              Deg   Deg         Wind                 Dom
Day Temp  High   Time   Low    Time   Days  Days  Rain  Speed High   Time    Dir
----------------------------------------------------------------------------------
 1   7,8  11,7   16:16   5,4   23:59   9,7   0,0   6,9   4,1  14,6   14:44     Z
 2   7,4  13,4   16:26   0,9   06:44  10,0   0,0   0,0   2,7  12,6   02:30   ZJZ
 3  11,2  19,7   16:34   2,1   06:40   6,6   0,2   0,0   2,4   9,8   18:49   JJV
 4  13,1  19,0   14:35   7,4   06:28   4,6   0,2   0,0   2,7   9,8   14:15   VJV
 5  11,4  17,7   14:29   5,2   07:04   6,1   0,0   0,0   1,8   9,8   15:03    JZ
 6   8,8  14,1   15:58   3,9   23:57   8,7   0,0   0,0   2,4   8,5   06:43    SV
 7   9,7  17,6   13:10   2,8   01:14   7,8   0,0   0,0   3,0  10,2   06:14    SV
 8  14,1  21,3   16:22   6,1   04:11   4,2   0,8   0,0   4,6  16,0   14:56    JV
 9  18,2  24,8   16:57  10,9   06:06   1,5   2,2   0,0   4,0  13,9   15:07    JV
10  15,8  19,9   13:46  11,1   04:36   2,1   0,4   0,0   4,4  15,1   15:38   VJV
11  15,8  21,7   16:52  10,5   06:54   2,6   0,9   0,0   2,8   9,4   16:42   VJV
12  17,6  25,2   15:13   8,6   06:17   2,5   2,6   0,6   3,0  12,2   12:46   VJV
13  16,4  21,0   16:36  10,9   23:57   1,8   0,7  17,7   3,8  13,1   11:48   VJV
14  14,1  23,1   16:20   6,1   05:41   4,5   1,2   0,0   0,9   4,1   12:46   JJV
15  16,5  23,6   14:28   9,1   01:17   2,8   1,9   0,0   2,9   9,8   12:18     V
16  17,1  20,0   12:34  12,8   23:59   1,0   0,5   0,9   2,3   7,3   12:08   JJZ
17  15,9  21,9   13:33  10,8   23:44   2,5   0,9   0,0   1,8   7,8   15:05   VSV
18  14,8  22,6   15:49   5,1   05:58   4,1   1,3   0,0   2,0   8,2   13:24    SV
19  16,1  26,5   16:17   5,9   06:06   3,9   2,6   0,0   1,3   7,8   14:41   VSV
20  17,4  25,3   15:17  10,6   23:58   2,5   2,4   0,0   1,7   6,5   16:26   VSV
21  17,2  26,9   16:07   6,2   05:53   3,4   3,0   0,0   1,5   7,3   22:45    JZ
22  19,0  26,0   16:31  14,0   22:46   1,1   2,6   0,0   1,9   9,0   09:26   VSV
23  17,7  27,2   15:49  10,4   05:28   2,1   2,3   0,0   1,6   9,4   18:47    JZ
24  17,2  24,0   15:03  10,8   06:35   2,1   1,8   0,0   1,6   7,8   11:14   ZJZ
25  17,0  25,6   14:36   7,0   05:31   3,3   2,7   0,0   2,7  13,4   14:50    JZ
26  13,6  17,6   17:06   4,8   23:59   3,9   0,0   0,0   1,8  10,6   13:40   ZJZ
27  11,7  19,9   15:44   1,3   05:49   6,1   0,3   0,0   2,0   8,5   15:54    JV
28  18,2  25,0   16:08  11,2   05:04   1,7   2,4   0,0   2,2   7,8   15:27    JV
29  22,2  28,3   14:41  15,6   02:13   0,2   5,0   0,0   3,5  11,4   14:50    JV
30  21,3  27,3   15:06  15,4   23:56   0,1   3,9   0,0   5,1  14,3   06:48    JV
----------------------------------------------------------------------------------
    15,1  28,3    29     0,9     2   113,5  42,8  26,1   2,6  16,0     8      JV

Max >=  27,0:  3
Max <=   0,0:  0
Min <=   0,0:  0
Min <= -18,0:  0
Max Rain: 17,7 on day 13
Days of Rain: 4 (>= 0,4 mm)  2 (>= 2,0 mm)  0 (>= 20,0 mm)
Heat Base: 17,5  Cool Base: 17,5  Method: Integration



Poslední aktualizace 9.7.2020 21:50:01

Měšíční a roční statistické protokoly ve fromátu NOAA (National Oceanic and Atmospheric Administration)
Original Author: Ken True webmaster@saratoga-weather.org.
Bodged by beteljuice.