Němčany počasí: NOAA reporty

 


NOAA reporty


Report pro 2018 Břez
                   Monthly Climatological Summary for 3 2018

Name: Němčany   City: Němčany   State: Czech Repulic
Elevation: 256 m  Lat: N 49° 10' 12"   Lon: E 016° 54' 59"

                  Temperature (°C), Rain (mm), Wind Speed (m/s)

                                      Heat  Cool        Avg
    Mean                              Deg   Deg         Wind                 Dom
Day Temp  High   Time   Low    Time   Days  Days  Rain  Speed High   Time    Dir
----------------------------------------------------------------------------------
 1  -7,5  -1,8   14:36 -13,3   06:31  25,0   0,0   0,0   4,1   9,0   15:52   VSV
 2  -6,7  -5,4   21:16  -8,6   06:26  24,2   0,0   0,0   4,3   8,5   04:37    SV
 3  -5,3  -1,9   14:31  -8,8   06:24  22,8   0,0   0,0   3,0  10,2   12:44   VSV
 4  -3,0   4,0   15:30 -10,3   06:44  20,5   0,0   0,0   2,2   7,0   13:26   VJV
 5  -0,1   1,6   23:25  -1,7   06:06  17,6   0,0   0,0   2,9  10,6   02:17    JV
 6   1,2   2,3   12:17  -0,4   02:42  16,3   0,0   2,7   3,0   7,8   03:28   SSV
 7   3,6   9,5   16:27   0,6   22:55  13,9   0,0   0,0   2,3   6,5   09:51   JJZ
 8   4,5  11,4   16:24   0,3   21:56  13,0   0,0   0,0   1,5   7,3   12:39   ZJZ
 9   4,6   8,5   12:51   1,7   05:12  12,9   0,0   0,0   1,4   7,8   12:45    JZ
10   8,4  16,1   15:29   2,4   02:31   9,1   0,0   0,0   1,2   6,5   12:35     J
11  10,8  16,4   13:13   4,9   06:17   6,7   0,0   0,0   3,0  11,0   23:23   VJV
12  10,9  13,1   12:19   8,5   23:56   6,6   0,0   0,9   4,4  16,3   12:47     J
13   8,8  15,4   15:06   3,2   23:50   8,7   0,0   0,0   2,3   7,8   11:16   ZJZ
14   6,0   8,8   11:55   3,1   00:06  11,5   0,0   0,3   1,9   7,8   08:48   ZJZ
15   6,2  12,2   15:45   1,1   05:53  11,3   0,0   0,0   3,4  11,9   10:23   VSV
16   6,6   8,6   16:08   1,2   23:57  10,9   0,0   7,5   3,6  11,0   04:34    JV
17  -1,7   1,2   00:00  -4,3   23:53  19,2   0,0   0,3   9,3  18,7   17:44   VSV
18  -4,3  -1,9   14:27  -6,2   06:23  21,8   0,0   0,0  10,2  23,3   14:55   VSV
19  -3,9  -1,4   12:09  -6,6   06:06  21,4   0,0   0,0   3,8  11,9   00:16     V
20  -1,3   2,0   14:55  -5,3   23:56  18,8   0,0   0,0   1,2   7,3   15:07   JJV
21  -0,4   6,5   14:09  -6,9   02:21  17,9   0,0   0,0   1,8   9,8   09:57     V
22  -0,2   8,0   15:01  -8,5   05:44  17,7   0,0   0,0   1,9   9,4   15:33   JJZ
23   2,9   8,3   12:06  -1,9   01:42  14,6   0,0   0,0   1,1   7,0   12:46   JJV
24   5,3  11,2   14:44   1,0   23:50  12,2   0,0   0,0   2,7   9,0   09:44     V
25   3,4   5,9   11:56  -0,4   06:27  13,5   0,0   0,0   2,8  10,2   10:22    JV
26   3,2   6,8   17:13  -1,2   02:33  14,3   0,0   0,0   0,4   2,9   07:00   JJV
27   4,3   9,0   11:25   0,7   23:22  13,2   0,0   0,3   1,3   6,1   19:23    SV
28   5,1  11,3   14:22  -1,4   04:53  12,4   0,0   0,0   2,7  10,2   13:10   JJZ
29   9,2  14,3   15:41   6,3   06:54   8,3   0,0   4,5   2,2  10,6   12:39   ZJZ
30   8,0  12,6   13:10   0,5   07:07   9,5   0,0   0,0   1,9   8,2   18:11   VJV
31  11,5  14,5   11:29   7,7   23:58   6,0   0,0   9,6   3,7  12,2   12:22   JJV
----------------------------------------------------------------------------------
     2,9  16,4    11   -13,3     1   451,8   0,0  26,1   3,0  23,3    18     VJV

Max >=  27,0:  0
Max <=   0,0:  5
Min <=   0,0: 16
Min <= -18,0:  0
Max Rain: 9,6 on day 31
Days of Rain: 5 (>= 0,4 mm)  4 (>= 2,0 mm)  0 (>= 20,0 mm)
Heat Base: 17,5  Cool Base: 17,5  Method: Integration



Poslední aktualizace 8.7.2020 11:30:02

Měšíční a roční statistické protokoly ve fromátu NOAA (National Oceanic and Atmospheric Administration)
Original Author: Ken True webmaster@saratoga-weather.org.
Bodged by beteljuice.