Němčany počasí: NOAA reporty

 


NOAA reporty


Report pro 2018 Ún
                   Monthly Climatological Summary for 2 2018

Name: Němčany   City: Němčany   State: Czech Repulic
Elevation: 256 m  Lat: N 49° 10' 12"   Lon: E 016° 54' 59"

                  Temperature (°C), Rain (mm), Wind Speed (m/s)

                                      Heat  Cool        Avg
    Mean                              Deg   Deg         Wind                 Dom
Day Temp  High   Time   Low    Time   Days  Days  Rain  Speed High   Time    Dir
----------------------------------------------------------------------------------
 1   4,1   5,3   15:16   2,9   23:56  13,4   0,0   3,6   2,4  10,2   03:21   JJZ
 2   2,2   4,6   13:17  -1,8   23:49  15,3   0,0   0,3   0,7   4,4   15:00   JJZ
 3   0,7   3,2   16:33  -2,2   07:49  16,8   0,0   0,0   0,5   4,1   14:22     J
 4   1,4   6,4   14:46  -2,0   23:59  16,4   0,0   0,0   0,9   4,1   21:53   SSV
 5  -0,8   2,8   11:35  -4,3   02:48  18,4   0,0   0,0   1,6   7,3   11:45   VSV
 6  -1,7   0,5   23:07  -4,5   07:10  19,2   0,0   0,0   3,1   7,3   22:34   VSV
 7   0,4   1,1   19:46  -0,5   07:34  17,2   0,0   0,0   3,4   8,2   00:42    SV
 8   1,0   3,2   13:09  -1,0   23:58  16,5   0,0   3,3   1,7   8,2   00:33   VJV
 9  -0,9   2,2   13:20  -4,6   21:59  18,4   0,0   0,6   1,1   5,8   14:45    SV
10  -0,7   1,4   13:49  -2,7   00:00  18,2   0,0   0,0   0,6   5,8   14:41    JZ
11   0,4   4,8   14:18  -2,0   06:06  17,1   0,0   0,0   1,1   5,8   19:41     J
12   1,8   6,3   14:49  -0,9   21:56  15,7   0,0   0,0   0,6   4,9   23:18   JJZ
13   0,8   4,0   13:19  -1,4   04:40  16,7   0,0   0,0   1,4   7,3   13:49     V
14   0,4   3,4   11:33  -1,8   07:18  17,1   0,0   0,0   2,4   9,8   11:37   VJV
15   0,4   4,0   14:50  -2,2   02:49  17,1   0,0   0,0   1,1   5,3   10:10   VSV
16  -0,1   2,5   11:02  -5,2   22:10  17,6   0,0   3,6   1,1   4,9   01:25     J
17  -0,3   1,5   12:11  -2,1   01:48  17,8   0,0   0,3   2,2   6,5   13:59   SSV
18   0,2   3,7   10:55  -6,9   23:59  17,3   0,0   1,5   1,2   5,3   12:27    SV
19  -3,6   3,2   13:35  -8,4   03:49  21,1   0,0   0,0   2,3   7,8   08:59   SSV
20  -1,6   0,8   12:41  -4,6   06:26  19,1   0,0   0,0   3,5  11,0   22:53    SV
21  -1,0   0,8   13:47  -2,2   05:01  18,5   0,0   0,0   6,0  15,1   20:51   VSV
22  -1,0   1,4   11:52  -2,4   22:27  18,5   0,0   0,0   7,3  17,2   10:06   VSV
23  -2,3  -0,4   13:30  -4,0   23:50  19,8   0,0   0,0   5,8  13,9   15:11   VSV
24  -4,4   0,6   13:10  -7,8   06:53  21,9   0,0   0,0   3,5  13,9   21:45     V
25  -8,8  -6,1   14:10 -10,7   20:28  26,3   0,0   0,0   4,7  11,9   08:53     V
26  -9,0  -5,4   13:55 -11,0   05:51  26,5   0,0   0,0   6,4  12,6   09:17     V
27  -9,8  -7,5   13:32 -11,3   05:49  27,3   0,0   0,0   6,4  13,4   01:01     V
28  -9,3  -5,9   14:08 -11,6   04:33  26,8   0,0   0,0   4,5  12,2   11:24     V
----------------------------------------------------------------------------------
    -1,5   6,4     4   -11,6    28   532,0   0,0  13,2   2,8  17,2    22     VSV

Max >=  27,0:  0
Max <=   0,0:  5
Min <=   0,0: 27
Min <= -18,0:  0
Max Rain: 3,6 on day 1
Days of Rain: 5 (>= 0,4 mm)  3 (>= 2,0 mm)  0 (>= 20,0 mm)
Heat Base: 17,5  Cool Base: 17,5  Method: Integration



Poslední aktualizace 8.7.2020 13:30:02

Měšíční a roční statistické protokoly ve fromátu NOAA (National Oceanic and Atmospheric Administration)
Original Author: Ken True webmaster@saratoga-weather.org.
Bodged by beteljuice.