Němčany počasí: NOAA reporty

 


NOAA reporty


Report pro 2017 Pros
                   Monthly Climatological Summary for 12 2017

Name: Němčany   City: Němčany   State: Czech Repulic
Elevation: 256 m  Lat: N 49° 10' 12"   Lon: E 016° 54' 59"

                  Temperature (°C), Rain (mm), Wind Speed (m/s)

                                      Heat  Cool        Avg
    Mean                              Deg   Deg         Wind                 Dom
Day Temp  High   Time   Low    Time   Days  Days  Rain  Speed High   Time    Dir
----------------------------------------------------------------------------------
 1  -2,2   3,4   14:21  -7,3   23:07  19,7   0,0   4,5   0,5   4,1   02:31   JJV
 2  -2,2   1,6   13:32  -7,2   00:00  19,7   0,0   1,2   1,2   7,0   00:27   VSV
 3  -0,2   2,3   12:15  -3,2   06:57  17,7   0,0   0,3   1,5   7,0   11:25   ZJZ
 4   0,6   2,3   12:38  -1,1   23:59  16,9   0,0   1,5   1,9   5,8   09:20    JZ
 5   0,7   4,1   19:58  -5,2   03:18  16,8   0,0   1,8   1,5   8,2   19:54   ZJZ
 6   4,2   4,9   12:25   3,2   01:42  13,3   0,0   0,0   3,4   9,4   09:43   ZJZ
 7   2,6   5,9   13:31  -0,4   23:11  14,9   0,0   0,0   2,1   7,3   10:59   JJZ
 8   0,7   1,4   14:14  -0,3   06:06  16,8   0,0   1,5   2,2   7,0   04:33   JJZ
 9   0,8   2,4   12:40  -0,3   04:20  16,7   0,0   0,3   2,2  13,4   19:28   ZJZ
10   0,5   3,4   12:33  -3,1   07:24  17,0   0,0   0,0   2,7  11,0   18:54   JJV
11   7,7  12,2   20:53   2,9   00:00   9,8   0,0   0,0   5,0  16,3   17:06    JV
12   7,9  13,1   04:26   3,0   23:45   9,6   0,0   0,0   4,3  16,3   04:29   JJZ
13   2,2   5,7   13:11  -0,9   08:12  15,3   0,0   0,0   2,1  12,6   23:13   JJV
14   3,0   7,5   13:19   1,4   02:06  14,5   0,0   0,6   3,4  13,4   13:10     J
15   3,2   5,2   13:14   0,3   23:12  14,3   0,0   0,3   1,6   7,0   12:54     J
16   0,7   3,5   14:57  -0,7   02:33  16,9   0,0   0,0   0,4   3,7   04:06   VSV
17   0,0   4,3   12:49  -2,7   23:59  17,9   0,0   0,0   0,7   5,8   14:17   JJZ
18  -1,3   2,5   14:30  -5,2   22:19  18,8   0,0   0,0   0,7   3,7   10:47    SV
19  -3,5  -0,2   11:18  -8,7   07:54  21,0   0,0   0,0   0,6   5,3   15:12   JJZ
20  -0,2   2,2   14:15  -1,6   01:59  17,6   0,0   0,0   0,6   5,3   15:01    JZ
21   0,9   3,4   23:57  -1,1   00:00  16,6   0,0   5,4   0,8   4,1   15:45   JJZ
22   4,3   7,0   13:56   2,5   01:26  13,2   0,0   0,0   1,3   5,8   11:36    JZ
23   5,7   8,4   23:18   2,9   02:25  11,8   0,0   0,0   2,6  11,4   13:41   ZJZ
24   7,9   9,7   12:19   5,9   09:09   9,6   0,0   0,0   3,4  11,4   12:37   ZJZ
25   4,0   8,1   12:38  -0,4   23:50  13,5   0,0   0,0   1,2   6,1   00:08    JZ
26   1,8   3,2   14:22  -0,4   00:30  15,7   0,0   0,3   1,0   4,4   12:22   JJZ
27   5,8  10,7   13:57   1,0   00:20  11,7   0,0   0,0   4,0  14,6   21:13    JV
28   5,2   9,1   00:00   2,6   23:57  12,3   0,0   3,9   4,5  14,6   00:19     J
29   1,2   4,1   11:36  -3,3   23:19  16,3   0,0   0,6   1,7   8,5   02:10   ZJZ
30  -0,7   2,1   13:07  -5,2   04:12  18,2   0,0   0,3   1,8   8,5   18:40     J
31   5,0   9,8   16:52   1,5   00:00  12,5   0,0   6,3   1,5   9,0   16:55    JZ
----------------------------------------------------------------------------------
     2,1  13,1    12    -8,7    19   476,6   0,0  28,8   2,0  16,3    11     JJZ

Max >=  27,0:  0
Max <=   0,0:  1
Min <=   0,0: 20
Min <= -18,0:  0
Max Rain: 6,3 on day 31
Days of Rain: 10 (>= 0,4 mm)  4 (>= 2,0 mm)  0 (>= 20,0 mm)
Heat Base: 17,5  Cool Base: 17,5  Method: Integration



Poslední aktualizace 10.7.2020 0:10:01

Měšíční a roční statistické protokoly ve fromátu NOAA (National Oceanic and Atmospheric Administration)
Original Author: Ken True webmaster@saratoga-weather.org.
Bodged by beteljuice.