Němčany počasí: NOAA reporty

 


NOAA reporty


Report pro 2017 List
                   Monthly Climatological Summary for 11 2017

Name: Němčany   City: Němčany   State: Czech Repulic
Elevation: 256 m  Lat: N 49° 10' 12"   Lon: E 016° 54' 59"

                  Temperature (°C), Rain (mm), Wind Speed (m/s)

                                      Heat  Cool        Avg
    Mean                              Deg   Deg         Wind                 Dom
Day Temp  High   Time   Low    Time   Days  Days  Rain  Speed High   Time    Dir
----------------------------------------------------------------------------------
 1   5,6   8,9   14:18   1,5   06:34  11,9   0,0   0,3   1,4   7,0   11:35   JJZ
 2   9,3  14,7   14:15   5,1   06:40   8,2   0,0   0,0   1,3   7,3   12:35    JZ
 3   8,4  13,1   13:03   2,5   23:31   9,1   0,0   0,0   1,1   6,5   12:58   ZSZ
 4   7,8  13,9   13:01   1,0   03:30   9,7   0,0   0,0   2,3   9,4   11:07    JV
 5   9,1  10,4   15:20   8,1   00:48   8,4   0,0   0,0   2,9  11,4   18:15   VJV
 6   9,2  12,0   12:34   7,3   20:29   8,3   0,0   0,0   1,8   7,3   18:39     V
 7   9,0  13,0   13:49   5,7   23:51   8,5   0,0   0,0   4,3   9,4   07:44    SV
 8   5,5   6,3   12:15   4,8   08:27  12,4   0,0   1,5   3,3   8,5   02:24    SV
 9   6,8   8,4   13:59   5,5   00:00  11,2   0,0   0,3   1,2   4,9   02:33     S
10   7,2   8,5   12:23   6,4   21:43  10,5   0,0   0,9   2,7   7,8   13:13    JZ
11   6,4   8,8   13:34   3,5   07:13  11,1   0,0   2,7   2,8   9,8   11:45    JZ
12   5,6   8,6   11:20   1,4   06:51  11,9   0,0  10,2   1,9   9,0   19:51   JJV
13   4,3   6,4   00:00   0,7   21:33  13,5   0,0   0,0   2,7  11,4   02:55   ZJZ
14   3,0   8,5   13:59  -2,0   23:40  14,5   0,0   0,0   1,3   6,1   00:00   ZJZ
15   1,5   9,0   13:58  -3,1   07:03  16,0   0,0   0,0   0,7   5,3   19:11     Z
16   2,0   4,1   22:10  -1,3   03:28  15,5   0,0   0,3   1,3   4,9   14:12   SSV
17   4,3   5,9   12:06   3,0   05:35  13,2   0,0   0,9   1,2   4,9   04:39    JZ
18   4,3   6,5   09:39   1,8   07:22  13,2   0,0   0,0   1,2   4,9   09:58    JZ
19   4,0   6,3   14:16   2,8   12:06  13,5   0,0   2,1   2,6   9,0   22:55    JZ
20   3,7   5,7   13:30   0,1   07:13  13,8   0,0   2,1   2,8  13,4   00:24   ZJZ
21   4,1   6,8   20:33   1,3   03:48  13,4   0,0   4,8   2,0   5,8   01:38    JZ
22   7,0  12,3   14:12   2,1   23:00  10,5   0,0   0,3   1,3   7,8   12:18    JZ
23   3,7   8,3   11:11  -0,4   07:02  13,8   0,0   0,3   1,2   7,0   12:49    JZ
24   5,2   5,8   20:06   4,4   10:14  12,3   0,0   0,3   2,4   6,5   08:06   JJZ
25   6,5   8,8   16:23   5,1   23:31  11,0   0,0   0,0   2,6  10,6   11:06   JJV
26   3,1   6,5   14:43  -1,5   21:55  14,4   0,0   0,0   1,4  13,9   10:11     Z
27   1,2   7,5   14:19  -2,0   00:23  16,3   0,0   0,0   0,8   7,8   11:56    JZ
28   2,5   5,1   14:06   0,4   03:01  15,0   0,0   0,0   1,6   6,5   19:23   JJV
29   2,0   3,4   01:18   0,5   04:56  15,5   0,0   0,6   1,2   5,3   11:42    JV
30   1,4   2,4   13:46   0,4   23:56  16,1   0,0  14,3   1,4   6,1   15:19    SZ
----------------------------------------------------------------------------------
     5,1  14,7     2    -3,1    15   372,7   0,0  41,9   1,9  13,9    26     JJZ

Max >=  27,0:  0
Max <=   0,0:  0
Min <=   0,0:  6
Min <= -18,0:  0
Max Rain: 14,3 on day 30
Days of Rain: 10 (>= 0,4 mm)  6 (>= 2,0 mm)  0 (>= 20,0 mm)
Heat Base: 17,5  Cool Base: 17,5  Method: Integration



Poslední aktualizace 28.10.2020 10:00:02

Měšíční a roční statistické protokoly ve fromátu NOAA (National Oceanic and Atmospheric Administration)
Original Author: Ken True webmaster@saratoga-weather.org.
Bodged by beteljuice.