Němčany počasí: NOAA reporty

 


NOAA reporty


Report pro 2017 Říj
                   Monthly Climatological Summary for 10 2017

Name: Němčany   City: Němčany   State: Czech Repulic
Elevation: 256 m  Lat: N 49° 10' 12"   Lon: E 016° 54' 59"

                  Temperature (°C), Rain (mm), Wind Speed (m/s)

                                      Heat  Cool        Avg
    Mean                              Deg   Deg         Wind                 Dom
Day Temp  High   Time   Low    Time   Days  Days  Rain  Speed High   Time    Dir
----------------------------------------------------------------------------------
 1  11,8  19,5   15:38   4,3   06:57   6,0   0,2   0,0   2,0  11,0   11:54    JV
 2  11,5  18,6   14:57   3,2   06:37   6,1   0,1   0,0   2,5  10,6   12:17   JJV
 3  11,0  13,4   00:13   8,3   23:46   6,5   0,0  28,5   2,0   9,0   11:31     J
 4  11,3  17,4   15:17   6,9   05:14   6,2   0,0   0,3   2,1   9,0   14:50    JZ
 5  13,8  19,1   16:06  10,7   01:15   3,9   0,2   0,0   4,1  16,7   20:31   ZJZ
 6  10,3  14,2   15:26   8,0   20:39   7,2   0,0   0,6   2,9  12,6   13:37   ZJZ
 7  10,3  16,0   15:37   5,9   07:26   7,2   0,0   0,0   1,6   6,1   10:31   ZJZ
 8  10,7  13,5   12:42   8,7   07:56   6,8   0,0   1,5   2,2   9,0   12:42   ZJZ
 9   8,0  14,8   15:32   2,7   07:23   9,5   0,0   0,3   1,1   9,4   15:55   ZJZ
10  10,1  14,8   15:47   5,7   04:33   7,4   0,0   0,0   1,2   5,8   14:32    JZ
11  13,0  17,1   11:39   8,6   23:52   4,5   0,0   0,0   1,8   7,8   12:46    JZ
12  11,8  18,6   16:06   5,8   05:00   5,7   0,1   0,0   1,6   7,8   12:29    JZ
13  12,4  19,2   15:18   7,7   06:40   5,3   0,2   0,0   1,5  10,6   15:03   ZJZ
14  11,7  21,2   14:39   4,9   07:22   6,3   0,4   0,0   0,7   7,0   14:11    JZ
15  13,2  22,9   15:35   6,3   07:13   5,3   1,0   0,0   0,6   4,4   15:44   JJZ
16  13,5  21,6   15:46   8,2   07:32   4,7   0,6   0,0   1,0   7,0   12:29   JJZ
17  13,1  23,1   16:34   7,8   02:50   5,2   0,8   0,0   0,4   3,7   12:59   JJZ
18  13,3  21,5   14:46   9,0   03:22   4,7   0,5   0,3   2,1   9,0   07:18     Z
19  13,7  21,3   15:42   8,2   23:56   4,4   0,5   0,0   0,7   3,7   18:07   JJV
20  10,8  15,4   15:04   7,3   00:51   6,7   0,0   0,0   0,9   4,1   20:32   JJZ
21  11,6  13,5   14:27  10,1   07:05   5,9   0,0   0,6   1,3   4,1   11:01   JJZ
22  11,2  12,6   10:31   9,3   22:06   6,3   0,0   7,2   1,3   9,0   11:01    JZ
23   9,9  10,9   14:21   8,7   06:18   7,6   0,0   0,0   2,4   9,8   17:52   ZJZ
24  10,8  14,9   12:08   6,9   07:28   6,7   0,0   0,0   1,5   7,8   03:12    JZ
25   9,7  15,0   15:03   5,5   04:42   7,8   0,0   0,0   0,7   4,9   14:10     J
26  11,7  17,2   14:35   7,3   01:05   5,8   0,0   0,0   0,9   5,8   14:37   JJZ
27   9,8  12,3   16:30   9,0   07:48   7,7   0,0   2,4   1,5   9,4   10:59   ZJZ
28   9,2  11,0   12:28   7,8   05:33   8,3   0,0   0,0   3,4  12,2   15:13   ZJZ
29   7,9  12,0   11:05   3,9   23:46  10,1   0,0  12,9   6,3  22,4   13:19     Z
30   5,2   9,3   14:34   1,6   22:50  12,3   0,0   0,9   3,5  11,9   10:45     Z
31   4,8   9,2   12:42   1,6   01:43  12,7   0,0   0,0   1,7   7,8   12:22   ZJZ
----------------------------------------------------------------------------------
    10,9  23,1    17     1,6    30   210,8   4,6  55,5   1,9  22,4    29      JZ

Max >=  27,0:  0
Max <=   0,0:  0
Min <=   0,0:  0
Min <= -18,0:  0
Max Rain: 28,5 on day 3
Days of Rain: 8 (>= 0,4 mm)  4 (>= 2,0 mm)  1 (>= 20,0 mm)
Heat Base: 17,5  Cool Base: 17,5  Method: Integration



Poslední aktualizace 9.7.2020 23:20:01

Měšíční a roční statistické protokoly ve fromátu NOAA (National Oceanic and Atmospheric Administration)
Original Author: Ken True webmaster@saratoga-weather.org.
Bodged by beteljuice.