Němčany počasí: NOAA reporty

 


NOAA reporty


Report pro 2017 Zář
                   Monthly Climatological Summary for 9 2017

Name: Němčany   City: Němčany   State: Czech Repulic
Elevation: 256 m  Lat: N 49° 10' 12"   Lon: E 016° 54' 59"

                  Temperature (°C), Rain (mm), Wind Speed (m/s)

                                      Heat  Cool        Avg
    Mean                              Deg   Deg         Wind                 Dom
Day Temp  High   Time   Low    Time   Days  Days  Rain  Speed High   Time    Dir
----------------------------------------------------------------------------------
 1  19,7  24,0   00:00  13,6   23:54   0,6   2,8   6,3   2,9  11,4   12:28     V
 2  14,6  18,3   16:56  10,9   06:35   2,9   0,0   0,6   1,9   9,4   13:17   VJV
 3  13,9  15,2   16:33  12,8   07:32   3,6   0,0   4,8   1,7   9,4   15:20    JZ
 4  15,0  21,1   15:42   8,2   06:50   3,3   0,7   0,9   1,3   9,4   10:25     Z
 5  16,8  24,2   15:46  10,0   04:50   2,6   1,9   0,0   2,1  10,6   13:13   ZJZ
 6  16,8  23,6   16:22   9,8   05:50   2,2   1,6   0,0   2,1   8,2   13:27    JZ
 7  15,8  19,3   13:26  10,0   23:58   2,0   0,4   0,0   2,5   9,8   10:17   ZJZ
 8  15,4  24,1   16:06   6,2   06:06   3,7   1,6   0,0   2,3  10,6   16:38     J
 9  19,4  26,1   15:45  12,0   04:46   1,1   3,0   0,0   3,4  12,2   12:41    JV
10  18,1  22,4   13:33  13,2   06:27   0,8   1,4   0,0   2,1   8,2   12:55     J
11  16,0  20,0   12:43  13,2   23:40   1,7   0,2  21,6   1,7   9,0   21:20    JZ
12  14,3  17,4   13:57  12,3   23:57   3,2   0,0   1,5   1,2   7,3   14:06   ZJZ
13  14,6  18,6   12:38   8,3   06:19   3,0   0,1   0,6   3,1  13,1   12:50    JZ
14  17,7  25,8   15:26  11,2   23:56   1,5   1,6   1,2   3,4  16,7   17:40   JJZ
15  14,3  19,2   16:06   9,7   02:18   3,3   0,1   0,0   2,3   7,8   09:45   JJZ
16  12,7  14,4   16:25  11,2   03:09   4,8   0,0   3,3   1,1   4,4   14:33     V
17  12,2  13,0   00:00  10,2   23:57   5,3   0,0  11,7   1,2   7,0   11:41    JV
18  11,6  19,4   15:45   7,2   06:13   6,0   0,1   0,3   1,6   9,0   16:36   JJZ
19  11,2  13,6   12:27   8,5   00:06   6,3   0,0   3,6   1,6   6,5   12:30   VJV
20  11,5  13,5   14:22  10,1   22:50   6,0   0,0  24,3   1,6   7,8   02:12   JJZ
21  12,5  15,1   17:39  10,5   00:00   5,0   0,0   0,6   2,1   7,3   12:25   ZJZ
22  13,4  18,4   12:51   8,2   23:52   4,1   0,0   0,6   1,4   6,1   14:46     Z
23   9,4  12,4   14:47   4,5   06:42   8,1   0,0   4,5   0,9   7,3   16:07    JZ
24  12,7  15,1   11:43  11,0   02:36   4,8   0,0   1,8   0,3   2,9   12:53    JV
25  13,6  18,5   16:00  10,9   23:56   3,9   0,0   0,0   0,7   3,7   10:33   VJV
26  13,8  19,4   16:26  10,6   00:12   3,8   0,1   0,3   3,0   7,3   05:38   SSV
27  14,9  21,0   15:15  11,8   07:05   3,2   0,5   0,0   1,9   7,3   20:20   SSV
28  14,3  21,8   14:51   9,2   23:53   4,0   0,9   0,3   2,1   7,8   13:52    SV
29  13,0  20,7   16:13   8,0   04:36   5,0   0,6   0,0   1,6   6,5   14:13   VJV
30  11,9  18,7   15:11   6,2   06:52   5,7   0,1   0,0   2,3   9,4   15:30   VJV
----------------------------------------------------------------------------------
    14,4  26,1     9     4,5    23   111,5  17,7  88,8   1,9  16,7    14       J

Max >=  27,0:  0
Max <=   0,0:  0
Min <=   0,0:  0
Min <= -18,0:  0
Max Rain: 24,3 on day 20
Days of Rain: 16 (>= 0,4 mm)  8 (>= 2,0 mm)  2 (>= 20,0 mm)
Heat Base: 17,5  Cool Base: 17,5  Method: Integration



Poslední aktualizace 23.10.2020 14:30:01

Měšíční a roční statistické protokoly ve fromátu NOAA (National Oceanic and Atmospheric Administration)
Original Author: Ken True webmaster@saratoga-weather.org.
Bodged by beteljuice.