Němčany počasí: NOAA reporty

 


NOAA reporty


Report pro 2017 Srp
                   Monthly Climatological Summary for 8 2017

Name: Němčany   City: Němčany   State: Czech Repulic
Elevation: 256 m  Lat: N 49° 10' 12"   Lon: E 016° 54' 59"

                  Temperature (°C), Rain (mm), Wind Speed (m/s)

                                      Heat  Cool        Avg
    Mean                              Deg   Deg         Wind                 Dom
Day Temp  High   Time   Low    Time   Days  Days  Rain  Speed High   Time    Dir
----------------------------------------------------------------------------------
 1  28,8  35,8   14:57  20,0   05:33   0,0  11,3   0,0   2,8  11,4   12:38   JJV
 2  28,1  33,8   16:21  22,9   05:11   0,0  10,6   0,0   2,0   9,0   10:26    JZ
 3  26,6  36,9   15:25  18,6   05:50   0,0   9,1   0,0   1,9   9,4   16:50   JJZ
 4  23,9  30,7   16:58  18,9   03:14   0,0   6,4   3,0   0,9   5,3   08:07   ZJZ
 5  26,1  33,1   17:13  19,8   05:16   0,0   8,6   0,0   1,5   7,3   13:30    JZ
 6  20,6  23,6   00:00  17,3   22:40   0,0   3,1   3,0   1,1   6,1   14:26     V
 7  20,5  26,4   16:51  15,8   23:58   0,3   3,3   0,3   2,9   9,0   14:52   VSV
 8  20,5  26,8   14:06  13,2   05:44   1,0   4,0   0,0   3,7  10,2   11:24     V
 9  26,2  33,0   16:15  20,3   05:31   0,0   8,7   0,0   2,5   8,5   00:31    JV
10  25,2  34,3   15:52  18,8   04:26   0,0   7,7  20,7   3,3  17,2   23:19   VJV
11  21,9  31,6   15:28  17,9   23:55   0,0   4,4   2,7   3,2  11,9   03:18    JZ
12  18,3  23,4   16:11  13,6   23:21   0,9   1,7   0,0   2,4   9,8   10:19     Z
13  18,5  26,9   17:48  11,0   05:36   1,9   2,8   0,0   1,3   7,8   13:45   SSV
14  20,5  27,1   16:32  13,8   06:20   0,7   3,7   0,0   2,0   7,3   09:24    SV
15  22,5  30,7   16:18  15,5   03:26   0,4   5,4   0,0   2,3   7,3   07:56    SV
16  22,7  29,7   14:17  15,9   05:29   0,2   5,4   0,0   1,7   8,2   13:50   ZJZ
17  23,1  30,4   16:48  16,3   06:20   0,1   5,7   0,0   1,6   6,5   11:22    SV
18  25,5  33,1   16:14  16,3   06:08   0,1   8,1   0,0   1,7   8,2   16:42     J
19  20,3  25,4   01:14  17,4   23:41   0,0   2,8   2,7   2,2   8,2   05:07    JZ
20  18,0  23,3   13:06  12,9   23:59   0,7   1,1   1,2   1,2   9,0   14:46     V
21  16,4  23,8   16:06   9,5   05:53   2,8   1,7   0,0   1,6   9,0   13:58     Z
22  15,3  23,0   15:06   7,9   05:40   3,6   1,4   1,8   1,2   6,5   11:18     Z
23  15,8  24,0   16:24   6,5   06:24   3,5   1,8   0,0   1,1   5,8   16:39   JJZ
24  18,4  27,7   18:07   8,0   06:21   2,9   3,8   0,0   1,3   7,0   14:11   JJZ
25  23,4  31,3   17:07  14,7   06:32   0,3   6,1   0,0   2,0   9,4   15:47   JJZ
26  25,2  33,8   15:55  18,1   06:40   0,0   7,7   0,0   1,8   7,0   06:13   SSV
27  23,3  32,4   14:27  16,9   05:45   0,0   5,8   0,0   1,8  10,2   11:34   ZJZ
28  20,4  26,9   15:47  14,9   06:17   0,4   3,3   0,0   2,0   8,5   12:58   VSV
29  19,3  27,9   16:11  10,2   06:27   1,8   3,6   0,0   1,4   6,5   08:51     V
30  20,8  29,7   16:45  12,0   05:37   1,5   4,8   0,0   2,0   9,0   12:52   JJV
31  24,2  33,1   16:55  14,7   06:06   0,3   7,0   0,0   1,9   7,8   14:46    JV
----------------------------------------------------------------------------------
    21,9  36,9     3     6,5    23    23,4 160,9  35,4   1,9  17,2    10     JJV

Max >=  27,0: 20
Max <=   0,0:  0
Min <=   0,0:  0
Min <= -18,0:  0
Max Rain: 20,7 on day 10
Days of Rain: 7 (>= 0,4 mm)  5 (>= 2,0 mm)  1 (>= 20,0 mm)
Heat Base: 17,5  Cool Base: 17,5  Method: Integration



Poslední aktualizace 9.7.2020 23:50:01

Měšíční a roční statistické protokoly ve fromátu NOAA (National Oceanic and Atmospheric Administration)
Original Author: Ken True webmaster@saratoga-weather.org.
Bodged by beteljuice.