Němčany počasí: NOAA reporty

 


NOAA reporty


Report pro 2017 Červnc
                   Monthly Climatological Summary for 7 2017

Name: Němčany   City: Němčany   State: Czech Repulic
Elevation: 256 m  Lat: N 49° 10' 12"   Lon: E 016° 54' 59"

                  Temperature (°C), Rain (mm), Wind Speed (m/s)

                                      Heat  Cool        Avg
    Mean                              Deg   Deg         Wind                 Dom
Day Temp  High   Time   Low    Time   Days  Days  Rain  Speed High   Time    Dir
----------------------------------------------------------------------------------
 1  19,4  25,9   14:16  12,5   05:18   1,1   3,1   0,0   2,4  12,6   14:13   ZJZ
 2  18,2  25,3   17:21  13,1   02:06   1,2   1,8   0,9   1,7   8,5   17:17   ZJZ
 3  19,8  25,3   17:10  11,7   23:58   0,7   3,0   0,0   2,2  13,1   12:50     Z
 4  18,3  26,4   14:32   8,5   03:38   2,4   3,3   0,0   1,9   9,4   11:21     Z
 5  22,0  30,9   17:54  12,2   04:17   1,1   5,6   0,0   2,0  11,4   12:42   JJZ
 6  21,4  28,8   16:06  15,0   05:21   0,4   4,3   0,9   2,1   8,5   00:13   VSV
 7  20,5  30,1   17:33  16,0   04:10   0,3   3,3   7,8   2,4   8,5   15:45   JJZ
 8  23,4  31,6   15:39  15,4   05:24   0,2   6,1   0,0   2,2  11,0   13:37     Z
 9  23,9  32,0   16:37  16,6   03:30   0,0   6,5   3,9   1,8   8,2   18:48   VJV
10  24,2  32,5   15:38  19,4   05:29   0,0   6,7   0,3   2,6  10,2   09:42   JJV
11  21,9  27,8   15:10  16,3   23:58   0,0   4,5   7,2   2,5   9,4   12:48   ZJZ
12  21,4  27,9   13:17  13,3   05:37   0,8   4,7   0,6   2,6  10,2   17:02    JZ
13  18,3  23,0   15:00  10,1   23:59   0,8   1,6   0,0   3,6  13,1   10:09     Z
14  16,5  23,9   14:52   7,6   03:54   3,0   2,0   0,0   1,3   7,0   11:06    JZ
15  15,8  20,0   10:06  11,9   23:56   2,1   0,4   0,6   1,2   5,8   08:52   VJV
16  17,8  25,5   13:44   8,7   05:26   2,5   2,8   0,0   1,1   6,1   10:21   JJZ
17  20,0  28,4   14:39   9,1   05:18   2,1   4,5   0,0   1,7   8,5   13:44    JZ
18  23,1  30,3   14:51  15,7   05:38   0,2   5,8   0,0   2,6   9,4   17:06    SV
19  24,5  32,3   15:01  15,2   05:28   0,3   7,3   0,0   2,2   9,8   12:28   JJV
20  25,1  33,6   14:59  15,3   05:09   0,3   7,9   3,9   1,7   8,2   13:19   JJZ
21  22,8  29,2   16:52  18,5   00:45   0,0   5,4  15,0   1,6   5,8   00:26    SZ
22  24,5  32,3   15:56  18,2   05:27   0,0   7,4   0,0   3,1   8,5   15:57    SV
23  22,9  29,2   15:59  17,0   05:49   0,0   5,4   0,0   2,0   8,5   10:49    SZ
24  18,7  22,3   11:31  16,9   23:43   0,0   1,3   5,1   1,6   7,3   12:30   SSV
25  18,1  22,8   15:39  14,5   03:35   0,9   1,5   0,0   3,1  11,0   08:19   ZJZ
26  16,5  20,3   17:55  11,8   03:33   1,6   0,5   0,9   3,3  11,4   09:31    JZ
27  17,0  20,7   16:39  14,5   06:19   1,2   0,7   3,6   1,6   7,8   07:52   ZJZ
28  20,0  25,8   15:33  15,7   04:52   0,5   3,0   0,3   1,5   7,8   14:47     J
29  20,5  28,4   16:29  10,8   05:48   1,3   4,3   0,0   1,4   7,3   10:59   JJZ
30  24,5  32,8   16:44  15,2   03:31   0,5   7,6   0,0   2,8   9,8   13:55   JJV
31  26,9  34,2   17:25  18,9   05:03   0,0   9,4   0,0   1,7   7,8   13:56   JJZ
----------------------------------------------------------------------------------
    20,9  34,2    31     7,6    14    25,5 131,7  51,0   2,1  13,1     3      JZ

Max >=  27,0: 18
Max <=   0,0:  0
Min <=   0,0:  0
Min <= -18,0:  0
Max Rain: 15,0 on day 21
Days of Rain: 12 (>= 0,4 mm)  7 (>= 2,0 mm)  0 (>= 20,0 mm)
Heat Base: 17,5  Cool Base: 17,5  Method: Integration



Poslední aktualizace 9.7.2020 23:20:01

Měšíční a roční statistické protokoly ve fromátu NOAA (National Oceanic and Atmospheric Administration)
Original Author: Ken True webmaster@saratoga-weather.org.
Bodged by beteljuice.