Němčany počasí: NOAA reporty

 


NOAA reporty


Report pro 2017 Červ
                   Monthly Climatological Summary for 6 2017

Name: Němčany   City: Němčany   State: Czech Repulic
Elevation: 256 m  Lat: N 49° 10' 12"   Lon: E 016° 54' 59"

                  Temperature (°C), Rain (mm), Wind Speed (m/s)

                                      Heat  Cool        Avg
    Mean                              Deg   Deg         Wind                 Dom
Day Temp  High   Time   Low    Time   Days  Days  Rain  Speed High   Time    Dir
----------------------------------------------------------------------------------
 1  20,8  26,9   16:37  12,3   23:56   0,4   3,8   0,0   1,6   8,2   10:08     Z
 2  19,1  28,6   16:49   7,9   05:01   2,5   4,1   6,0   1,4   6,5   14:59   JJZ
 3  21,5  29,7   16:23  11,3   05:17   1,0   5,0   0,0   1,8   5,3   00:38   VSV
 4  20,3  27,8   12:50  13,4   05:13   0,8   3,6   2,1   2,7  11,9   17:09    JZ
 5  18,6  25,3   15:45   9,7   05:42   1,7   2,8   0,0   1,8   6,5   14:41   VSV
 6  21,8  28,5   14:33  14,3   05:22   0,4   4,7   1,5   4,2  15,1   21:29     J
 7  16,0  21,2   15:46   9,8   23:30   2,2   0,7   0,9   2,5  12,6   16:41   ZJZ
 8  15,8  25,0   17:41   5,2   05:25   3,9   2,2   0,0   1,2   6,1   11:38   JJZ
 9  18,9  27,7   16:07   8,7   05:16   2,6   3,9   0,0   2,1   9,8   12:25    JV
10  17,4  24,8   15:44  12,6   23:57   1,7   1,6   4,8   1,7   9,4   16:10    SV
11  18,3  27,2   16:22   7,7   05:11   2,8   3,6   0,0   1,2   9,0   15:19     V
12  20,7  29,8   16:31  10,7   04:07   1,7   4,9   0,0   2,0  11,9   16:30    JZ
13  20,3  26,7   16:32  12,7   05:33   0,7   3,4   0,0   2,4  12,2   10:31     Z
14  18,0  25,5   16:43   9,3   05:20   2,2   2,7   0,0   1,8   8,5   14:30   ZSZ
15  19,6  28,7   16:17   8,7   04:52   2,1   4,1   0,0   1,7   7,0   17:16   JJZ
16  17,7  23,9   14:07  13,0   01:09   1,2   1,4  25,8   1,6   7,8   14:09    JZ
17  14,9  18,0   14:06  10,1   05:13   2,6   0,0   0,0   2,1  10,2   12:49     Z
18  18,8  25,5   17:20  12,8   02:06   1,2   2,6   0,0   1,7   6,5   12:06     V
19  20,7  29,4   16:37   9,8   05:23   1,8   5,0   0,0   1,5   7,3   11:49     V
20  24,1  33,9   16:48  12,7   04:47   1,0   7,6   0,0   1,4   7,3   12:37   JJZ
21  24,5  31,5   16:52  18,2   23:58   0,0   7,0   0,0   1,9   7,8   15:44    SV
22  24,0  33,9   17:08  12,5   05:07   0,6   7,1   6,0   1,9   8,5   12:31   JJZ
23  22,0  28,8   16:30  17,2   04:50   0,0   4,6  12,9   2,3  17,5   03:42   ZJZ
24  22,8  32,0   16:19  13,6   04:51   0,6   6,0   0,0   1,7   8,5   12:55   ZJZ
25  20,7  29,2   12:47  13,4   04:58   0,8   4,0   1,8   1,6   8,5   17:11    JZ
26  22,9  29,5   17:30  16,2   04:39   0,1   5,5   0,0   1,9   8,5   11:24     Z
27  23,6  30,1   14:13  16,3   04:59   0,1   6,2   0,0   2,8   9,8   14:18   JJV
28  26,7  32,9   17:00  18,9   05:40   0,0   9,2   0,0   4,1  13,4   14:34   JJV
29  22,5  26,7   12:42  15,4   23:56   0,1   5,1   0,0   5,4  16,3   15:40   JJZ
30  20,4  27,0   15:48  15,1   00:13   0,2   3,1   0,0   3,9  13,4   14:24    JZ
----------------------------------------------------------------------------------
    20,4  33,9    20     5,2     8    37,0 125,5  61,8   2,2  17,5    23     JJZ

Max >=  27,0: 19
Max <=   0,0:  0
Min <=   0,0:  0
Min <= -18,0:  0
Max Rain: 25,8 on day 16
Days of Rain: 9 (>= 0,4 mm)  6 (>= 2,0 mm)  1 (>= 20,0 mm)
Heat Base: 17,5  Cool Base: 17,5  Method: Integration



Poslední aktualizace 21.9.2020 21:00:02

Měšíční a roční statistické protokoly ve fromátu NOAA (National Oceanic and Atmospheric Administration)
Original Author: Ken True webmaster@saratoga-weather.org.
Bodged by beteljuice.