Němčany počasí: NOAA reporty

 


NOAA reporty


Report pro 2017 Květ
                   Monthly Climatological Summary for 5 2017

Name: Němčany   City: Němčany   State: Czech Repulic
Elevation: 256 m  Lat: N 49° 10' 12"   Lon: E 016° 54' 59"

                  Temperature (°C), Rain (mm), Wind Speed (m/s)

                                      Heat  Cool        Avg
    Mean                              Deg   Deg         Wind                 Dom
Day Temp  High   Time   Low    Time   Days  Days  Rain  Speed High   Time    Dir
----------------------------------------------------------------------------------
 1  12,5  17,9   13:26   5,3   00:58   5,0   0,0   0,0   2,2   9,4   12:50   VJV
 2  11,7  19,3   17:22   7,3   23:26   5,9   0,1   0,0   2,1   8,2   01:33   ZJZ
 3  12,6  20,0   14:37   5,9   04:59   5,2   0,3   2,4   1,5   9,8   09:57    SV
 4  14,5  20,9   16:46  11,0   05:00   4,0   0,6   0,0   0,9   5,8   19:16   VJV
 5  14,2  21,0   15:02  11,0   05:14   3,6   0,3   1,8   1,4   7,0   02:38   JJV
 6  15,7  22,8   17:07   8,6   05:31   3,0   1,2   0,3   1,2   7,3   14:50   VSV
 7  15,2  21,4   15:23  10,1   23:58   2,8   0,5   1,5   1,4   8,5   18:42    SV
 8  13,7  19,9   14:13   6,9   06:09   4,2   0,4   0,6   1,3   8,5   14:31   VSV
 9   7,0  10,4   00:01   0,6   23:47  10,5   0,0   0,0   1,4   8,5   07:11   VSV
10   6,6  14,8   15:49  -2,1   05:12  10,9   0,0   0,0   1,2   8,2   15:50   JJZ
11  13,5  22,4   16:49   2,6   04:28   5,1   1,1   0,0   1,3   7,3   16:54   VJV
12  17,7  24,2   17:26  11,4   04:53   1,5   1,7   0,0   1,1   8,2   13:29    SV
13  16,3  23,7   12:49  11,0   03:21   2,4   1,1   2,7   0,9  10,2   15:17   VSV
14  16,6  25,0   15:02   9,8   05:32   2,6   1,7   0,0   1,0   4,4   11:22   SSV
15  15,5  23,0   08:58  10,3   23:58   5,5   0,5   0,9   1,0   7,3   13:47   VSV
16  15,7  23,4   16:15   7,1   05:03   3,4   1,6   0,0   1,4   6,1   20:22    SV
17  17,7  25,0   15:19  10,0   23:55   2,2   2,4   0,0   1,5   7,8   08:47   VSV
18  18,0  27,1   16:20   7,8   05:37   3,0   3,5   0,0   2,6  11,9   14:52    JV
19  20,2  27,4   15:54   9,8   05:37   1,7   4,4   0,0   3,7  11,0   11:41   VJV
20  15,2  18,4   00:00  14,1   04:25   2,3   0,0   0,0   2,4   8,5   05:52   ZJZ
21  18,1  24,7   16:34  10,8   23:56   1,6   2,2   0,0   2,0   8,2   14:46    JZ
22  16,7  23,5   15:33   8,7   04:34   2,5   1,8   0,0   2,1   9,0   15:36   VSV
23  18,1  25,8   13:58  10,7   05:38   2,1   2,7   0,0   1,4   7,3   15:31   SSV
24  14,8  20,3   13:14   7,2   23:59   3,1   0,4   1,8   1,9  11,4   16:14     Z
25  13,5  17,8   12:59   6,8   00:40   4,0   0,0   0,6   1,0   6,1   11:34    JZ
26  16,8  24,7   15:38   8,8   05:57   2,5   1,8   0,0   1,1   5,8   13:11   SSV
27  17,9  24,4   16:34   8,4   05:33   2,2   2,6   0,0   2,4  10,2   13:30   VSV
28  18,2  27,4   16:44   8,4   04:07   2,8   3,6   0,0   1,6   5,8   11:04   JJV
29  20,0  29,6   16:37   8,4   04:29   2,4   4,9   0,0   1,6   7,0   13:26   JJZ
30  22,6  32,4   15:20  14,3   05:25   0,3   5,5   2,4   1,9   7,8   14:50   JJZ
31  22,0  28,3   14:24  16,1   05:16   0,2   4,7   6,3   1,3   6,5   13:14    JZ
----------------------------------------------------------------------------------
    15,8  32,4    30    -2,1    10   108,5  51,6  21,3   1,6  11,9    18     VJV

Max >=  27,0:  6
Max <=   0,0:  0
Min <=   0,0:  1
Min <= -18,0:  0
Max Rain: 6,3 on day 31
Days of Rain: 10 (>= 0,4 mm)  4 (>= 2,0 mm)  0 (>= 20,0 mm)
Heat Base: 17,5  Cool Base: 17,5  Method: Integration



Poslední aktualizace 21.9.2020 20:30:02

Měšíční a roční statistické protokoly ve fromátu NOAA (National Oceanic and Atmospheric Administration)
Original Author: Ken True webmaster@saratoga-weather.org.
Bodged by beteljuice.