Němčany počasí: NOAA reporty

 


NOAA reporty


Report pro 2017 Břez
                   Monthly Climatological Summary for 3 2017

Name: Němčany   City: Němčany   State: Czech Repulic
Elevation: 256 m  Lat: N 49° 10' 12"   Lon: E 016° 54' 59"

                  Temperature (°C), Rain (mm), Wind Speed (m/s)

                                      Heat  Cool        Avg
    Mean                              Deg   Deg         Wind                 Dom
Day Temp  High   Time   Low    Time   Days  Days  Rain  Speed High   Time    Dir
----------------------------------------------------------------------------------
 1   5,4  10,5   15:24   0,7   23:55  12,1   0,0   0,0   1,7  10,2   15:26   ZJZ
 2   6,1  14,9   13:29  -0,3   02:25  11,4   0,0   1,2   2,7  14,6   13:45   ZJZ
 3   6,4  13,5   16:13  -0,9   05:55   9,7   0,0   0,0   2,1  11,2   21:01   JJV
 4  12,1  19,6   14:59   6,2   07:19   5,6   0,2   0,0   3,4  14,3   16:24    JV
 5  11,0  14,3   00:26   7,2   23:55   6,5   0,0   3,0   2,2  11,4   00:40     J
 6   5,9  10,0   16:15   1,2   21:52  11,7   0,0   2,1   1,1   8,2   12:16    JZ
 7   5,1   9,4   12:32   1,8   00:55  12,4   0,0   1,5   0,9   7,0   12:53   ZJZ
 8   5,2  13,0   14:31  -0,8   06:30  12,3   0,0   0,0   0,6   6,1   09:36     J
 9   5,6  12,6   15:20   0,5   00:00  11,9   0,0   2,7   1,0   7,3   12:36   ZJZ
10   5,4   8,7   10:29   2,0   23:21  12,1   0,0   1,5   1,2   8,5   08:47   ZJZ
11   6,3  11,1   15:07   2,5   01:35  11,2   0,0   0,6   1,4   7,8   10:07   VJV
12   4,2   8,5   12:55   0,1   05:55  13,3   0,0   0,0   1,8  10,2   17:15     V
13   5,4  12,0   15:07  -0,1   06:30  12,1   0,0   0,0   1,9  10,2   09:38   VSV
14   4,1  14,1   15:27  -3,0   05:50  13,4   0,0   0,0   0,5   8,5   14:51   ZJZ
15   6,6  12,9   13:51   1,3   23:38  10,9   0,0   0,0   0,8   7,8   13:55     Z
16   7,4  16,5   13:59   0,7   00:57  10,2   0,0   0,0   1,1   9,4   15:40   ZJZ
17   8,4  16,9   14:16  -2,2   06:17   9,2   0,0   0,0   1,7  10,6   10:46   JJZ
18   7,5  10,3   14:21   4,2   07:27  10,0   0,0   8,7   2,9  16,7   15:26     Z
19   6,2  10,9   13:42   1,2   06:07  11,3   0,0   3,9   1,6   7,8   13:55    JZ
20  11,6  17,2   14:22   7,5   00:07   5,9   0,0   0,0   1,4  11,0   12:10     Z
21  10,9  16,9   15:15   5,8   06:13   6,9   0,0   0,0   1,4   8,2   12:28   ZJZ
22   6,9  10,8   00:25   4,8   20:00  10,9   0,0   3,0   3,3  13,1   17:30     V
23   7,6  13,8   15:16   4,5   23:57   9,9   0,0   0,0   1,4   8,5   07:49   VSV
24   7,9  13,4   13:58   3,8   23:39   9,6   0,0   0,0   2,0  10,2   15:44     V
25   6,7  13,7   12:31  -0,7   05:46  10,8   0,0   0,0   0,7   6,5   09:27    SV
26   6,3  11,6   15:32   2,4   23:19  10,8   0,0   0,0   2,3  12,6   09:47   VSV
27   7,1  17,7   15:47  -3,1   06:37  10,4   0,0   0,0   0,7   4,9   00:26   SSZ
28   9,6  21,5   16:41  -1,2   06:52   8,5   0,7   0,0   1,1   7,3   12:39   JJZ
29  13,0  22,3   13:48   3,7   03:16   5,5   1,0   0,0   1,3  10,2   14:27     Z
30  14,0  18,0   14:42  10,0   23:58   3,5   0,0   0,0   0,7   4,9   11:42   VSV
31  13,9  21,7   16:14   4,5   06:09   4,6   1,0   0,0   1,7   8,5   14:31    JV
----------------------------------------------------------------------------------
     7,7  22,3    29    -3,1    27   304,6   2,9  28,2   1,6  16,7    18       J

Max >=  27,0:  0
Max <=   0,0:  0
Min <=   0,0:  9
Min <= -18,0:  0
Max Rain: 8,7 on day 18
Days of Rain: 10 (>= 0,4 mm)  6 (>= 2,0 mm)  0 (>= 20,0 mm)
Heat Base: 17,5  Cool Base: 17,5  Method: Integration



Poslední aktualizace 9.7.2020 21:40:02

Měšíční a roční statistické protokoly ve fromátu NOAA (National Oceanic and Atmospheric Administration)
Original Author: Ken True webmaster@saratoga-weather.org.
Bodged by beteljuice.