Němčany počasí: NOAA reporty

 


NOAA reporty


Report pro 2017 Led
                   Monthly Climatological Summary for 1 2017

Name: Němčany   City: Němčany   State: Czech Repulic
Elevation: 256 m  Lat: N 49° 10' 12"   Lon: E 016° 54' 59"

                  Temperature (°C), Rain (mm), Wind Speed (m/s)

                                      Heat  Cool        Avg
    Mean                              Deg   Deg         Wind                 Dom
Day Temp  High   Time   Low    Time   Days  Days  Rain  Speed High   Time    Dir
----------------------------------------------------------------------------------
 1  -7,7  -5,0   14:24 -11,5   03:31  25,2   0,0   0,0   0,2   3,2   22:20    JV
 2  -5,7  -2,9   23:32  -7,0   04:08  23,2   0,0   0,0   0,6   2,9   03:38   JJZ
 3  -2,5   1,9   15:07  -9,1   05:36  20,0   0,0   0,3   1,6  12,2   14:46   ZJZ
 4   0,7   2,2   15:42  -0,8   00:00  16,8   0,0   0,3   3,5  10,6   16:33    JZ
 5  -2,3   0,6   00:01  -8,3   23:56  21,5   0,0   0,0   1,5   7,3   14:01    JZ
 6  -9,4  -6,2   11:46 -15,0   23:56  26,9   0,0   0,0   1,5   8,2   10:01     V
 7 -14,4  -7,8   13:51 -21,5   07:41  32,4   0,0   0,0   0,5   4,1   15:36   ZSZ
 8 -11,2  -5,5   13:46 -16,8   21:47  28,9   0,0   0,0   1,2   7,3   12:59    SV
 9  -9,8  -5,8   15:21 -13,7   23:59  27,4   0,0   0,0   1,4   7,8   13:08    SV
10 -10,3  -4,6   12:58 -15,7   04:42  28,0   0,0   0,0   1,0   7,3   11:53    JV
11  -9,3  -3,0   15:32 -15,9   05:51  27,3   0,0   0,0   1,2   9,0   20:53    JZ
12  -1,2   5,8   13:44  -6,5   00:09  18,9   0,0   2,4   0,9   5,8   23:20   JJZ
13   1,8   4,0   12:53   0,0   01:59  16,8   0,0   0,0   2,2   9,8   03:15   JJZ
14  -0,7   2,0   00:08  -5,0   23:53  18,2   0,0   0,3   1,2   7,8   18:54   ZJZ
15  -4,5   2,1   14:59  -8,1   03:51  22,0   0,0   0,0   0,7   4,9   15:18    JZ
16  -7,6   0,6   12:59 -12,3   07:45  25,1   0,0   0,0   0,3   3,7   22:16   SSV
17  -3,0   0,5   11:43  -9,6   00:23  20,5   0,0   0,0   2,7   9,8   14:14   VJV
18  -4,7  -2,1   12:38  -9,2   23:56  22,2   0,0   0,0   4,0  12,2   05:56     V
19  -8,1  -2,7   14:07 -12,6   22:56  25,6   0,0   0,0   1,8   8,2   02:36    SV
20 -10,9  -2,9   13:42 -17,0   07:38  28,5   0,0   0,0   0,3   2,9   00:23   JJZ
21  -6,8   2,7   13:53 -12,8   00:49  24,4   0,0   0,0   0,6   6,5   10:58    SV
22  -5,4   3,0   14:07 -11,4   07:22  23,0   0,0   0,0   0,7   7,8   20:49   VJV
23  -3,7  -0,6   20:39  -4,7   20:39  21,2   0,0   0,0   1,4   8,2   00:50    JV
24  -4,4  -3,4   13:16  -5,1   07:47  21,9   0,0   0,0   0,4   5,8   16:52   VSV
25  -1,6  -0,2   13:49  -4,3   00:00  19,0   0,0   0,0   0,8   5,8   14:52     V
26  -2,4   2,1   13:24  -9,4   21:34  20,0   0,0   0,0   1,0   4,9   02:32    SV
27  -6,0   1,5   13:13 -11,4   07:43  24,8   0,0   0,0   1,0   7,0   14:26    JV
28  -6,7  -5,5   13:20  -7,3   05:35  24,2   0,0   0,0   2,0   8,2   02:50     J
29  -6,8  -5,8   13:53  -7,7   23:44  24,3   0,0   0,0   1,7   4,9   21:50   JJZ
30  -7,6  -6,5   23:34  -8,1   08:59  25,2   0,0   0,0   1,9   6,5   15:37   JJZ
31  -4,6  -3,7   14:10  -6,5   00:00  22,1   0,0   8,6   1,6   9,0   11:50     J
----------------------------------------------------------------------------------
    -5,7   5,8    12   -21,5     7   725,5   0,0  11,9   1,3  12,2     3     JJV

Max >=  27,0:  0
Max <=   0,0: 18
Min <=   0,0: 31
Min <= -18,0:  1
Max Rain: 8,6 on day 31
Days of Rain: 2 (>= 0,4 mm)  2 (>= 2,0 mm)  0 (>= 20,0 mm)
Heat Base: 17,5  Cool Base: 17,5  Method: Integration



Poslední aktualizace 8.7.2020 13:10:01

Měšíční a roční statistické protokoly ve fromátu NOAA (National Oceanic and Atmospheric Administration)
Original Author: Ken True webmaster@saratoga-weather.org.
Bodged by beteljuice.