Němčany počasí: NOAA reporty

 


NOAA reporty


Report pro 2016 Pros
                   Monthly Climatological Summary for 12 2016

Name: Němčany   City: Němčany   State: Czech Repulic
Elevation: 256 m  Lat: N 49° 10' 12"   Lon: E 016° 54' 59"

                  Temperature (°C), Rain (mm), Wind Speed (m/s)

                                      Heat  Cool        Avg
    Mean                              Deg   Deg         Wind                 Dom
Day Temp  High   Time   Low    Time   Days  Days  Rain  Speed High   Time    Dir
----------------------------------------------------------------------------------
 1   2,4   4,7   23:50  -0,6   02:11  15,2   0,0   1,2   2,7  11,4   15:44   ZJZ
 2   3,3   6,4   10:07  -3,0   23:20  14,2   0,0   2,7   2,5  14,6   04:14     Z
 3  -0,8   6,5   13:20  -6,0   23:28  18,4   0,0   0,0   0,5   5,8   11:20    SV
 4  -4,5   1,2   14:20  -7,8   05:18  22,0   0,0   0,0   0,9   5,3   09:16     S
 5  -3,1   2,3   12:07  -8,0   05:21  20,7   0,0   0,0   1,2   7,0   06:58    JZ
 6  -1,4   1,9   14:13  -3,2   00:22  18,9   0,0   0,0   0,6   5,8   11:51     Z
 7  -1,6   4,1   11:36  -5,9   07:49  19,2   0,0   0,0   0,3   3,7   13:43     J
 8  -1,7  -1,1   03:19  -2,5   23:56  19,9   0,0   0,0   3,0   7,3   13:43   JJZ
 9  -0,9   4,0   20:54  -3,1   08:18  18,7   0,0   0,0   0,9   5,3   20:36   JJZ
10   4,4   9,3   14:13   0,6   00:00  13,2   0,0   0,0   0,7   5,8   12:15    JZ
11   3,4   9,0   14:55  -1,6   07:42  14,1   0,0   0,0   1,7  14,3   14:59   ZJZ
12   3,3   9,3   13:13  -5,0   23:21  14,2   0,0   2,1   1,9  10,2   13:16    JZ
13  -3,8  -0,6   11:49  -8,9   07:22  21,3   0,0   0,0   0,7   4,4   14:09   JJZ
14  -2,6  -1,0   17:27  -4,9   20:41  20,1   0,0   0,0   1,0   4,4   08:39   JJZ
15  -0,8   2,2   13:41  -6,3   01:10  18,3   0,0   0,0   0,8   7,8   19:43   VSV
16  -1,8   1,1   14:07  -5,8   23:55  19,3   0,0   0,3   0,6   6,1   04:59   SSV
17  -4,4  -2,0   20:43  -8,3   07:18  21,9   0,0   0,0   0,5   4,4   12:41    JZ
18  -0,5   0,6   13:31  -2,2   00:00  18,0   0,0   0,7   0,2   2,4   03:50   JJV
19  -0,7   0,8   12:26  -2,7   22:15  18,3   0,0   0,0   0,7   6,1   21:10     J
20  -2,8  -1,9   13:23  -3,5   19:48  20,3   0,0  13,2   0,8   4,9   07:11   JJV
21  -3,8  -3,1   00:11  -4,3   06:57  21,3   0,0   0,3   1,2   6,1   04:53   JJV
22  -4,1   2,3   05:52  -4,2   22:46   1,9   0,0   0,0   2,3   3,7   05:24    JZ
23  -3,4  -2,0   23:21  -4,6   06:11  20,9   0,0   0,0   1,0   3,7   01:36   JJZ
24  -0,6   0,8   18:51  -2,0   00:01  18,1   0,0   0,0   1,6   6,1   09:16   JJZ
25   3,3   6,3   23:56  -0,1   00:16  14,4   0,0   1,2   1,3   9,0   23:58   ZJZ
26   6,9  10,1   13:07   4,0   23:58  10,6   0,0   0,0   1,5  11,9   20:52     Z
27   3,8   5,8   13:51   2,2   05:07  13,7   0,0   0,9   3,3  15,5   15:55     Z
28   1,9   6,3   13:07  -2,0   23:40  15,6   0,0   0,0   1,0   8,2   13:28   JJZ
29  -1,2   3,6   11:00  -6,8   23:53  18,7   0,0   0,0   0,9   8,2   11:25    SV
30  -4,5   3,5   14:53  -8,6   06:36  22,1   0,0   0,0   0,2   2,9   06:53     J
31  -6,6  -1,6   13:40  -9,3   22:50  24,1   0,0   0,0   0,2   2,4   13:48   VJV
----------------------------------------------------------------------------------
    -0,7  10,1    26    -9,3    31   547,6   0,0  22,6   1,2  15,5    27      JZ

Max >=  27,0:  0
Max <=   0,0:  8
Min <=   0,0: 28
Min <= -18,0:  0
Max Rain: 13,2 on day 20
Days of Rain: 7 (>= 0,4 mm)  3 (>= 2,0 mm)  0 (>= 20,0 mm)
Heat Base: 17,5  Cool Base: 17,5  Method: Integration



Poslední aktualizace 24.11.2020 11:10:01

Měšíční a roční statistické protokoly ve fromátu NOAA (National Oceanic and Atmospheric Administration)
Original Author: Ken True webmaster@saratoga-weather.org.
Bodged by beteljuice.