Němčany počasí: NOAA reporty

 


NOAA reporty


Report pro 2016 List
                   Monthly Climatological Summary for 11 2016

Name: Němčany   City: Němčany   State: Czech Repulic
Elevation: 256 m  Lat: N 49° 10' 12"   Lon: E 016° 54' 59"

                  Temperature (°C), Rain (mm), Wind Speed (m/s)

                                      Heat  Cool        Avg
    Mean                              Deg   Deg         Wind                 Dom
Day Temp  High   Time   Low    Time   Days  Days  Rain  Speed High   Time    Dir
----------------------------------------------------------------------------------
 1   8,9  14,7   14:59   5,4   00:00   8,6   0,0   0,0   0,8   5,3   14:47   JJZ
 2   6,1  10,5   14:27   2,5   22:11  11,4   0,0   0,0   1,1  10,6   13:47   ZJZ
 3   2,8   8,6   12:25  -4,1   23:37  14,7   0,0   0,3   1,1  12,2   13:20     Z
 4   2,0   7,8   13:20  -4,5   01:22  15,5   0,0   0,0   1,0   8,2   22:18   VJV
 5   6,6   9,7   12:31   2,7   06:12  10,9   0,0   0,0   1,6   8,5   09:27   JJV
 6   7,5   9,7   00:11   4,5   23:14  10,0   0,0   9,0   0,6   5,3   11:10   JJZ
 7   3,8   7,9   13:42  -0,9   23:40  13,8   0,0   0,0   0,8   6,1   14:47    JZ
 8   0,9   7,4   13:46  -3,2   23:57  16,7   0,0   0,3   0,4   4,9   12:13    SV
 9  -1,1   7,9   14:09  -4,2   07:20  18,6   0,0   0,0   0,9   6,1   12:55     S
10   0,6   5,5   14:52  -3,5   00:31  16,9   0,0   2,1   1,4   8,2   16:08     Z
11   3,6   7,0   13:35  -0,4   05:22  13,9   0,0   0,3   2,0  10,2   23:42    SV
12   1,2   2,6   00:00   0,3   23:48  16,4   0,0   0,0   2,3   9,0   00:37   VJV
13   0,6   5,3   14:26  -2,4   07:10  16,9   0,0   0,0   1,1   9,4   09:42   VJV
14   0,9   5,2   13:07  -4,2   23:21  16,6   0,0   0,0   1,1   8,2   13:09    SV
15  -1,8   2,6   13:28  -5,9   07:24  19,3   0,0   0,0   0,9   7,8   12:49   JJZ
16   1,2   2,3   12:23   0,0   00:10  16,0   0,0   7,5   0,7   5,3   22:09     J
17   3,1   4,4   23:32   2,0   00:00  14,4   0,0   1,8   1,3   6,5   12:21     J
18   6,9  10,6   18:40   3,1   03:07  10,6   0,0   0,0   1,4  10,2   17:35   JJV
19   8,1  10,8   15:26   5,3   05:34   9,4   0,0   9,6   2,0  12,2   12:55   JJV
20   8,3  11,6   14:24   2,9   04:07   9,2   0,0   0,0   2,0  13,1   17:28   VJV
21  10,7  15,0   13:13   9,0   08:13   6,8   0,0   0,0   4,3  18,4   19:57   VJV
22  10,5  14,8   13:39   7,9   23:51   7,0   0,0   0,0   3,3  16,0   00:14   VJV
23   9,2  10,8   13:45   7,4   01:07   8,5   0,0   0,0   1,3   7,0   01:26    JV
24   7,8   9,0   00:00   7,1   16:44  11,5   0,0   0,3   1,0   7,0   00:39   VJV
25   6,4   8,0   01:07   5,0   23:36  11,4   0,0   0,3   3,6  11,0   15:16   VSV
26   6,5   9,5   12:00   4,8   03:13  11,0   0,0   0,0   1,6   8,2   02:20   SSV
27   4,7   7,5   11:57  -0,4   23:08  12,9   0,0   0,0   1,4   8,5   08:29     Z
28  -0,3   3,4   13:15  -3,9   03:45  17,9   0,0   1,5   1,1   7,8   12:40   ZJZ
29  -1,4   5,0   13:37  -6,6   07:39  19,0   0,0   0,3   0,8   6,5   12:36     Z
30  -3,5  -0,4   23:42  -8,1   05:51  21,0   0,0   0,0   0,7   5,8   11:09   JJZ
----------------------------------------------------------------------------------
     4,0  15,0    21    -8,1    30   406,8   0,0  33,3   1,5  18,4    21      JV

Max >=  27,0:  0
Max <=   0,0:  1
Min <=   0,0: 15
Min <= -18,0:  0
Max Rain: 9,6 on day 19
Days of Rain: 6 (>= 0,4 mm)  4 (>= 2,0 mm)  0 (>= 20,0 mm)
Heat Base: 17,5  Cool Base: 17,5  Method: Integration



Poslední aktualizace 23.10.2020 14:00:02

Měšíční a roční statistické protokoly ve fromátu NOAA (National Oceanic and Atmospheric Administration)
Original Author: Ken True webmaster@saratoga-weather.org.
Bodged by beteljuice.