Němčany počasí: NOAA reporty

 


NOAA reporty


Report pro 2016 Říj
                   Monthly Climatological Summary for 10 2016

Name: Němčany   City: Němčany   State: Czech Repulic
Elevation: 256 m  Lat: N 49° 10' 12"   Lon: E 016° 54' 59"

                  Temperature (°C), Rain (mm), Wind Speed (m/s)

                                      Heat  Cool        Avg
    Mean                              Deg   Deg         Wind                 Dom
Day Temp  High   Time   Low    Time   Days  Days  Rain  Speed High   Time    Dir
----------------------------------------------------------------------------------
 1  17,7  26,1   14:35  11,4   05:45   2,2   2,4   0,0   0,8   7,0   14:43   JJV
 2  14,6  19,1   14:59   9,5   05:32   3,2   0,2   0,6   0,4   4,4   12:45    JZ
 3  13,3  17,3   15:24  10,9   06:10   4,2   0,0   5,4   0,9   7,0   17:55     Z
 4  10,9  14,0   15:55   7,7   23:56   6,6   0,0  15,3   1,4  11,9   16:28     J
 5   7,5  10,7   13:22   4,9   06:13  20,1   0,0   0,6   1,9  11,4   11:45   ZJZ
 6   7,6  11,2   13:36   3,6   23:59   9,9   0,0   0,0   1,3   7,8   13:45     Z
 7   5,1  10,7   16:09   0,2   06:26  12,4   0,0   0,0   1,2   7,8   11:19    SV
 8   5,8  10,0   14:12   0,9   03:39  11,6   0,0   0,0   0,5   4,9   13:23   JJZ
 9   7,8  11,3   15:32   5,3   21:28   9,7   0,0   0,9   0,3   6,1   16:50   JJZ
10   8,1  11,4   15:40   5,6   23:26   9,4   0,0   0,0   0,7   4,9   11:31    SV
11   6,6   8,3   12:57   4,4   02:46  10,9   0,0   2,7   0,7   5,3   20:49   VJV
12   7,6   9,3   15:07   6,3   06:41   9,9   0,0   0,6   1,2   5,8   16:10   JJV
13   7,4   8,4   11:59   6,3   23:50  10,1   0,0   0,0   2,4  10,2   12:14   VSV
14   9,6  12,0   17:26   6,2   00:23   7,9   0,0   0,0   2,8  12,2   12:25   VJV
15  12,5  18,3   15:30   9,3   03:39   5,0   0,0   0,0   2,0  10,6   08:57    JV
16  11,5  18,2   12:33   6,8   23:57   6,1   0,0   0,0   0,9   8,5   20:07     V
17   7,7  10,3   21:17   4,4   07:33   9,9   0,0   0,0   1,3   9,8   22:35   VSV
18   8,5  10,0   00:00   7,5   20:14   9,0   0,0   7,5   1,3  10,2   00:21    JV
19   8,7  10,3   15:33   7,5   00:00   8,8   0,0   4,2   1,0   7,0   21:53   JJV
20   7,9   9,0   13:20   5,8   23:55   9,6   0,0   6,0   0,6   4,4   01:28   VJV
21   5,8   8,7   16:47   3,7   06:29  11,8   0,0   0,3   0,3   4,1   15:20   JJZ
22   6,1  12,0   16:13   2,1   07:41  11,4   0,0   0,0   0,7   5,8   14:33   JJZ
23   8,5  12,1   17:13   3,8   03:56   9,0   0,0   0,0   1,6  10,2   17:49   VJV
24  11,6  16,2   15:07   9,2   00:00   5,9   0,0   0,0   1,4   6,5   03:48   JJV
25  13,0  16,0   14:47   9,6   04:56   4,5   0,0   0,0   0,9   7,3   12:20    JZ
26  10,3  14,6   12:52   5,2   23:55   7,2   0,0   0,0   1,3   7,8   14:21    SV
27   6,2  11,4   14:51   1,1   23:54  11,3   0,0   0,0   0,3   4,1   12:10     J
28   5,7  11,7   16:34  -0,2   06:29  11,8   0,0   0,6   0,6   5,3   12:22    JZ
29  10,1  13,3   15:21   6,8   23:22   7,4   0,0   0,3   1,4  11,0   12:27     Z
30   7,4  13,0   13:52   1,3   23:59  10,5   0,0   0,6   1,2   9,8   13:56     Z
31   5,3  12,7   15:36   0,3   05:16  12,2   0,0   0,0   0,6   6,5   11:27     Z
----------------------------------------------------------------------------------
     8,9  26,1     1    -0,2    28   279,5   2,6  45,6   1,1  12,2    14     JJV

Max >=  27,0:  0
Max <=   0,0:  0
Min <=   0,0:  1
Min <= -18,0:  0
Max Rain: 15,3 on day 4
Days of Rain: 12 (>= 0,4 mm)  6 (>= 2,0 mm)  0 (>= 20,0 mm)
Heat Base: 17,5  Cool Base: 17,5  Method: Integration



Poslední aktualizace 23.10.2020 13:40:02

Měšíční a roční statistické protokoly ve fromátu NOAA (National Oceanic and Atmospheric Administration)
Original Author: Ken True webmaster@saratoga-weather.org.
Bodged by beteljuice.