Němčany počasí: NOAA reporty

 


NOAA reporty


Report pro 2016 Zář
                   Monthly Climatological Summary for 9 2016

Name: Němčany   City: Němčany   State: Czech Repulic
Elevation: 256 m  Lat: N 49° 10' 12"   Lon: E 016° 54' 59"

                  Temperature (°C), Rain (mm), Wind Speed (m/s)

                                      Heat  Cool        Avg
    Mean                              Deg   Deg         Wind                 Dom
Day Temp  High   Time   Low    Time   Days  Days  Rain  Speed High   Time    Dir
----------------------------------------------------------------------------------
 1  19,7  29,3   15:57  10,6   06:34   1,9   4,1   0,0   0,6   5,3   08:26   JJZ
 2  19,6  28,8   14:12  13,0   05:12   1,4   3,4   0,3   0,4   6,5   15:11    SV
 3  20,3  29,3   14:40  12,2   06:16   1,5   4,3   0,0   0,8   6,5   15:13   JJZ
 4  21,6  30,3   14:24  12,2   06:09   1,1   5,2   0,3   1,6   9,8   12:29    JZ
 5  18,1  22,4   12:58  14,0   23:25   0,7   1,2   8,7   1,3   9,8   01:16   ZJZ
 6  17,0  19,7   12:17  15,1   00:00   0,8   0,3   0,0   2,0  10,6   12:15   VJV
 7  20,2  27,8   15:56  14,3   06:19   0,7   3,4   0,0   1,4   7,8   09:11    SV
 8  21,3  30,4   16:09  14,5   06:39   0,6   4,4   0,0   1,1   6,1   14:04     J
 9  22,0  31,4   16:32  14,1   06:38   0,8   5,3   0,0   0,7   6,1   13:43    JZ
10  22,5  31,8   16:56  15,4   05:57   0,4   5,4   0,0   0,6   5,8   09:13     V
11  23,0  32,0   15:12  15,6   06:22   0,3   5,8   0,0   0,9   7,0   13:49   JJZ
12  23,6  33,2   16:11  15,8   04:48   0,3   6,5   0,0   1,0   5,3   11:24   SSV
13  23,7  32,2   15:40  16,5   06:52   0,1   6,4   0,0   1,2   6,5   09:40    SV
14  22,9  30,4   14:58  17,2   06:24   0,0   5,4   0,0   1,9   7,8   13:58    SV
15  21,1  30,0   15:13  12,9   06:49   0,8   4,5   0,0   1,3   7,3   15:54   VJV
16  21,5  28,0   15:07  16,1   06:55   0,2   4,2   0,0   1,3   7,0   04:21     V
17  18,8  23,1   15:21  13,9   23:37   0,4   1,7   0,6   2,2   7,0   04:21     J
18  15,8  20,4   16:46  11,5   05:37   2,1   0,4   0,0   0,8   5,8   14:11     V
19  15,6  19,4   11:33  13,5   20:20   2,1   0,2   0,0   1,8   8,5   10:35     V
20  13,0  18,9   14:13   6,9   06:36   4,6   0,0   0,0   1,1   9,4   15:57     V
21  13,3  20,2   14:21   9,2   23:25   4,4   0,1   1,5   0,7   9,4   17:52   VSV
22  12,2  19,8   13:58   5,8   07:14   5,6   0,3   0,0   0,6   6,5   13:13    SV
23  11,7  22,2   15:38   3,2   06:25   6,4   0,6   0,0   0,6   8,5   14:23    JZ
24  13,5  22,8   16:22   5,8   06:39   5,0   1,0   0,0   0,6   5,8   13:44    JZ
25  15,5  23,2   15:34   9,0   06:43   3,2   1,2   0,0   1,6   7,0   09:45   SSV
26  14,9  23,3   15:11   7,8   06:42   4,0   1,4   0,0   0,7   5,3   13:34     J
27  14,8  24,8   15:16   8,3   06:49   4,4   1,7   0,0   0,7   6,5   14:09    JZ
28  14,3  23,0   15:09   5,2   06:40   4,5   1,3   0,0   1,2   8,2   16:24    JZ
29  18,6  26,5   16:43  13,3   07:54   1,2   2,3   0,0   1,5   8,2   16:24   JJZ
30  18,2  27,7   15:27   9,8   05:36   2,4   3,1   0,0   1,0   8,2   12:40   JJZ
----------------------------------------------------------------------------------
    18,3  33,2    12     3,2    23    61,9  85,1  11,4   1,1  10,6     6      JV

Max >=  27,0: 15
Max <=   0,0:  0
Min <=   0,0:  0
Min <= -18,0:  0
Max Rain: 8,7 on day 5
Days of Rain: 3 (>= 0,4 mm)  1 (>= 2,0 mm)  0 (>= 20,0 mm)
Heat Base: 17,5  Cool Base: 17,5  Method: Integration



Poslední aktualizace 23.10.2020 14:30:01

Měšíční a roční statistické protokoly ve fromátu NOAA (National Oceanic and Atmospheric Administration)
Original Author: Ken True webmaster@saratoga-weather.org.
Bodged by beteljuice.